-- Table structure for table `lipping_patties`
--

CREATE TABLE `lipping_patties` (
  `id` int NOT NULL AUTO_INCREMENT,
  `order_no` int NOT NULL,
  `door_id` int DEFAULT NULL,
  `clubed_height` double DEFAULT NULL,
  `clubed_width` double DEFAULT NULL,
  `clubed_width_left` double DEFAULT NULL,
  `clubed_width_right` double DEFAULT NULL,
  `clubed_qty` int DEFAULT NULL,
  `processed_qty` int DEFAULT '0',
  `available_qty` int DEFAULT NULL,
  `door_type` int DEFAULT NULL,
  `grouped_status` int DEFAULT NULL COMMENT '1=no,2=yes',
  `product_name` int DEFAULT NULL,
  `details` varchar(255) COLLATE utf8mb4_general_ci DEFAULT NULL,
  `rate` int DEFAULT NULL,
  `lipping_patti` int DEFAULT NULL,
  `side_patti` int DEFAULT NULL,
  `core` int DEFAULT NULL,
  `filler` int DEFAULT NULL,
  `datti` int DEFAULT NULL,
  `face` int DEFAULT NULL,
  `installation_charge` int DEFAULT NULL,
  `vision_height` double DEFAULT NULL,
  `vision_width` double DEFAULT NULL,
  `vision_door_position1` int DEFAULT NULL,
  `vision` int NOT NULL,
  `vision_door` int DEFAULT NULL,
  `vision_door_position1_left` int DEFAULT NULL,
  `vision_door_position1_right` int DEFAULT NULL,
  `vision_door_position2_left` int DEFAULT NULL,
  `vision_door_position2_right` int DEFAULT NULL,
  `vision_height_left` double DEFAULT NULL,
  `vision_height_right` double DEFAULT NULL,
  `vision_width_left` double DEFAULT NULL,
  `vision_width_right` double DEFAULT NULL,
  `vision_door_position2` int DEFAULT NULL,
  `double_packing` int DEFAULT NULL,
  `order_split_by` int DEFAULT NULL,
  `laminate_company` int DEFAULT NULL,
  `front_laminate` int DEFAULT NULL,
  `back_laminate` int DEFAULT NULL,
  `door_name` varchar(255) COLLATE utf8mb4_general_ci NOT NULL,
  `pm_product_type` varchar(255) COLLATE utf8mb4_general_ci NOT NULL,
  `pm_material_name` varchar(255) COLLATE utf8mb4_general_ci NOT NULL,
  `pm_thickness` varchar(255) COLLATE utf8mb4_general_ci NOT NULL,
  `pm_frame_name` varchar(255) COLLATE utf8mb4_general_ci NOT NULL,
  `pm_filler_name` varchar(255) COLLATE utf8mb4_general_ci NOT NULL,
  `pm_face_name` varchar(255) COLLATE utf8mb4_general_ci NOT NULL,
  `pm_resin_name` varchar(255) COLLATE utf8mb4_general_ci NOT NULL,
  `pm_core` varchar(255) COLLATE utf8mb4_general_ci NOT NULL,
  `pm_margin` varchar(255) COLLATE utf8mb4_general_ci NOT NULL,
  `pm_product_name` varchar(255) COLLATE utf8mb4_general_ci NOT NULL,
  `pm_print_name` varchar(255) COLLATE utf8mb4_general_ci NOT NULL,
  `pm_billing_unit` varchar(255) COLLATE utf8mb4_general_ci NOT NULL,
  `productName` varchar(255) COLLATE utf8mb4_general_ci DEFAULT NULL,
  `lipping_patti_name` varchar(255) COLLATE utf8mb4_general_ci DEFAULT NULL,
  `side_patti_name` varchar(255) COLLATE utf8mb4_general_ci DEFAULT NULL,
  `core_name` varchar(255) COLLATE utf8mb4_general_ci DEFAULT NULL,
  `laminate_company_name` varchar(255) COLLATE utf8mb4_general_ci DEFAULT NULL,
  `front_company` int DEFAULT NULL,
  `back_company` int DEFAULT NULL,
  `front_company_name` varchar(255) COLLATE utf8mb4_general_ci DEFAULT NULL,
  `back_company_name` varchar(255) COLLATE utf8mb4_general_ci DEFAULT NULL,
  `front_cost` double DEFAULT NULL,
  `back_cost` double DEFAULT NULL,
  `filler_name` varchar(255) COLLATE utf8mb4_general_ci DEFAULT NULL,
  `batten_thickness` varchar(255) COLLATE utf8mb4_general_ci DEFAULT NULL,
  `front_laminate_name` varchar(255) COLLATE utf8mb4_general_ci DEFAULT NULL,
  `back_laminate_name` varchar(255) COLLATE utf8mb4_general_ci DEFAULT NULL,
  `front_laminate_items` longtext COLLATE utf8mb4_general_ci,
  `back_laminate_items` longtext COLLATE utf8mb4_general_ci,
  `door_clubed_config_id` int DEFAULT NULL,
  `work_order_id` int DEFAULT NULL,
  `work_order_status` int DEFAULT NULL,
  `contractor_id` int DEFAULT NULL,
  `contractor_name` varchar(255) COLLATE utf8mb4_general_ci DEFAULT NULL,
  `sub_process_id` int DEFAULT NULL,
  `parent_id` int NOT NULL DEFAULT '-1',
  `actual_qty` int NOT NULL,
  `priority` int NOT NULL DEFAULT '1',
  `created_by` int NOT NULL,
  `modified_by` int DEFAULT NULL,
  `created` datetime NOT NULL,
  `modified` datetime NOT NULL,
  `grooving_rate` int DEFAULT NULL,
  `grooving` int DEFAULT NULL,
  PRIMARY KEY (`id`)
) ENGINE=InnoDB AUTO_INCREMENT=29 DEFAULT CHARSET=utf8mb4 COLLATE=utf8mb4_general_ci;

--
-- Dumping data for table `lipping_patties`
--

INSERT INTO `lipping_patties` VALUES (1,60,9,2090,675,NULL,NULL,1,0,NULL,NULL,2,13,'-',1,2,3,2,2,NULL,NULL,0,NULL,NULL,NULL,1,NULL,NULL,NULL,NULL,NULL,NULL,NULL,NULL,NULL,NULL,0,NULL,NULL,NULL,NULL,'1','Laminated Door','Pine','26','NEW PINE FRAME','Wood Pine','W/o Face','MUF','2.5 ','15','30 MM BWP PINE LAMINATED DOOR','30 MM BWP PINE LAMINATED','1','30 MM BWP PINE LAMINATED DOOR','Lipping Patti','NEW PINE FRAME','2.5 ',NULL,1,1,'Aica','Aica',1,1,'Wood Pine','26','not_applicable','not_applicable','','',14,53,1,6,'AKLA',4,-1,1,1,2,2,'2024-02-28 12:45:50','2024-02-29 11:14:52',NULL,2),(2,60,9,2130,680,NULL,NULL,1,0,NULL,NULL,2,13,'-',1,2,3,2,2,NULL,NULL,0,NULL,NULL,NULL,1,NULL,NULL,NULL,NULL,NULL,NULL,NULL,NULL,NULL,NULL,0,NULL,NULL,NULL,NULL,'1','Laminated Door','Pine','26','NEW PINE FRAME','Wood Pine','W/o Face','MUF','2.5 ','15','30 MM BWP PINE LAMINATED DOOR','30 MM BWP PINE LAMINATED','1','30 MM BWP PINE LAMINATED DOOR','Lipping Patti','NEW PINE FRAME','2.5 ',NULL,1,1,'Aica','Aica',1,1,'Wood Pine','26','not_applicable','not_applicable','','',14,53,1,6,'AKLA',4,-1,1,1,2,2,'2024-02-28 12:45:50','2024-02-29 11:14:52',NULL,2),(3,60,9,2130,675,NULL,NULL,1,0,NULL,NULL,2,13,'-',1,2,3,2,2,NULL,NULL,0,NULL,NULL,NULL,1,NULL,NULL,NULL,NULL,NULL,NULL,NULL,NULL,NULL,NULL,0,NULL,NULL,NULL,NULL,'1','Laminated Door','Pine','26','NEW PINE FRAME','Wood Pine','W/o Face','MUF','2.5 ','15','30 MM BWP PINE LAMINATED DOOR','30 MM BWP PINE LAMINATED','1','30 MM BWP PINE LAMINATED DOOR','Lipping Patti','NEW PINE FRAME','2.5 ',NULL,1,1,'Aica','Aica',1,1,'Wood Pine','26','not_applicable','not_applicable','','',14,53,1,6,'AKLA',4,-1,1,1,2,2,'2024-02-28 12:45:51','2024-02-29 11:14:52',NULL,2),(4,60,9,2045,685,NULL,NULL,1,0,NULL,NULL,2,13,'-',1,2,3,2,2,NULL,NULL,0,NULL,NULL,NULL,1,NULL,NULL,NULL,NULL,NULL,NULL,NULL,NULL,NULL,NULL,0,NULL,NULL,NULL,NULL,'1','Laminated Door','Pine','26','NEW PINE FRAME','Wood Pine','W/o Face','MUF','2.5 ','15','30 MM BWP PINE LAMINATED DOOR','30 MM BWP PINE LAMINATED','1','30 MM BWP PINE LAMINATED DOOR','Lipping Patti','NEW PINE FRAME','2.5 ',NULL,1,1,'Aica','Aica',1,1,'Wood Pine','26','not_applicable','not_applicable','','',14,53,1,6,'AKLA',4,-1,1,1,2,2,'2024-02-28 12:45:51','2024-02-29 11:14:52',NULL,2),(5,60,9,2045,680,NULL,NULL,1,0,NULL,NULL,2,13,'-',1,2,3,2,2,NULL,NULL,0,NULL,NULL,NULL,1,NULL,NULL,NULL,NULL,NULL,NULL,NULL,NULL,NULL,NULL,0,NULL,NULL,NULL,NULL,'1','Laminated Door','Pine','26','NEW PINE FRAME','Wood Pine','W/o Face','MUF','2.5 ','15','30 MM BWP PINE LAMINATED DOOR','30 MM BWP PINE LAMINATED','1','30 MM BWP PINE LAMINATED DOOR','Lipping Patti','NEW PINE FRAME','2.5 ',NULL,1,1,'Aica','Aica',1,1,'Wood Pine','26','not_applicable','not_applicable','','',14,53,1,6,'AKLA',4,-1,1,1,2,2,'2024-02-28 12:45:51','2024-02-29 11:14:52',NULL,2),(6,60,9,2170,680,NULL,NULL,1,0,NULL,NULL,2,13,'-',1,2,3,2,2,NULL,NULL,0,NULL,NULL,NULL,1,NULL,NULL,NULL,NULL,NULL,NULL,NULL,NULL,NULL,NULL,0,NULL,NULL,NULL,NULL,'1','Laminated Door','Pine','26','NEW PINE FRAME','Wood Pine','W/o Face','MUF','2.5 ','15','30 MM BWP PINE LAMINATED DOOR','30 MM BWP PINE LAMINATED','1','30 MM BWP PINE LAMINATED DOOR','Lipping Patti','NEW PINE FRAME','2.5 ',NULL,1,1,'Aica','Aica',1,1,'Wood Pine','26','not_applicable','not_applicable','','',14,53,1,6,'AKLA',4,-1,1,1,2,2,'2024-02-28 12:45:51','2024-02-29 11:14:52',NULL,2),(7,60,9,2160,670,NULL,NULL,1,0,NULL,NULL,2,13,'-',1,2,3,2,2,NULL,NULL,0,NULL,NULL,NULL,1,NULL,NULL,NULL,NULL,NULL,NULL,NULL,NULL,NULL,NULL,0,NULL,NULL,NULL,NULL,'1','Laminated Door','Pine','26','NEW PINE FRAME','Wood Pine','W/o Face','MUF','2.5 ','15','30 MM BWP PINE LAMINATED DOOR','30 MM BWP PINE LAMINATED','1','30 MM BWP PINE LAMINATED DOOR','Lipping Patti','NEW PINE FRAME','2.5 ',NULL,1,1,'Aica','Aica',1,1,'Wood Pine','26','not_applicable','not_applicable','','',14,53,1,6,'AKLA',4,-1,1,1,2,2,'2024-02-28 12:45:51','2024-02-29 11:14:52',NULL,2),(8,60,9,2165,675,NULL,NULL,1,0,NULL,NULL,2,13,'-',1,2,3,2,2,NULL,NULL,0,NULL,NULL,NULL,1,NULL,NULL,NULL,NULL,NULL,NULL,NULL,NULL,NULL,NULL,0,NULL,NULL,NULL,NULL,'1','Laminated Door','Pine','26','NEW PINE FRAME','Wood Pine','W/o Face','MUF','2.5 ','15','30 MM BWP PINE LAMINATED DOOR','30 MM BWP PINE LAMINATED','1','30 MM BWP PINE LAMINATED DOOR','Lipping Patti','NEW PINE FRAME','2.5 ',NULL,1,1,'Aica','Aica',1,1,'Wood Pine','26','not_applicable','not_applicable','','',14,53,1,6,'AKLA',4,-1,1,1,2,2,'2024-02-28 12:45:51','2024-02-29 11:14:52',NULL,2),(9,60,9,2110,690,NULL,NULL,1,0,NULL,NULL,2,13,'-',1,2,3,2,2,NULL,NULL,0,NULL,NULL,NULL,1,NULL,NULL,NULL,NULL,NULL,NULL,NULL,NULL,NULL,NULL,0,NULL,NULL,NULL,NULL,'1','Laminated Door','Pine','26','NEW PINE FRAME','Wood Pine','W/o Face','MUF','2.5 ','15','30 MM BWP PINE LAMINATED DOOR','30 MM BWP PINE LAMINATED','1','30 MM BWP PINE LAMINATED DOOR','Lipping Patti','NEW PINE FRAME','2.5 ',NULL,1,1,'Aica','Aica',1,1,'Wood Pine','26','not_applicable','not_applicable','','',14,53,1,6,'AKLA',4,-1,1,1,2,2,'2024-02-28 12:45:51','2024-02-29 11:14:52',NULL,2),(10,60,9,2120,675,NULL,NULL,1,0,NULL,NULL,2,13,'-',1,2,3,2,2,NULL,NULL,0,NULL,NULL,NULL,1,NULL,NULL,NULL,NULL,NULL,NULL,NULL,NULL,NULL,NULL,0,NULL,NULL,NULL,NULL,'1','Laminated Door','Pine','26','NEW PINE FRAME','Wood Pine','W/o Face','MUF','2.5 ','15','30 MM BWP PINE LAMINATED DOOR','30 MM BWP PINE LAMINATED','1','30 MM BWP PINE LAMINATED DOOR','Lipping Patti','NEW PINE FRAME','2.5 ',NULL,1,1,'Aica','Aica',1,1,'Wood Pine','26','not_applicable','not_applicable','','',14,53,1,6,'AKLA',4,-1,1,1,2,2,'2024-02-28 12:45:51','2024-02-29 11:14:52',NULL,2),(11,60,9,2000,675,NULL,NULL,1,0,NULL,NULL,2,13,'-',1,2,3,2,2,NULL,NULL,0,NULL,NULL,NULL,1,NULL,NULL,NULL,NULL,NULL,NULL,NULL,NULL,NULL,NULL,0,NULL,NULL,NULL,NULL,'1','Laminated Door','Pine','26','NEW PINE FRAME','Wood Pine','W/o Face','MUF','2.5 ','15','30 MM BWP PINE LAMINATED DOOR','30 MM BWP PINE LAMINATED','1','30 MM BWP PINE LAMINATED DOOR','Lipping Patti','NEW PINE FRAME','2.5 ',NULL,1,1,'Aica','Aica',1,1,'Wood Pine','26','not_applicable','not_applicable','','',14,53,1,6,'AKLA',4,-1,1,1,2,2,'2024-02-28 12:45:51','2024-02-29 11:14:52',NULL,2),(12,60,9,2010,680,NULL,NULL,1,0,NULL,NULL,2,13,'-',1,2,3,2,2,NULL,NULL,0,NULL,NULL,NULL,1,NULL,NULL,NULL,NULL,NULL,NULL,NULL,NULL,NULL,NULL,0,NULL,NULL,NULL,NULL,'1','Laminated Door','Pine','26','NEW PINE FRAME','Wood Pine','W/o Face','MUF','2.5 ','15','30 MM BWP PINE LAMINATED DOOR','30 MM BWP PINE LAMINATED','1','30 MM BWP PINE LAMINATED DOOR','Lipping Patti','NEW PINE FRAME','2.5 ',NULL,1,1,'Aica','Aica',1,1,'Wood Pine','26','not_applicable','not_applicable','','',14,53,1,6,'AKLA',4,-1,1,1,2,2,'2024-02-28 12:45:51','2024-02-29 11:14:52',NULL,2),(13,60,9,2105,685,NULL,NULL,1,0,NULL,NULL,2,13,'-',1,2,3,2,2,NULL,NULL,0,NULL,NULL,NULL,1,NULL,NULL,NULL,NULL,NULL,NULL,NULL,NULL,NULL,NULL,0,NULL,NULL,NULL,NULL,'1','Laminated Door','Pine','26','NEW PINE FRAME','Wood Pine','W/o Face','MUF','2.5 ','15','30 MM BWP PINE LAMINATED DOOR','30 MM BWP PINE LAMINATED','1','30 MM BWP PINE LAMINATED DOOR','Lipping Patti','NEW PINE FRAME','2.5 ',NULL,1,1,'Aica','Aica',1,1,'Wood Pine','26','not_applicable','not_applicable','','',14,53,1,6,'AKLA',4,-1,1,1,2,2,'2024-02-28 12:45:51','2024-02-29 11:14:52',NULL,2),(14,60,9,2075,675,NULL,NULL,1,0,NULL,NULL,2,13,'-',1,2,3,2,2,NULL,NULL,0,NULL,NULL,NULL,1,NULL,NULL,NULL,NULL,NULL,NULL,NULL,NULL,NULL,NULL,0,NULL,NULL,NULL,NULL,'1','Laminated Door','Pine','26','NEW PINE FRAME','Wood Pine','W/o Face','MUF','2.5 ','15','30 MM BWP PINE LAMINATED DOOR','30 MM BWP PINE LAMINATED','1','30 MM BWP PINE LAMINATED DOOR','Lipping Patti','NEW PINE FRAME','2.5 ',NULL,1,1,'Aica','Aica',1,1,'Wood Pine','26','not_applicable','not_applicable','','',14,53,1,6,'AKLA',4,-1,1,1,2,2,'2024-02-28 12:45:51','2024-02-29 11:14:52',NULL,2),(15,60,9,2110,685,NULL,NULL,1,0,NULL,NULL,2,13,'-',1,2,3,2,2,NULL,NULL,0,NULL,NULL,NULL,1,NULL,NULL,NULL,NULL,NULL,NULL,NULL,NULL,NULL,NULL,0,NULL,NULL,NULL,NULL,'1','Laminated Door','Pine','26','NEW PINE FRAME','Wood Pine','W/o Face','MUF','2.5 ','15','30 MM BWP PINE LAMINATED DOOR','30 MM BWP PINE LAMINATED','1','30 MM BWP PINE LAMINATED DOOR','Lipping Patti','NEW PINE FRAME','2.5 ',NULL,1,1,'Aica','Aica',1,1,'Wood Pine','26','not_applicable','not_applicable','','',14,53,1,6,'AKLA',4,-1,1,1,2,2,'2024-02-28 12:45:51','2024-02-29 11:14:52',NULL,2),(16,60,9,2160,680,NULL,NULL,1,0,NULL,NULL,2,13,'-',1,2,3,2,2,NULL,NULL,0,NULL,NULL,NULL,1,NULL,NULL,NULL,NULL,NULL,NULL,NULL,NULL,NULL,NULL,0,NULL,NULL,NULL,NULL,'1','Laminated Door','Pine','26','NEW PINE FRAME','Wood Pine','W/o Face','MUF','2.5 ','15','30 MM BWP PINE LAMINATED DOOR','30 MM BWP PINE LAMINATED','1','30 MM BWP PINE LAMINATED DOOR','Lipping Patti','NEW PINE FRAME','2.5 ',NULL,1,1,'Aica','Aica',1,1,'Wood Pine','26','not_applicable','not_applicable','','',14,53,1,6,'AKLA',4,-1,1,1,2,2,'2024-02-28 12:45:51','2024-02-29 11:14:52',NULL,2),(17,60,9,2055,690,NULL,NULL,1,0,NULL,NULL,2,13,'-',1,2,3,2,2,NULL,NULL,0,NULL,NULL,NULL,1,NULL,NULL,NULL,NULL,NULL,NULL,NULL,NULL,NULL,NULL,0,NULL,NULL,NULL,NULL,'1','Laminated Door','Pine','26','NEW PINE FRAME','Wood Pine','W/o Face','MUF','2.5 ','15','30 MM BWP PINE LAMINATED DOOR','30 MM BWP PINE LAMINATED','1','30 MM BWP PINE LAMINATED DOOR','Lipping Patti','NEW PINE FRAME','2.5 ',NULL,1,1,'Aica','Aica',1,1,'Wood Pine','26','not_applicable','not_applicable','','',14,53,1,6,'AKLA',4,-1,1,1,2,2,'2024-02-28 12:45:51','2024-02-29 11:14:52',NULL,2),(18,60,9,2155,685,NULL,NULL,1,0,NULL,NULL,2,13,'-',1,2,3,2,2,NULL,NULL,0,NULL,NULL,NULL,1,NULL,NULL,NULL,NULL,NULL,NULL,NULL,NULL,NULL,NULL,0,NULL,NULL,NULL,NULL,'1','Laminated Door','Pine','26','NEW PINE FRAME','Wood Pine','W/o Face','MUF','2.5 ','15','30 MM BWP PINE LAMINATED DOOR','30 MM BWP PINE LAMINATED','1','30 MM BWP PINE LAMINATED DOOR','Lipping Patti','NEW PINE FRAME','2.5 ',NULL,1,1,'Aica','Aica',1,1,'Wood Pine','26','not_applicable','not_applicable','','',14,53,1,6,'AKLA',4,-1,1,1,2,2,'2024-02-28 12:45:52','2024-02-29 11:14:52',NULL,2),(19,60,9,2150,690,NULL,NULL,1,0,NULL,NULL,2,13,'-',1,2,3,2,2,NULL,NULL,0,NULL,NULL,NULL,1,NULL,NULL,NULL,NULL,NULL,NULL,NULL,NULL,NULL,NULL,0,NULL,NULL,NULL,NULL,'1','Laminated Door','Pine','26','NEW PINE FRAME','Wood Pine','W/o Face','MUF','2.5 ','15','30 MM BWP PINE LAMINATED DOOR','30 MM BWP PINE LAMINATED','1','30 MM BWP PINE LAMINATED DOOR','Lipping Patti','NEW PINE FRAME','2.5 ',NULL,1,1,'Aica','Aica',1,1,'Wood Pine','26','not_applicable','not_applicable','','',14,53,1,6,'AKLA',4,-1,1,1,2,2,'2024-02-28 12:45:52','2024-02-29 11:14:52',NULL,2),(20,60,9,2105,690,NULL,NULL,1,0,NULL,NULL,2,13,'-',1,2,3,2,2,NULL,NULL,0,NULL,NULL,NULL,1,NULL,NULL,NULL,NULL,NULL,NULL,NULL,NULL,NULL,NULL,0,NULL,NULL,NULL,NULL,'1','Laminated Door','Pine','26','NEW PINE FRAME','Wood Pine','W/o Face','MUF','2.5 ','15','30 MM BWP PINE LAMINATED DOOR','30 MM BWP PINE LAMINATED','1','30 MM BWP PINE LAMINATED DOOR','Lipping Patti','NEW PINE FRAME','2.5 ',NULL,1,1,'Aica','Aica',1,1,'Wood Pine','26','not_applicable','not_applicable','','',14,53,1,6,'AKLA',4,-1,1,1,2,2,'2024-02-28 12:45:52','2024-02-29 11:14:52',NULL,2),(21,60,9,2110,680,NULL,NULL,1,0,NULL,NULL,2,13,'-',1,2,3,2,2,NULL,NULL,0,NULL,NULL,NULL,1,NULL,NULL,NULL,NULL,NULL,NULL,NULL,NULL,NULL,NULL,0,NULL,NULL,NULL,NULL,'1','Laminated Door','Pine','26','NEW PINE FRAME','Wood Pine','W/o Face','MUF','2.5 ','15','30 MM BWP PINE LAMINATED DOOR','30 MM BWP PINE LAMINATED','1','30 MM BWP PINE LAMINATED DOOR','Lipping Patti','NEW PINE FRAME','2.5 ',NULL,1,1,'Aica','Aica',1,1,'Wood Pine','26','not_applicable','not_applicable','','',14,53,1,6,'AKLA',4,-1,1,1,2,2,'2024-02-28 12:45:52','2024-02-29 11:14:52',NULL,2),(22,60,9,2115,685,NULL,NULL,1,0,NULL,NULL,2,13,'-',1,2,3,2,2,NULL,NULL,0,NULL,NULL,NULL,1,NULL,NULL,NULL,NULL,NULL,NULL,NULL,NULL,NULL,NULL,0,NULL,NULL,NULL,NULL,'1','Laminated Door','Pine','26','NEW PINE FRAME','Wood Pine','W/o Face','MUF','2.5 ','15','30 MM BWP PINE LAMINATED DOOR','30 MM BWP PINE LAMINATED','1','30 MM BWP PINE LAMINATED DOOR','Lipping Patti','NEW PINE FRAME','2.5 ',NULL,1,1,'Aica','Aica',1,1,'Wood Pine','26','not_applicable','not_applicable','','',14,53,1,6,'AKLA',4,-1,1,1,2,2,'2024-02-28 12:45:52','2024-02-29 11:14:52',NULL,2),(23,60,9,2035,690,NULL,NULL,1,0,NULL,NULL,2,13,'-',1,2,3,2,2,NULL,NULL,0,NULL,NULL,NULL,1,NULL,NULL,NULL,NULL,NULL,NULL,NULL,NULL,NULL,NULL,0,NULL,NULL,NULL,NULL,'1','Laminated Door','Pine','26','NEW PINE FRAME','Wood Pine','W/o Face','MUF','2.5 ','15','30 MM BWP PINE LAMINATED DOOR','30 MM BWP PINE LAMINATED','1','30 MM BWP PINE LAMINATED DOOR','Lipping Patti','NEW PINE FRAME','2.5 ',NULL,1,1,'Aica','Aica',1,1,'Wood Pine','26','not_applicable','not_applicable','','',14,53,1,6,'AKLA',4,-1,1,1,2,2,'2024-02-28 12:45:52','2024-02-29 11:14:52',NULL,2),(24,60,9,2100,660,NULL,NULL,1,0,NULL,NULL,2,13,'-',1,2,3,2,2,NULL,NULL,0,NULL,NULL,NULL,1,NULL,NULL,NULL,NULL,NULL,NULL,NULL,NULL,NULL,NULL,0,NULL,NULL,NULL,NULL,'1','Laminated Door','Pine','26','NEW PINE FRAME','Wood Pine','W/o Face','MUF','2.5 ','15','30 MM BWP PINE LAMINATED DOOR','30 MM BWP PINE LAMINATED','1','30 MM BWP PINE LAMINATED DOOR','Lipping Patti','NEW PINE FRAME','2.5 ',NULL,1,1,'Aica','Aica',1,1,'Wood Pine','26','not_applicable','not_applicable','','',14,53,1,6,'AKLA',4,-1,1,1,2,2,'2024-02-28 12:45:52','2024-02-29 11:14:52',NULL,2),(25,64,2,5,5,NULL,NULL,5,0,NULL,NULL,2,11,'23',12,1,1,2,1,NULL,2,0,NULL,NULL,NULL,1,NULL,NULL,NULL,NULL,NULL,NULL,NULL,NULL,NULL,NULL,0,NULL,NULL,NULL,NULL,'CB','Laminated Door','Hw','1','HW FRAME','Wood Hw ','W/o Face','UF','2.5 ','18','30 MM BWR HW LAMINATED','30 MM BWR HW LAMINATED','1','30 MM BWR HW LAMINATED','Bwp Patti','HW FRAME','2.5 ',NULL,1,1,'Aica','Aica',1,1,'Wood Hw ','26','not_applicable','not_applicable','','',19,NULL,NULL,NULL,NULL,NULL,-1,5,1,2,NULL,'2024-03-06 13:09:26','2024-03-06 13:09:26',123,2),(26,64,4,5,5,NULL,NULL,5,0,NULL,NULL,2,11,'23',12,1,1,2,1,NULL,2,0,NULL,NULL,NULL,1,NULL,NULL,NULL,NULL,NULL,NULL,NULL,NULL,NULL,NULL,0,NULL,NULL,NULL,NULL,'GB','Laminated Door','Hw','1','HW FRAME','Wood Hw ','W/o Face','UF','2.5 ','18','30 MM BWR HW LAMINATED','30 MM BWR HW LAMINATED','1','30 MM BWR HW LAMINATED','Bwp Patti','HW FRAME','2.5 ',NULL,1,1,'Aica','Aica',1,1,'Wood Hw ','26','not_applicable','not_applicable','','',19,NULL,NULL,NULL,NULL,NULL,-1,5,1,2,NULL,'2024-03-06 13:09:26','2024-03-06 13:09:26',123,2),(27,64,1,5,5,NULL,NULL,5,0,NULL,NULL,2,11,'23',12,1,1,2,1,NULL,2,0,NULL,NULL,NULL,1,NULL,NULL,NULL,NULL,NULL,NULL,NULL,NULL,NULL,NULL,0,NULL,NULL,NULL,NULL,'MB','Laminated Door','Hw','1','HW FRAME','Wood Hw ','W/o Face','UF','2.5 ','18','30 MM BWR HW LAMINATED','30 MM BWR HW LAMINATED','1','30 MM BWR HW LAMINATED','Bwp Patti','HW FRAME','2.5 ',NULL,1,1,'Aica','Aica',1,1,'Wood Hw ','26','not_applicable','not_applicable','','',19,NULL,NULL,NULL,NULL,NULL,-1,5,1,2,NULL,'2024-03-06 13:09:26','2024-03-06 13:09:26',123,2),(28,64,3,5,5,NULL,NULL,5,0,NULL,NULL,2,11,'23',12,1,1,2,1,NULL,2,0,NULL,NULL,NULL,1,NULL,NULL,NULL,NULL,NULL,NULL,NULL,NULL,NULL,NULL,0,NULL,NULL,NULL,NULL,'MD','Laminated Door','Hw','1','HW FRAME','Wood Hw ','W/o Face','UF','2.5 ','18','30 MM BWR HW LAMINATED','30 MM BWR HW LAMINATED','1','30 MM BWR HW LAMINATED','Bwp Patti','HW FRAME','2.5 ',NULL,1,1,'Aica','Aica',1,1,'Wood Hw ','26','not_applicable','not_applicable','','',19,NULL,NULL,NULL,NULL,NULL,-1,5,1,2,NULL,'2024-03-06 13:09:26','2024-03-06 13:09:26',123,2);

--
-- Table structure for table `materials`
--

CREATE TABLE `materials` (
  `id` int NOT NULL AUTO_INCREMENT,
  `material_name` varchar(255) COLLATE utf8mb4_general_ci NOT NULL,
  `status` int NOT NULL,
  `created_by` int NOT NULL,
  `modified_by` int NOT NULL,
  `created` datetime NOT NULL,
  `modified` datetime NOT NULL,
  PRIMARY KEY (`id`)
) ENGINE=InnoDB AUTO_INCREMENT=3 DEFAULT CHARSET=utf8mb4 COLLATE=utf8mb4_general_ci;

--
-- Dumping data for table `materials`
--

INSERT INTO `materials` VALUES (1,'Hw',1,1,2,'2023-12-10 12:07:26','2023-12-10 12:08:04'),(2,'Pine',1,1,2,'2023-12-10 12:07:32','2023-12-10 12:07:45');

--
-- Table structure for table `patti_consumptions`
--

CREATE TABLE `patti_consumptions` (
  `id` int NOT NULL AUTO_INCREMENT,
  `thickness_id` int NOT NULL,
  `material_type_id` int NOT NULL,
  `consumption` int NOT NULL,
  `type` int NOT NULL,
  `status` int NOT NULL,
  `created` datetime NOT NULL,
  `modified` datetime NOT NULL,
  `created_by` int NOT NULL,
  `modified_by` int NOT NULL,
  PRIMARY KEY (`id`)
) ENGINE=InnoDB DEFAULT CHARSET=utf8mb4 COLLATE=utf8mb4_0900_ai_ci;

--
-- Dumping data for table `patti_consumptions`
--


--
-- Table structure for table `payment_receives`
--

CREATE TABLE `payment_receives` (
  `id` int NOT NULL AUTO_INCREMENT,
  `client_id` int NOT NULL,
  `account` int NOT NULL,
  `amount` int NOT NULL,
  `sales_order_no` int NOT NULL,
  `status` int NOT NULL,
  `is_active` int NOT NULL,
  `created_by` int NOT NULL,
  `modified_by` int NOT NULL,
  `created` datetime NOT NULL,
  `modified` datetime NOT NULL,
  PRIMARY KEY (`id`)
) ENGINE=InnoDB DEFAULT CHARSET=utf8mb4 COLLATE=utf8mb4_general_ci;

--
-- Dumping data for table `payment_receives`
--


--
-- Table structure for table `payments`
--

CREATE TABLE `payments` (
  `id` int NOT NULL AUTO_INCREMENT,
  `customer_id` int NOT NULL,
  `payment_type` int NOT NULL,
  `cheque_no` varchar(255) NOT NULL,
  `price` int NOT NULL,
  `date` date DEFAULT NULL,
  `status` int NOT NULL,
  `created` datetime NOT NULL,
  `created_by` datetime NOT NULL,
  `modified_by` int NOT NULL,
  PRIMARY KEY (`id`)
) ENGINE=InnoDB DEFAULT CHARSET=utf8mb4 COLLATE=utf8mb4_0900_ai_ci;

--
-- Dumping data for table `payments`
--


--
-- Table structure for table `postformings`
--

CREATE TABLE `postformings` (
  `id` int NOT NULL AUTO_INCREMENT,
  `order_no` int NOT NULL,
  `door_id` int DEFAULT NULL,
  `clubed_height` double DEFAULT NULL,
  `clubed_width` double DEFAULT NULL,
  `clubed_width_left` double DEFAULT NULL,
  `clubed_width_right` double DEFAULT NULL,
  `clubed_qty` int DEFAULT NULL,
  `processed_qty` int DEFAULT '0',
  `available_qty` int DEFAULT NULL,
  `door_type` int DEFAULT NULL,
  `grouped_status` int DEFAULT NULL COMMENT '1=no,2=yes',
  `product_name` int DEFAULT NULL,
  `details` varchar(255) COLLATE utf8mb4_general_ci DEFAULT NULL,
  `rate` int DEFAULT NULL,
  `lipping_patti` int DEFAULT NULL,
  `side_patti` int DEFAULT NULL,
  `core` int DEFAULT NULL,
  `filler` int DEFAULT NULL,
  `datti` int DEFAULT NULL,
  `face` int DEFAULT NULL,
  `installation_charge` int DEFAULT NULL,
  `vision_height` double DEFAULT NULL,
  `vision_width` double DEFAULT NULL,
  `vision_door_position1` int DEFAULT NULL,
  `vision` int NOT NULL,
  `vision_door` int DEFAULT NULL,
  `vision_door_position1_left` int DEFAULT NULL,
  `vision_door_position1_right` int DEFAULT NULL,
  `vision_door_position2_left` int DEFAULT NULL,
  `vision_door_position2_right` int DEFAULT NULL,
  `vision_height_left` double DEFAULT NULL,
  `vision_height_right` double DEFAULT NULL,
  `vision_width_left` double DEFAULT NULL,
  `vision_width_right` double DEFAULT NULL,
  `vision_door_position2` int DEFAULT NULL,
  `double_packing` int DEFAULT NULL,
  `order_split_by` int DEFAULT NULL,
  `laminate_company` int DEFAULT NULL,
  `front_laminate` int DEFAULT NULL,
  `back_laminate` int DEFAULT NULL,
  `door_name` varchar(255) COLLATE utf8mb4_general_ci NOT NULL,
  `pm_product_type` varchar(255) COLLATE utf8mb4_general_ci NOT NULL,
  `pm_material_name` varchar(255) COLLATE utf8mb4_general_ci NOT NULL,
  `pm_thickness` varchar(255) COLLATE utf8mb4_general_ci NOT NULL,
  `pm_frame_name` varchar(255) COLLATE utf8mb4_general_ci NOT NULL,
  `pm_filler_name` varchar(255) COLLATE utf8mb4_general_ci NOT NULL,
  `pm_face_name` varchar(255) COLLATE utf8mb4_general_ci NOT NULL,
  `pm_resin_name` varchar(255) COLLATE utf8mb4_general_ci NOT NULL,
  `pm_core` varchar(255) COLLATE utf8mb4_general_ci NOT NULL,
  `pm_margin` varchar(255) COLLATE utf8mb4_general_ci NOT NULL,
  `pm_product_name` varchar(255) COLLATE utf8mb4_general_ci NOT NULL,
  `pm_print_name` varchar(255) COLLATE utf8mb4_general_ci NOT NULL,
  `pm_billing_unit` varchar(255) COLLATE utf8mb4_general_ci NOT NULL,
  `productName` varchar(255) COLLATE utf8mb4_general_ci DEFAULT NULL,
  `lipping_patti_name` varchar(255) COLLATE utf8mb4_general_ci DEFAULT NULL,
  `side_patti_name` varchar(255) COLLATE utf8mb4_general_ci DEFAULT NULL,
  `core_name` varchar(255) COLLATE utf8mb4_general_ci DEFAULT NULL,
  `laminate_company_name` varchar(255) COLLATE utf8mb4_general_ci DEFAULT NULL,
  `front_company` int DEFAULT NULL,
  `back_company` int DEFAULT NULL,
  `front_company_name` varchar(255) COLLATE utf8mb4_general_ci DEFAULT NULL,
  `back_company_name` varchar(255) COLLATE utf8mb4_general_ci DEFAULT NULL,
  `front_cost` double DEFAULT NULL,
  `back_cost` double DEFAULT NULL,
  `filler_name` varchar(255) COLLATE utf8mb4_general_ci DEFAULT NULL,
  `batten_thickness` varchar(255) COLLATE utf8mb4_general_ci DEFAULT NULL,
  `front_laminate_name` varchar(255) COLLATE utf8mb4_general_ci DEFAULT NULL,
  `back_laminate_name` varchar(255) COLLATE utf8mb4_general_ci DEFAULT NULL,
  `front_laminate_items` longtext COLLATE utf8mb4_general_ci,
  `back_laminate_items` longtext COLLATE utf8mb4_general_ci,
  `door_clubed_config_id` int DEFAULT NULL,
  `work_order_id` int DEFAULT NULL,
  `work_order_status` int DEFAULT NULL,
  `contractor_id` int DEFAULT NULL,
  `contractor_name` varchar(255) COLLATE utf8mb4_general_ci DEFAULT NULL,
  `sub_process_id` int DEFAULT NULL,
  `parent_id` int NOT NULL DEFAULT '-1',
  `actual_qty` int NOT NULL,
  `created_by` int NOT NULL,
  `modified_by` int DEFAULT NULL,
  `created` datetime NOT NULL,
  `modified` datetime NOT NULL,
  `grooving_rate` int DEFAULT NULL,
  `postformings` int DEFAULT NULL,
  `grooving` int DEFAULT NULL,
  PRIMARY KEY (`id`)
) ENGINE=InnoDB DEFAULT CHARSET=utf8mb4 COLLATE=utf8mb4_general_ci;

--
-- Dumping data for table `postformings`
--


--
-- Table structure for table `pressing_doors`
--

CREATE TABLE `pressing_doors` (
  `id` int NOT NULL AUTO_INCREMENT,
  `order_no` int NOT NULL,
  `door_id` int DEFAULT NULL,
  `clubed_height` double DEFAULT NULL,
  `clubed_width` double DEFAULT NULL,
  `clubed_width_left` double DEFAULT NULL,
  `clubed_width_right` double DEFAULT NULL,
  `clubed_qty` int DEFAULT NULL,
  `processed_qty` int DEFAULT '0',
  `available_qty` int DEFAULT NULL,
  `door_type` int DEFAULT NULL,
  `grouped_status` int DEFAULT NULL COMMENT '1=no,2=yes',
  `product_name` int DEFAULT NULL,
  `details` varchar(255) COLLATE utf8mb4_general_ci DEFAULT NULL,
  `rate` int DEFAULT NULL,
  `lipping_patti` int DEFAULT NULL,
  `side_patti` int DEFAULT NULL,
  `core` int DEFAULT NULL,
  `filler` int DEFAULT NULL,
  `datti` int DEFAULT NULL,
  `face` int DEFAULT NULL,
  `installation_charge` int DEFAULT NULL,
  `vision_height` double DEFAULT NULL,
  `vision_width` double DEFAULT NULL,
  `vision_door_position1` int DEFAULT NULL,
  `vision` int DEFAULT NULL,
  `vision_door` int DEFAULT NULL,
  `vision_door_position1_left` int DEFAULT NULL,
  `vision_door_position1_right` int DEFAULT NULL,
  `vision_door_position2_left` int DEFAULT NULL,
  `vision_door_position2_right` int DEFAULT NULL,
  `vision_height_left` double DEFAULT NULL,
  `vision_height_right` double DEFAULT NULL,
  `vision_width_left` double DEFAULT NULL,
  `vision_width_right` double DEFAULT NULL,
  `vision_door_position2` int DEFAULT NULL,
  `double_packing` int DEFAULT NULL,
  `order_split_by` int DEFAULT NULL,
  `laminate_company` int DEFAULT NULL,
  `front_laminate` int DEFAULT NULL,
  `back_laminate` int DEFAULT NULL,
  `door_name` varchar(255) COLLATE utf8mb4_general_ci NOT NULL,
  `pm_product_type` varchar(255) COLLATE utf8mb4_general_ci NOT NULL,
  `pm_material_name` varchar(255) COLLATE utf8mb4_general_ci NOT NULL,
  `pm_thickness` varchar(255) COLLATE utf8mb4_general_ci NOT NULL,
  `pm_frame_name` varchar(255) COLLATE utf8mb4_general_ci NOT NULL,
  `pm_filler_name` varchar(255) COLLATE utf8mb4_general_ci NOT NULL,
  `pm_face_name` varchar(255) COLLATE utf8mb4_general_ci NOT NULL,
  `pm_resin_name` varchar(255) COLLATE utf8mb4_general_ci NOT NULL,
  `pm_core` varchar(255) COLLATE utf8mb4_general_ci NOT NULL,
  `pm_margin` varchar(255) COLLATE utf8mb4_general_ci NOT NULL,
  `pm_product_name` varchar(255) COLLATE utf8mb4_general_ci NOT NULL,
  `pm_print_name` varchar(255) COLLATE utf8mb4_general_ci NOT NULL,
  `pm_billing_unit` varchar(255) COLLATE utf8mb4_general_ci NOT NULL,
  `productName` varchar(255) COLLATE utf8mb4_general_ci DEFAULT NULL,
  `lipping_patti_name` varchar(255) COLLATE utf8mb4_general_ci DEFAULT NULL,
  `side_patti_name` varchar(255) COLLATE utf8mb4_general_ci DEFAULT NULL,
  `core_name` varchar(255) COLLATE utf8mb4_general_ci DEFAULT NULL,
  `laminate_company_name` varchar(255) COLLATE utf8mb4_general_ci DEFAULT NULL,
  `front_company` int DEFAULT NULL,
  `back_company` int DEFAULT NULL,
  `front_company_name` varchar(255) COLLATE utf8mb4_general_ci DEFAULT NULL,
  `back_company_name` varchar(255) COLLATE utf8mb4_general_ci DEFAULT NULL,
  `front_cost` double DEFAULT NULL,
  `back_cost` double DEFAULT NULL,
  `filler_name` varchar(255) COLLATE utf8mb4_general_ci DEFAULT NULL,
  `batten_thickness` varchar(255) COLLATE utf8mb4_general_ci DEFAULT NULL,
  `front_laminate_name` varchar(255) COLLATE utf8mb4_general_ci DEFAULT NULL,
  `back_laminate_name` varchar(255) COLLATE utf8mb4_general_ci DEFAULT NULL,
  `front_laminate_items` longtext CHARACTER SET utf8mb4 COLLATE utf8mb4_general_ci,
  `back_laminate_items` longtext CHARACTER SET utf8mb4 COLLATE utf8mb4_general_ci,
  `door_clubed_config_id` int DEFAULT NULL,
  `work_order_id` int DEFAULT NULL,
  `work_order_status` int DEFAULT NULL,
  `contractor_id` int DEFAULT NULL,
  `contractor_name` varchar(255) COLLATE utf8mb4_general_ci DEFAULT NULL,
  `sub_process_id` int DEFAULT NULL,
  `parent_id` int NOT NULL DEFAULT '-1',
  `actual_qty` int NOT NULL,
  `priority` int NOT NULL DEFAULT '1',
  `created_by` int NOT NULL,
  `modified_by` int DEFAULT NULL,
  `created` datetime NOT NULL,
  `modified` datetime NOT NULL,
  `grooving_rate` int DEFAULT NULL,
  `grooving` int DEFAULT NULL,
  PRIMARY KEY (`id`)
) ENGINE=InnoDB AUTO_INCREMENT=354 DEFAULT CHARSET=utf8mb4 COLLATE=utf8mb4_general_ci;

--
-- Dumping data for table `pressing_doors`
--

INSERT INTO `pressing_doors` VALUES (1,39,8,76,32,NULL,NULL,5,NULL,NULL,NULL,2,10,'',1,1,1,2,1,NULL,NULL,0,NULL,NULL,NULL,1,NULL,NULL,NULL,NULL,NULL,NULL,NULL,NULL,NULL,NULL,0,NULL,1,NULL,NULL,'30 mm bwr hw','Flush Door','Hw','30','HW FRAME','Wood Hw ','Okomo Face','UF','2.5 ','1','30 MM BWR HW DOOR','30 MM BWR HW DOOR','1','30 MM BWR HW DOOR','Bwp Patti','Bwp Patti','2.5 ','Aica',NULL,NULL,NULL,NULL,NULL,NULL,'Wood Hw ','30','','',NULL,NULL,6,9,1,1,'SANJAY PATEL',NULL,-1,5,1,2,2,'2024-02-07 17:33:39','2024-02-07 17:37:41',NULL,NULL),(2,39,8,80,40,NULL,NULL,2,NULL,NULL,NULL,2,10,'',1,1,1,2,1,NULL,NULL,0,NULL,NULL,NULL,1,NULL,NULL,NULL,NULL,NULL,NULL,NULL,NULL,NULL,NULL,0,NULL,1,NULL,NULL,'30 mm bwr hw','Flush Door','Hw','30','HW FRAME','Wood Hw ','Okomo Face','UF','2.5 ','1','30 MM BWR HW DOOR','30 MM BWR HW DOOR','1','30 MM BWR HW DOOR','Bwp Patti','Bwp Patti','2.5 ','Aica',NULL,NULL,NULL,NULL,NULL,NULL,'Wood Hw ','30','','',NULL,NULL,6,9,1,1,'SANJAY PATEL',NULL,-1,2,1,2,2,'2024-02-07 17:33:39','2024-02-07 17:37:41',NULL,NULL),(3,39,8,80,38,NULL,NULL,5,NULL,NULL,NULL,2,10,'',1,1,1,2,1,NULL,NULL,0,NULL,NULL,NULL,1,NULL,NULL,NULL,NULL,NULL,NULL,NULL,NULL,NULL,NULL,0,NULL,1,NULL,NULL,'30 mm bwr hw','Flush Door','Hw','30','HW FRAME','Wood Hw ','Okomo Face','UF','2.5 ','1','30 MM BWR HW DOOR','30 MM BWR HW DOOR','1','30 MM BWR HW DOOR','Bwp Patti','Bwp Patti','2.5 ','Aica',NULL,NULL,NULL,NULL,NULL,NULL,'Wood Hw ','30','','',NULL,NULL,6,9,1,1,'SANJAY PATEL',NULL,-1,5,1,2,2,'2024-02-07 17:33:39','2024-02-07 17:37:41',NULL,NULL),(4,39,8,80,37,NULL,NULL,5,NULL,NULL,NULL,2,10,'',1,1,1,2,1,NULL,NULL,0,NULL,NULL,NULL,1,NULL,NULL,NULL,NULL,NULL,NULL,NULL,NULL,NULL,NULL,0,NULL,1,NULL,NULL,'30 mm bwr hw','Flush Door','Hw','30','HW FRAME','Wood Hw ','Okomo Face','UF','2.5 ','1','30 MM BWR HW DOOR','30 MM BWR HW DOOR','1','30 MM BWR HW DOOR','Bwp Patti','Bwp Patti','2.5 ','Aica',NULL,NULL,NULL,NULL,NULL,NULL,'Wood Hw ','30','','',NULL,NULL,6,9,1,1,'SANJAY PATEL',NULL,-1,5,1,2,2,'2024-02-07 17:33:39','2024-02-07 17:37:41',NULL,NULL),(5,39,8,72,36,NULL,NULL,5,NULL,NULL,NULL,2,10,'',1,1,1,2,1,NULL,NULL,0,NULL,NULL,NULL,1,NULL,NULL,NULL,NULL,NULL,NULL,NULL,NULL,NULL,NULL,0,NULL,1,NULL,NULL,'30 mm bwr hw','Flush Door','Hw','30','HW FRAME','Wood Hw ','Okomo Face','UF','2.5 ','1','30 MM BWR HW DOOR','30 MM BWR HW DOOR','1','30 MM BWR HW DOOR','Bwp Patti','Bwp Patti','2.5 ','Aica',NULL,NULL,NULL,NULL,NULL,NULL,'Wood Hw ','30','','',NULL,NULL,6,9,1,1,'SANJAY PATEL',NULL,-1,5,1,2,2,'2024-02-07 17:33:39','2024-02-07 17:37:41',NULL,NULL),(6,39,8,80,36,NULL,NULL,10,NULL,NULL,NULL,2,10,'',1,1,1,2,1,NULL,NULL,0,NULL,NULL,NULL,1,NULL,NULL,NULL,NULL,NULL,NULL,NULL,NULL,NULL,NULL,0,NULL,1,NULL,NULL,'30 mm bwr hw','Flush Door','Hw','30','HW FRAME','Wood Hw ','Okomo Face','UF','2.5 ','1','30 MM BWR HW DOOR','30 MM BWR HW DOOR','1','30 MM BWR HW DOOR','Bwp Patti','Bwp Patti','2.5 ','Aica',NULL,NULL,NULL,NULL,NULL,NULL,'Wood Hw ','30','','',NULL,NULL,6,9,1,1,'SANJAY PATEL',NULL,-1,10,1,2,2,'2024-02-07 17:33:39','2024-02-07 17:37:41',NULL,NULL),(7,39,8,78,36,NULL,NULL,10,NULL,NULL,NULL,2,10,'',1,1,1,2,1,NULL,NULL,0,NULL,NULL,NULL,1,NULL,NULL,NULL,NULL,NULL,NULL,NULL,NULL,NULL,NULL,0,NULL,1,NULL,NULL,'30 mm bwr hw','Flush Door','Hw','30','HW FRAME','Wood Hw ','Okomo Face','UF','2.5 ','1','30 MM BWR HW DOOR','30 MM BWR HW DOOR','1','30 MM BWR HW DOOR','Bwp Patti','Bwp Patti','2.5 ','Aica',NULL,NULL,NULL,NULL,NULL,NULL,'Wood Hw ','30','','',NULL,NULL,6,9,1,1,'SANJAY PATEL',NULL,-1,10,1,2,2,'2024-02-07 17:33:39','2024-02-07 17:37:41',NULL,NULL),(8,39,8,82,34,NULL,NULL,4,NULL,NULL,NULL,2,10,'',1,1,1,2,1,NULL,NULL,0,NULL,NULL,NULL,1,NULL,NULL,NULL,NULL,NULL,NULL,NULL,NULL,NULL,NULL,0,NULL,1,NULL,NULL,'30 mm bwr hw','Flush Door','Hw','30','HW FRAME','Wood Hw ','Okomo Face','UF','2.5 ','1','30 MM BWR HW DOOR','30 MM BWR HW DOOR','1','30 MM BWR HW DOOR','Bwp Patti','Bwp Patti','2.5 ','Aica',NULL,NULL,NULL,NULL,NULL,NULL,'Wood Hw ','30','','',NULL,NULL,6,9,1,1,'SANJAY PATEL',NULL,-1,4,1,2,2,'2024-02-07 17:33:39','2024-02-07 17:37:41',NULL,NULL),(9,39,8,80,34,NULL,NULL,20,NULL,NULL,NULL,2,10,'',1,1,1,2,1,NULL,NULL,0,NULL,NULL,NULL,1,NULL,NULL,NULL,NULL,NULL,NULL,NULL,NULL,NULL,NULL,0,NULL,1,NULL,NULL,'30 mm bwr hw','Flush Door','Hw','30','HW FRAME','Wood Hw ','Okomo Face','UF','2.5 ','1','30 MM BWR HW DOOR','30 MM BWR HW DOOR','1','30 MM BWR HW DOOR','Bwp Patti','Bwp Patti','2.5 ','Aica',NULL,NULL,NULL,NULL,NULL,NULL,'Wood Hw ','30','','',NULL,NULL,6,9,1,1,'SANJAY PATEL',NULL,-1,20,1,2,2,'2024-02-07 17:33:39','2024-02-07 17:37:41',NULL,NULL),(10,39,8,80,33,NULL,NULL,20,NULL,NULL,NULL,2,10,'',1,1,1,2,1,NULL,NULL,0,NULL,NULL,NULL,1,NULL,NULL,NULL,NULL,NULL,NULL,NULL,NULL,NULL,NULL,0,NULL,1,NULL,NULL,'30 mm bwr hw','Flush Door','Hw','30','HW FRAME','Wood Hw ','Okomo Face','UF','2.5 ','1','30 MM BWR HW DOOR','30 MM BWR HW DOOR','1','30 MM BWR HW DOOR','Bwp Patti','Bwp Patti','2.5 ','Aica',NULL,NULL,NULL,NULL,NULL,NULL,'Wood Hw ','30','','',NULL,NULL,6,9,1,1,'SANJAY PATEL',NULL,-1,20,1,2,2,'2024-02-07 17:33:39','2024-02-07 17:37:41',NULL,NULL),(11,39,8,72,24,NULL,NULL,5,NULL,NULL,NULL,2,10,'',1,1,1,2,1,NULL,NULL,0,NULL,NULL,NULL,1,NULL,NULL,NULL,NULL,NULL,NULL,NULL,NULL,NULL,NULL,0,NULL,1,NULL,NULL,'30 mm bwr hw','Flush Door','Hw','30','HW FRAME','Wood Hw ','Okomo Face','UF','2.5 ','1','30 MM BWR HW DOOR','30 MM BWR HW DOOR','1','30 MM BWR HW DOOR','Bwp Patti','Bwp Patti','2.5 ','Aica',NULL,NULL,NULL,NULL,NULL,NULL,'Wood Hw ','30','','',NULL,NULL,6,9,1,1,'SANJAY PATEL',NULL,-1,5,1,2,2,'2024-02-07 17:33:40','2024-02-07 17:37:41',NULL,NULL),(12,39,8,74,32,NULL,NULL,5,NULL,NULL,NULL,2,10,'',1,1,1,2,1,NULL,NULL,0,NULL,NULL,NULL,1,NULL,NULL,NULL,NULL,NULL,NULL,NULL,NULL,NULL,NULL,0,NULL,1,NULL,NULL,'30 mm bwr hw','Flush Door','Hw','30','HW FRAME','Wood Hw ','Okomo Face','UF','2.5 ','1','30 MM BWR HW DOOR','30 MM BWR HW DOOR','1','30 MM BWR HW DOOR','Bwp Patti','Bwp Patti','2.5 ','Aica',NULL,NULL,NULL,NULL,NULL,NULL,'Wood Hw ','30','','',NULL,NULL,6,9,1,1,'SANJAY PATEL',NULL,-1,5,1,2,2,'2024-02-07 17:33:40','2024-02-07 17:37:41',NULL,NULL),(13,39,8,72,32,NULL,NULL,5,NULL,NULL,NULL,2,10,'',1,1,1,2,1,NULL,NULL,0,NULL,NULL,NULL,1,NULL,NULL,NULL,NULL,NULL,NULL,NULL,NULL,NULL,NULL,0,NULL,1,NULL,NULL,'30 mm bwr hw','Flush Door','Hw','30','HW FRAME','Wood Hw ','Okomo Face','UF','2.5 ','1','30 MM BWR HW DOOR','30 MM BWR HW DOOR','1','30 MM BWR HW DOOR','Bwp Patti','Bwp Patti','2.5 ','Aica',NULL,NULL,NULL,NULL,NULL,NULL,'Wood Hw ','30','','',NULL,NULL,6,9,1,1,'SANJAY PATEL',NULL,-1,5,1,2,2,'2024-02-07 17:33:40','2024-02-07 17:37:41',NULL,NULL),(14,39,8,78,32,NULL,NULL,10,NULL,NULL,NULL,2,10,'',1,1,1,2,1,NULL,NULL,0,NULL,NULL,NULL,1,NULL,NULL,NULL,NULL,NULL,NULL,NULL,NULL,NULL,NULL,0,NULL,1,NULL,NULL,'30 mm bwr hw','Flush Door','Hw','30','HW FRAME','Wood Hw ','Okomo Face','UF','2.5 ','1','30 MM BWR HW DOOR','30 MM BWR HW DOOR','1','30 MM BWR HW DOOR','Bwp Patti','Bwp Patti','2.5 ','Aica',NULL,NULL,NULL,NULL,NULL,NULL,'Wood Hw ','30','','',NULL,NULL,6,9,1,1,'SANJAY PATEL',NULL,-1,10,1,2,2,'2024-02-07 17:33:40','2024-02-07 17:37:41',NULL,NULL),(15,39,8,79,31,NULL,NULL,20,NULL,NULL,NULL,2,10,'',1,1,1,2,1,NULL,NULL,0,NULL,NULL,NULL,1,NULL,NULL,NULL,NULL,NULL,NULL,NULL,NULL,NULL,NULL,0,NULL,1,NULL,NULL,'30 mm bwr hw','Flush Door','Hw','30','HW FRAME','Wood Hw ','Okomo Face','UF','2.5 ','1','30 MM BWR HW DOOR','30 MM BWR HW DOOR','1','30 MM BWR HW DOOR','Bwp Patti','Bwp Patti','2.5 ','Aica',NULL,NULL,NULL,NULL,NULL,NULL,'Wood Hw ','30','','',NULL,NULL,6,9,1,1,'SANJAY PATEL',NULL,-1,20,1,2,2,'2024-02-07 17:33:40','2024-02-07 17:37:41',NULL,NULL),(16,39,8,66,30,NULL,NULL,5,NULL,NULL,NULL,2,10,'',1,1,1,2,1,NULL,NULL,0,NULL,NULL,NULL,1,NULL,NULL,NULL,NULL,NULL,NULL,NULL,NULL,NULL,NULL,0,NULL,1,NULL,NULL,'30 mm bwr hw','Flush Door','Hw','30','HW FRAME','Wood Hw ','Okomo Face','UF','2.5 ','1','30 MM BWR HW DOOR','30 MM BWR HW DOOR','1','30 MM BWR HW DOOR','Bwp Patti','Bwp Patti','2.5 ','Aica',NULL,NULL,NULL,NULL,NULL,NULL,'Wood Hw ','30','','',NULL,NULL,6,9,1,1,'SANJAY PATEL',NULL,-1,5,1,2,2,'2024-02-07 17:33:40','2024-02-07 17:37:41',NULL,NULL),(17,39,8,80,27,NULL,NULL,5,NULL,NULL,NULL,2,10,'',1,1,1,2,1,NULL,NULL,0,NULL,NULL,NULL,1,NULL,NULL,NULL,NULL,NULL,NULL,NULL,NULL,NULL,NULL,0,NULL,1,NULL,NULL,'30 mm bwr hw','Flush Door','Hw','30','HW FRAME','Wood Hw ','Okomo Face','UF','2.5 ','1','30 MM BWR HW DOOR','30 MM BWR HW DOOR','1','30 MM BWR HW DOOR','Bwp Patti','Bwp Patti','2.5 ','Aica',NULL,NULL,NULL,NULL,NULL,NULL,'Wood Hw ','30','','',NULL,NULL,6,9,1,1,'SANJAY PATEL',NULL,-1,5,1,2,2,'2024-02-07 17:33:40','2024-02-07 17:37:41',NULL,NULL),(18,39,8,80,24,NULL,NULL,4,NULL,NULL,NULL,2,10,'',1,1,1,2,1,NULL,NULL,0,NULL,NULL,NULL,1,NULL,NULL,NULL,NULL,NULL,NULL,NULL,NULL,NULL,NULL,0,NULL,1,NULL,NULL,'30 mm bwr hw','Flush Door','Hw','30','HW FRAME','Wood Hw ','Okomo Face','UF','2.5 ','1','30 MM BWR HW DOOR','30 MM BWR HW DOOR','1','30 MM BWR HW DOOR','Bwp Patti','Bwp Patti','2.5 ','Aica',NULL,NULL,NULL,NULL,NULL,NULL,'Wood Hw ','30','','',NULL,NULL,6,9,1,1,'SANJAY PATEL',NULL,-1,4,1,2,2,'2024-02-07 17:33:40','2024-02-07 17:37:41',NULL,NULL),(19,39,8,78,24,NULL,NULL,5,NULL,NULL,NULL,2,10,'',1,1,1,2,1,NULL,NULL,0,NULL,NULL,NULL,1,NULL,NULL,NULL,NULL,NULL,NULL,NULL,NULL,NULL,NULL,0,NULL,1,NULL,NULL,'30 mm bwr hw','Flush Door','Hw','30','HW FRAME','Wood Hw ','Okomo Face','UF','2.5 ','1','30 MM BWR HW DOOR','30 MM BWR HW DOOR','1','30 MM BWR HW DOOR','Bwp Patti','Bwp Patti','2.5 ','Aica',NULL,NULL,NULL,NULL,NULL,NULL,'Wood Hw ','30','','',NULL,NULL,6,9,1,1,'SANJAY PATEL',NULL,-1,5,1,2,2,'2024-02-07 17:33:40','2024-02-07 17:37:41',NULL,NULL),(20,40,9,80,32,NULL,NULL,10,NULL,NULL,NULL,2,11,'1',11,2,2,1,2,NULL,NULL,0,NULL,NULL,NULL,1,NULL,NULL,NULL,NULL,NULL,NULL,NULL,NULL,NULL,NULL,0,NULL,1,NULL,NULL,'1','Flush Door','Pine','30','SCRAP PINE FRAME','Wood Pine','Okomo Face','UF','2.5 ','1','30 MM BWR PINE DOOR','30 MM BWR PINE DOOR','1','30 MM BWR PINE DOOR','Lipping Patti','Lipping Patti','2','Aica',NULL,NULL,NULL,NULL,NULL,NULL,'Wood Pine','30','','',NULL,NULL,7,31,1,1,'SANJAY PATEL',NULL,-1,10,1,2,2,'2024-02-08 11:11:00','2024-02-09 15:26:55',NULL,NULL),(21,40,9,78,32,NULL,NULL,10,NULL,NULL,NULL,2,11,'1',11,2,2,1,2,NULL,NULL,0,NULL,NULL,NULL,1,NULL,NULL,NULL,NULL,NULL,NULL,NULL,NULL,NULL,NULL,0,NULL,1,NULL,NULL,'1','Flush Door','Pine','30','SCRAP PINE FRAME','Wood Pine','Okomo Face','UF','2.5 ','1','30 MM BWR PINE DOOR','30 MM BWR PINE DOOR','1','30 MM BWR PINE DOOR','Lipping Patti','Lipping Patti','2','Aica',NULL,NULL,NULL,NULL,NULL,NULL,'Wood Pine','30','','',NULL,NULL,7,31,1,1,'SANJAY PATEL',NULL,-1,10,1,2,2,'2024-02-08 11:11:00','2024-02-09 15:26:55',NULL,NULL),(22,40,9,72,30,NULL,NULL,11,NULL,NULL,NULL,2,11,'1',11,2,2,1,2,NULL,NULL,0,NULL,NULL,NULL,1,NULL,NULL,NULL,NULL,NULL,NULL,NULL,NULL,NULL,NULL,0,NULL,1,NULL,NULL,'1','Flush Door','Pine','30','SCRAP PINE FRAME','Wood Pine','Okomo Face','UF','2.5 ','1','30 MM BWR PINE DOOR','30 MM BWR PINE DOOR','1','30 MM BWR PINE DOOR','Lipping Patti','Lipping Patti','2','Aica',NULL,NULL,NULL,NULL,NULL,NULL,'Wood Pine','30','','',NULL,NULL,7,31,1,1,'SANJAY PATEL',NULL,-1,11,1,2,2,'2024-02-08 11:11:00','2024-02-09 15:26:55',NULL,NULL),(23,40,9,79,31,NULL,NULL,10,NULL,NULL,NULL,2,11,'1',11,2,2,1,2,NULL,NULL,0,NULL,NULL,NULL,1,NULL,NULL,NULL,NULL,NULL,NULL,NULL,NULL,NULL,NULL,0,NULL,1,NULL,NULL,'1','Flush Door','Pine','30','SCRAP PINE FRAME','Wood Pine','Okomo Face','UF','2.5 ','1','30 MM BWR PINE DOOR','30 MM BWR PINE DOOR','1','30 MM BWR PINE DOOR','Lipping Patti','Lipping Patti','2','Aica',NULL,NULL,NULL,NULL,NULL,NULL,'Wood Pine','30','','',NULL,NULL,7,31,1,1,'SANJAY PATEL',NULL,-1,10,1,2,2,'2024-02-08 11:11:00','2024-02-09 15:26:55',NULL,NULL),(24,40,9,80,31,NULL,NULL,10,NULL,NULL,NULL,2,11,'1',11,2,2,1,2,NULL,NULL,0,NULL,NULL,NULL,1,NULL,NULL,NULL,NULL,NULL,NULL,NULL,NULL,NULL,NULL,0,NULL,1,NULL,NULL,'1','Flush Door','Pine','30','SCRAP PINE FRAME','Wood Pine','Okomo Face','UF','2.5 ','1','30 MM BWR PINE DOOR','30 MM BWR PINE DOOR','1','30 MM BWR PINE DOOR','Lipping Patti','Lipping Patti','2','Aica',NULL,NULL,NULL,NULL,NULL,NULL,'Wood Pine','30','','',NULL,NULL,7,31,1,1,'SANJAY PATEL',NULL,-1,10,1,2,2,'2024-02-08 11:11:00','2024-02-09 15:26:55',NULL,NULL),(25,40,9,80,33,NULL,NULL,20,NULL,NULL,NULL,2,11,'1',11,2,2,1,2,NULL,NULL,0,NULL,NULL,NULL,1,NULL,NULL,NULL,NULL,NULL,NULL,NULL,NULL,NULL,NULL,0,NULL,1,NULL,NULL,'1','Flush Door','Pine','30','SCRAP PINE FRAME','Wood Pine','Okomo Face','UF','2.5 ','1','30 MM BWR PINE DOOR','30 MM BWR PINE DOOR','1','30 MM BWR PINE DOOR','Lipping Patti','Lipping Patti','2','Aica',NULL,NULL,NULL,NULL,NULL,NULL,'Wood Pine','30','','',NULL,NULL,7,31,1,1,'SANJAY PATEL',NULL,-1,20,1,2,2,'2024-02-08 11:11:00','2024-02-09 15:26:55',NULL,NULL),(26,40,9,80,34,NULL,NULL,10,NULL,NULL,NULL,2,11,'1',11,2,2,1,2,NULL,NULL,0,NULL,NULL,NULL,1,NULL,NULL,NULL,NULL,NULL,NULL,NULL,NULL,NULL,NULL,0,NULL,1,NULL,NULL,'1','Flush Door','Pine','30','SCRAP PINE FRAME','Wood Pine','Okomo Face','UF','2.5 ','1','30 MM BWR PINE DOOR','30 MM BWR PINE DOOR','1','30 MM BWR PINE DOOR','Lipping Patti','Lipping Patti','2','Aica',NULL,NULL,NULL,NULL,NULL,NULL,'Wood Pine','30','','',NULL,NULL,7,31,1,1,'SANJAY PATEL',NULL,-1,10,1,2,2,'2024-02-08 11:11:00','2024-02-09 15:26:55',NULL,NULL),(27,40,9,80,36,NULL,NULL,20,NULL,NULL,NULL,2,11,'1',11,2,2,1,2,NULL,NULL,0,NULL,NULL,NULL,1,NULL,NULL,NULL,NULL,NULL,NULL,NULL,NULL,NULL,NULL,0,NULL,1,NULL,NULL,'1','Flush Door','Pine','30','SCRAP PINE FRAME','Wood Pine','Okomo Face','UF','2.5 ','1','30 MM BWR PINE DOOR','30 MM BWR PINE DOOR','1','30 MM BWR PINE DOOR','Lipping Patti','Lipping Patti','2','Aica',NULL,NULL,NULL,NULL,NULL,NULL,'Wood Pine','30','','',NULL,NULL,7,31,1,1,'SANJAY PATEL',NULL,-1,20,1,2,2,'2024-02-08 11:11:00','2024-02-09 15:26:55',NULL,NULL),(28,40,9,80,35,NULL,NULL,4,NULL,NULL,NULL,2,11,'1',11,2,2,1,2,NULL,NULL,0,NULL,NULL,NULL,1,NULL,NULL,NULL,NULL,NULL,NULL,NULL,NULL,NULL,NULL,0,NULL,1,NULL,NULL,'1','Flush Door','Pine','30','SCRAP PINE FRAME','Wood Pine','Okomo Face','UF','2.5 ','1','30 MM BWR PINE DOOR','30 MM BWR PINE DOOR','1','30 MM BWR PINE DOOR','Lipping Patti','Lipping Patti','2','Aica',NULL,NULL,NULL,NULL,NULL,NULL,'Wood Pine','30','','',NULL,NULL,7,31,1,1,'SANJAY PATEL',NULL,-1,4,1,2,2,'2024-02-08 11:11:00','2024-02-09 15:26:55',NULL,NULL),(29,42,2,2150,840,NULL,NULL,2,NULL,NULL,NULL,2,1,'1',11,2,3,2,2,NULL,NULL,0,NULL,NULL,NULL,1,NULL,NULL,NULL,NULL,NULL,NULL,NULL,NULL,NULL,NULL,0,NULL,1,NULL,NULL,'CB','Laminated doors','Pine','35','HW FRAME','Wood Pine','W/o Face','UF','2.5 ','1','35 MM BWR PINE LAMINATED DOOR','35 MM BWR PINE LAMINATED DOOR','1','35 MM BWR PINE LAMINATED DOOR','Lipping Patti','','2.5 ','Aica',NULL,NULL,NULL,NULL,NULL,NULL,'Wood Pine','35','','',NULL,NULL,8,14,1,1,'SANJAY PATEL',NULL,-1,2,1,2,2,'2024-02-09 14:47:20','2024-02-09 14:51:27',NULL,NULL),(30,42,2,2158,840,NULL,NULL,1,NULL,NULL,NULL,2,1,'1',11,2,3,2,2,NULL,NULL,0,NULL,NULL,NULL,1,NULL,NULL,NULL,NULL,NULL,NULL,NULL,NULL,NULL,NULL,0,NULL,1,NULL,NULL,'CB','Laminated doors','Pine','35','HW FRAME','Wood Pine','W/o Face','UF','2.5 ','1','35 MM BWR PINE LAMINATED DOOR','35 MM BWR PINE LAMINATED DOOR','1','35 MM BWR PINE LAMINATED DOOR','Lipping Patti','','2.5 ','Aica',NULL,NULL,NULL,NULL,NULL,NULL,'Wood Pine','35','','',NULL,NULL,8,14,1,1,'SANJAY PATEL',NULL,-1,1,1,2,2,'2024-02-09 14:47:20','2024-02-09 14:51:27',NULL,NULL),(31,42,2,2142,840,NULL,NULL,1,NULL,NULL,NULL,2,1,'1',11,2,3,2,2,NULL,NULL,0,NULL,NULL,NULL,1,NULL,NULL,NULL,NULL,NULL,NULL,NULL,NULL,NULL,NULL,0,NULL,1,NULL,NULL,'CB','Laminated doors','Pine','35','HW FRAME','Wood Pine','W/o Face','UF','2.5 ','1','35 MM BWR PINE LAMINATED DOOR','35 MM BWR PINE LAMINATED DOOR','1','35 MM BWR PINE LAMINATED DOOR','Lipping Patti','','2.5 ','Aica',NULL,NULL,NULL,NULL,NULL,NULL,'Wood Pine','35','','',NULL,NULL,8,14,1,1,'SANJAY PATEL',NULL,-1,1,1,2,2,'2024-02-09 14:47:20','2024-02-09 14:51:27',NULL,NULL),(32,42,2,2140,837,NULL,NULL,1,NULL,NULL,NULL,2,1,'1',11,2,3,2,2,NULL,NULL,0,NULL,NULL,NULL,1,NULL,NULL,NULL,NULL,NULL,NULL,NULL,NULL,NULL,NULL,0,NULL,1,NULL,NULL,'CB','Laminated doors','Pine','35','HW FRAME','Wood Pine','W/o Face','UF','2.5 ','1','35 MM BWR PINE LAMINATED DOOR','35 MM BWR PINE LAMINATED DOOR','1','35 MM BWR PINE LAMINATED DOOR','Lipping Patti','','2.5 ','Aica',NULL,NULL,NULL,NULL,NULL,NULL,'Wood Pine','35','','',NULL,NULL,8,14,1,1,'SANJAY PATEL',NULL,-1,1,1,2,2,'2024-02-09 14:47:20','2024-02-09 14:51:27',NULL,NULL),(33,42,2,2170,840,NULL,NULL,1,NULL,NULL,NULL,2,1,'1',11,2,3,2,2,NULL,NULL,0,NULL,NULL,NULL,1,NULL,NULL,NULL,NULL,NULL,NULL,NULL,NULL,NULL,NULL,0,NULL,1,NULL,NULL,'CB','Laminated doors','Pine','35','HW FRAME','Wood Pine','W/o Face','UF','2.5 ','1','35 MM BWR PINE LAMINATED DOOR','35 MM BWR PINE LAMINATED DOOR','1','35 MM BWR PINE LAMINATED DOOR','Lipping Patti','','2.5 ','Aica',NULL,NULL,NULL,NULL,NULL,NULL,'Wood Pine','35','','',NULL,NULL,8,14,1,1,'SANJAY PATEL',NULL,-1,1,1,2,2,'2024-02-09 14:47:20','2024-02-09 14:51:27',NULL,NULL),(34,42,2,2140,840,NULL,NULL,3,NULL,NULL,NULL,2,1,'1',11,2,3,2,2,NULL,NULL,0,NULL,NULL,NULL,1,NULL,NULL,NULL,NULL,NULL,NULL,NULL,NULL,NULL,NULL,0,NULL,1,NULL,NULL,'CB','Laminated doors','Pine','35','HW FRAME','Wood Pine','W/o Face','UF','2.5 ','1','35 MM BWR PINE LAMINATED DOOR','35 MM BWR PINE LAMINATED DOOR','1','35 MM BWR PINE LAMINATED DOOR','Lipping Patti','','2.5 ','Aica',NULL,NULL,NULL,NULL,NULL,NULL,'Wood Pine','35','','',NULL,NULL,8,14,1,1,'SANJAY PATEL',NULL,-1,3,1,2,2,'2024-02-09 14:47:20','2024-02-09 14:51:27',NULL,NULL),(35,42,2,2150,827,NULL,NULL,1,NULL,NULL,NULL,2,1,'1',11,2,3,2,2,NULL,NULL,0,NULL,NULL,NULL,1,NULL,NULL,NULL,NULL,NULL,NULL,NULL,NULL,NULL,NULL,0,NULL,1,NULL,NULL,'CB','Laminated doors','Pine','35','HW FRAME','Wood Pine','W/o Face','UF','2.5 ','1','35 MM BWR PINE LAMINATED DOOR','35 MM BWR PINE LAMINATED DOOR','1','35 MM BWR PINE LAMINATED DOOR','Lipping Patti','','2.5 ','Aica',NULL,NULL,NULL,NULL,NULL,NULL,'Wood Pine','35','','',NULL,NULL,8,14,1,1,'SANJAY PATEL',NULL,-1,1,1,2,2,'2024-02-09 14:47:20','2024-02-09 14:51:27',NULL,NULL),(36,42,2,2160,832,NULL,NULL,1,NULL,NULL,NULL,2,1,'1',11,2,3,2,2,NULL,NULL,0,NULL,NULL,NULL,1,NULL,NULL,NULL,NULL,NULL,NULL,NULL,NULL,NULL,NULL,0,NULL,1,NULL,NULL,'CB','Laminated doors','Pine','35','HW FRAME','Wood Pine','W/o Face','UF','2.5 ','1','35 MM BWR PINE LAMINATED DOOR','35 MM BWR PINE LAMINATED DOOR','1','35 MM BWR PINE LAMINATED DOOR','Lipping Patti','','2.5 ','Aica',NULL,NULL,NULL,NULL,NULL,NULL,'Wood Pine','35','','',NULL,NULL,8,14,1,1,'SANJAY PATEL',NULL,-1,1,1,2,2,'2024-02-09 14:47:20','2024-02-09 14:51:27',NULL,NULL),(37,42,2,2138,840,NULL,NULL,1,NULL,NULL,NULL,2,1,'1',11,2,3,2,2,NULL,NULL,0,NULL,NULL,NULL,1,NULL,NULL,NULL,NULL,NULL,NULL,NULL,NULL,NULL,NULL,0,NULL,1,NULL,NULL,'CB','Laminated doors','Pine','35','HW FRAME','Wood Pine','W/o Face','UF','2.5 ','1','35 MM BWR PINE LAMINATED DOOR','35 MM BWR PINE LAMINATED DOOR','1','35 MM BWR PINE LAMINATED DOOR','Lipping Patti','','2.5 ','Aica',NULL,NULL,NULL,NULL,NULL,NULL,'Wood Pine','35','','',NULL,NULL,8,14,1,1,'SANJAY PATEL',NULL,-1,1,1,2,2,'2024-02-09 14:47:20','2024-02-09 14:51:27',NULL,NULL),(38,42,2,2152,840,NULL,NULL,1,NULL,NULL,NULL,2,1,'1',11,2,3,2,2,NULL,NULL,0,NULL,NULL,NULL,1,NULL,NULL,NULL,NULL,NULL,NULL,NULL,NULL,NULL,NULL,0,NULL,1,NULL,NULL,'CB','Laminated doors','Pine','35','HW FRAME','Wood Pine','W/o Face','UF','2.5 ','1','35 MM BWR PINE LAMINATED DOOR','35 MM BWR PINE LAMINATED DOOR','1','35 MM BWR PINE LAMINATED DOOR','Lipping Patti','','2.5 ','Aica',NULL,NULL,NULL,NULL,NULL,NULL,'Wood Pine','35','','',NULL,NULL,8,14,1,1,'SANJAY PATEL',NULL,-1,1,1,2,2,'2024-02-09 14:47:20','2024-02-09 14:51:27',NULL,NULL),(39,42,2,2132,845,NULL,NULL,1,NULL,NULL,NULL,2,1,'1',11,2,3,2,2,NULL,NULL,0,NULL,NULL,NULL,1,NULL,NULL,NULL,NULL,NULL,NULL,NULL,NULL,NULL,NULL,0,NULL,1,NULL,NULL,'CB','Laminated doors','Pine','35','HW FRAME','Wood Pine','W/o Face','UF','2.5 ','1','35 MM BWR PINE LAMINATED DOOR','35 MM BWR PINE LAMINATED DOOR','1','35 MM BWR PINE LAMINATED DOOR','Lipping Patti','','2.5 ','Aica',NULL,NULL,NULL,NULL,NULL,NULL,'Wood Pine','35','','',NULL,NULL,8,14,1,1,'SANJAY PATEL',NULL,-1,1,1,2,2,'2024-02-09 14:47:20','2024-02-09 14:51:27',NULL,NULL),(40,42,2,2135,838,NULL,NULL,1,NULL,NULL,NULL,2,1,'1',11,2,3,2,2,NULL,NULL,0,NULL,NULL,NULL,1,NULL,NULL,NULL,NULL,NULL,NULL,NULL,NULL,NULL,NULL,0,NULL,1,NULL,NULL,'CB','Laminated doors','Pine','35','HW FRAME','Wood Pine','W/o Face','UF','2.5 ','1','35 MM BWR PINE LAMINATED DOOR','35 MM BWR PINE LAMINATED DOOR','1','35 MM BWR PINE LAMINATED DOOR','Lipping Patti','','2.5 ','Aica',NULL,NULL,NULL,NULL,NULL,NULL,'Wood Pine','35','','',NULL,NULL,8,14,1,1,'SANJAY PATEL',NULL,-1,1,1,2,2,'2024-02-09 14:47:20','2024-02-09 14:51:27',NULL,NULL),(41,42,2,2145,814,NULL,NULL,1,NULL,NULL,NULL,2,1,'1',11,2,3,2,2,NULL,NULL,0,NULL,NULL,NULL,1,NULL,NULL,NULL,NULL,NULL,NULL,NULL,NULL,NULL,NULL,0,NULL,1,NULL,NULL,'CB','Laminated doors','Pine','35','HW FRAME','Wood Pine','W/o Face','UF','2.5 ','1','35 MM BWR PINE LAMINATED DOOR','35 MM BWR PINE LAMINATED DOOR','1','35 MM BWR PINE LAMINATED DOOR','Lipping Patti','','2.5 ','Aica',NULL,NULL,NULL,NULL,NULL,NULL,'Wood Pine','35','','',NULL,NULL,8,14,1,1,'SANJAY PATEL',NULL,-1,1,1,2,2,'2024-02-09 14:47:20','2024-02-09 14:51:27',NULL,NULL),(42,42,2,2150,835,NULL,NULL,1,NULL,NULL,NULL,2,1,'1',11,2,3,2,2,NULL,NULL,0,NULL,NULL,NULL,1,NULL,NULL,NULL,NULL,NULL,NULL,NULL,NULL,NULL,NULL,0,NULL,1,NULL,NULL,'CB','Laminated doors','Pine','35','HW FRAME','Wood Pine','W/o Face','UF','2.5 ','1','35 MM BWR PINE LAMINATED DOOR','35 MM BWR PINE LAMINATED DOOR','1','35 MM BWR PINE LAMINATED DOOR','Lipping Patti','','2.5 ','Aica',NULL,NULL,NULL,NULL,NULL,NULL,'Wood Pine','35','','',NULL,NULL,8,14,1,1,'SANJAY PATEL',NULL,-1,1,1,2,2,'2024-02-09 14:47:20','2024-02-09 14:51:27',NULL,NULL),(43,42,2,2130,840,NULL,NULL,1,NULL,NULL,NULL,2,1,'1',11,2,3,2,2,NULL,NULL,0,NULL,NULL,NULL,1,NULL,NULL,NULL,NULL,NULL,NULL,NULL,NULL,NULL,NULL,0,NULL,1,NULL,NULL,'CB','Laminated doors','Pine','35','HW FRAME','Wood Pine','W/o Face','UF','2.5 ','1','35 MM BWR PINE LAMINATED DOOR','35 MM BWR PINE LAMINATED DOOR','1','35 MM BWR PINE LAMINATED DOOR','Lipping Patti','','2.5 ','Aica',NULL,NULL,NULL,NULL,NULL,NULL,'Wood Pine','35','','',NULL,NULL,8,14,1,1,'SANJAY PATEL',NULL,-1,1,1,2,2,'2024-02-09 14:47:20','2024-02-09 14:51:27',NULL,NULL),(44,42,2,2152,838,NULL,NULL,1,NULL,NULL,NULL,2,1,'1',11,2,3,2,2,NULL,NULL,0,NULL,NULL,NULL,1,NULL,NULL,NULL,NULL,NULL,NULL,NULL,NULL,NULL,NULL,0,NULL,1,NULL,NULL,'CB','Laminated doors','Pine','35','HW FRAME','Wood Pine','W/o Face','UF','2.5 ','1','35 MM BWR PINE LAMINATED DOOR','35 MM BWR PINE LAMINATED DOOR','1','35 MM BWR PINE LAMINATED DOOR','Lipping Patti','','2.5 ','Aica',NULL,NULL,NULL,NULL,NULL,NULL,'Wood Pine','35','','',NULL,NULL,8,14,1,1,'SANJAY PATEL',NULL,-1,1,1,2,2,'2024-02-09 14:47:20','2024-02-09 14:51:27',NULL,NULL),(45,42,2,2148,838,NULL,NULL,1,NULL,NULL,NULL,2,1,'1',11,2,3,2,2,NULL,NULL,0,NULL,NULL,NULL,1,NULL,NULL,NULL,NULL,NULL,NULL,NULL,NULL,NULL,NULL,0,NULL,1,NULL,NULL,'CB','Laminated doors','Pine','35','HW FRAME','Wood Pine','W/o Face','UF','2.5 ','1','35 MM BWR PINE LAMINATED DOOR','35 MM BWR PINE LAMINATED DOOR','1','35 MM BWR PINE LAMINATED DOOR','Lipping Patti','','2.5 ','Aica',NULL,NULL,NULL,NULL,NULL,NULL,'Wood Pine','35','','',NULL,NULL,8,14,1,1,'SANJAY PATEL',NULL,-1,1,1,2,2,'2024-02-09 14:47:20','2024-02-09 14:51:27',NULL,NULL),(46,42,7,2170,678,NULL,NULL,2,NULL,NULL,NULL,2,1,'1',11,2,3,2,2,NULL,NULL,0,NULL,NULL,NULL,1,NULL,NULL,NULL,NULL,NULL,NULL,NULL,NULL,NULL,NULL,0,NULL,1,NULL,NULL,'DRB','Laminated doors','Pine','35','HW FRAME','Wood Pine','W/o Face','UF','2.5 ','1','35 MM BWR PINE LAMINATED DOOR','35 MM BWR PINE LAMINATED DOOR','1','35 MM BWR PINE LAMINATED DOOR','Lipping Patti','','2.5 ','Aica',NULL,NULL,NULL,NULL,NULL,NULL,'Wood Pine','35','','',NULL,NULL,8,14,1,1,'SANJAY PATEL',NULL,-1,2,1,2,2,'2024-02-09 14:47:20','2024-02-09 14:51:27',NULL,NULL),(47,42,7,2160,675,NULL,NULL,2,NULL,NULL,NULL,2,1,'1',11,2,3,2,2,NULL,NULL,0,NULL,NULL,NULL,1,NULL,NULL,NULL,NULL,NULL,NULL,NULL,NULL,NULL,NULL,0,NULL,1,NULL,NULL,'DRB','Laminated doors','Pine','35','HW FRAME','Wood Pine','W/o Face','UF','2.5 ','1','35 MM BWR PINE LAMINATED DOOR','35 MM BWR PINE LAMINATED DOOR','1','35 MM BWR PINE LAMINATED DOOR','Lipping Patti','','2.5 ','Aica',NULL,NULL,NULL,NULL,NULL,NULL,'Wood Pine','35','','',NULL,NULL,8,14,1,1,'SANJAY PATEL',NULL,-1,2,1,2,2,'2024-02-09 14:47:21','2024-02-09 14:51:27',NULL,NULL),(48,42,7,2165,677,NULL,NULL,1,NULL,NULL,NULL,2,1,'1',11,2,3,2,2,NULL,NULL,0,NULL,NULL,NULL,1,NULL,NULL,NULL,NULL,NULL,NULL,NULL,NULL,NULL,NULL,0,NULL,1,NULL,NULL,'DRB','Laminated doors','Pine','35','HW FRAME','Wood Pine','W/o Face','UF','2.5 ','1','35 MM BWR PINE LAMINATED DOOR','35 MM BWR PINE LAMINATED DOOR','1','35 MM BWR PINE LAMINATED DOOR','Lipping Patti','','2.5 ','Aica',NULL,NULL,NULL,NULL,NULL,NULL,'Wood Pine','35','','',NULL,NULL,8,14,1,1,'SANJAY PATEL',NULL,-1,1,1,2,2,'2024-02-09 14:47:21','2024-02-09 14:51:27',NULL,NULL),(49,42,7,2170,675,NULL,NULL,2,NULL,NULL,NULL,2,1,'1',11,2,3,2,2,NULL,NULL,0,NULL,NULL,NULL,1,NULL,NULL,NULL,NULL,NULL,NULL,NULL,NULL,NULL,NULL,0,NULL,1,NULL,NULL,'DRB','Laminated doors','Pine','35','HW FRAME','Wood Pine','W/o Face','UF','2.5 ','1','35 MM BWR PINE LAMINATED DOOR','35 MM BWR PINE LAMINATED DOOR','1','35 MM BWR PINE LAMINATED DOOR','Lipping Patti','','2.5 ','Aica',NULL,NULL,NULL,NULL,NULL,NULL,'Wood Pine','35','','',NULL,NULL,8,14,1,1,'SANJAY PATEL',NULL,-1,2,1,2,2,'2024-02-09 14:47:21','2024-02-09 14:51:27',NULL,NULL),(50,42,7,2145,680,NULL,NULL,2,NULL,NULL,NULL,2,1,'1',11,2,3,2,2,NULL,NULL,0,NULL,NULL,NULL,1,NULL,NULL,NULL,NULL,NULL,NULL,NULL,NULL,NULL,NULL,0,NULL,1,NULL,NULL,'DRB','Laminated doors','Pine','35','HW FRAME','Wood Pine','W/o Face','UF','2.5 ','1','35 MM BWR PINE LAMINATED DOOR','35 MM BWR PINE LAMINATED DOOR','1','35 MM BWR PINE LAMINATED DOOR','Lipping Patti','','2.5 ','Aica',NULL,NULL,NULL,NULL,NULL,NULL,'Wood Pine','35','','',NULL,NULL,8,14,1,1,'SANJAY PATEL',NULL,-1,2,1,2,2,'2024-02-09 14:47:21','2024-02-09 14:51:28',NULL,NULL),(51,42,7,2165,678,NULL,NULL,1,NULL,NULL,NULL,2,1,'1',11,2,3,2,2,NULL,NULL,0,NULL,NULL,NULL,1,NULL,NULL,NULL,NULL,NULL,NULL,NULL,NULL,NULL,NULL,0,NULL,1,NULL,NULL,'DRB','Laminated doors','Pine','35','HW FRAME','Wood Pine','W/o Face','UF','2.5 ','1','35 MM BWR PINE LAMINATED DOOR','35 MM BWR PINE LAMINATED DOOR','1','35 MM BWR PINE LAMINATED DOOR','Lipping Patti','','2.5 ','Aica',NULL,NULL,NULL,NULL,NULL,NULL,'Wood Pine','35','','',NULL,NULL,8,14,1,1,'SANJAY PATEL',NULL,-1,1,1,2,2,'2024-02-09 14:47:21','2024-02-09 14:51:28',NULL,NULL),(52,42,7,2190,677,NULL,NULL,1,NULL,NULL,NULL,2,1,'1',11,2,3,2,2,NULL,NULL,0,NULL,NULL,NULL,1,NULL,NULL,NULL,NULL,NULL,NULL,NULL,NULL,NULL,NULL,0,NULL,1,NULL,NULL,'DRB','Laminated doors','Pine','35','HW FRAME','Wood Pine','W/o Face','UF','2.5 ','1','35 MM BWR PINE LAMINATED DOOR','35 MM BWR PINE LAMINATED DOOR','1','35 MM BWR PINE LAMINATED DOOR','Lipping Patti','','2.5 ','Aica',NULL,NULL,NULL,NULL,NULL,NULL,'Wood Pine','35','','',NULL,NULL,8,14,1,1,'SANJAY PATEL',NULL,-1,1,1,2,2,'2024-02-09 14:47:21','2024-02-09 14:51:28',NULL,NULL),(53,42,7,2160,680,NULL,NULL,1,NULL,NULL,NULL,2,1,'1',11,2,3,2,2,NULL,NULL,0,NULL,NULL,NULL,1,NULL,NULL,NULL,NULL,NULL,NULL,NULL,NULL,NULL,NULL,0,NULL,1,NULL,NULL,'DRB','Laminated doors','Pine','35','HW FRAME','Wood Pine','W/o Face','UF','2.5 ','1','35 MM BWR PINE LAMINATED DOOR','35 MM BWR PINE LAMINATED DOOR','1','35 MM BWR PINE LAMINATED DOOR','Lipping Patti','','2.5 ','Aica',NULL,NULL,NULL,NULL,NULL,NULL,'Wood Pine','35','','',NULL,NULL,8,14,1,1,'SANJAY PATEL',NULL,-1,1,1,2,2,'2024-02-09 14:47:21','2024-02-09 14:51:28',NULL,NULL),(54,42,7,2140,680,NULL,NULL,1,NULL,NULL,NULL,2,1,'1',11,2,3,2,2,NULL,NULL,0,NULL,NULL,NULL,1,NULL,NULL,NULL,NULL,NULL,NULL,NULL,NULL,NULL,NULL,0,NULL,1,NULL,NULL,'DRB','Laminated doors','Pine','35','HW FRAME','Wood Pine','W/o Face','UF','2.5 ','1','35 MM BWR PINE LAMINATED DOOR','35 MM BWR PINE LAMINATED DOOR','1','35 MM BWR PINE LAMINATED DOOR','Lipping Patti','','2.5 ','Aica',NULL,NULL,NULL,NULL,NULL,NULL,'Wood Pine','35','','',NULL,NULL,8,14,1,1,'SANJAY PATEL',NULL,-1,1,1,2,2,'2024-02-09 14:47:21','2024-02-09 14:51:28',NULL,NULL),(55,42,7,2160,682,NULL,NULL,3,NULL,NULL,NULL,2,1,'1',11,2,3,2,2,NULL,NULL,0,NULL,NULL,NULL,1,NULL,NULL,NULL,NULL,NULL,NULL,NULL,NULL,NULL,NULL,0,NULL,1,NULL,NULL,'DRB','Laminated doors','Pine','35','HW FRAME','Wood Pine','W/o Face','UF','2.5 ','1','35 MM BWR PINE LAMINATED DOOR','35 MM BWR PINE LAMINATED DOOR','1','35 MM BWR PINE LAMINATED DOOR','Lipping Patti','','2.5 ','Aica',NULL,NULL,NULL,NULL,NULL,NULL,'Wood Pine','35','','',NULL,NULL,8,14,1,1,'SANJAY PATEL',NULL,-1,3,1,2,2,'2024-02-09 14:47:21','2024-02-09 14:51:28',NULL,NULL),(56,42,7,2170,683,NULL,NULL,1,NULL,NULL,NULL,2,1,'1',11,2,3,2,2,NULL,NULL,0,NULL,NULL,NULL,1,NULL,NULL,NULL,NULL,NULL,NULL,NULL,NULL,NULL,NULL,0,NULL,1,NULL,NULL,'DRB','Laminated doors','Pine','35','HW FRAME','Wood Pine','W/o Face','UF','2.5 ','1','35 MM BWR PINE LAMINATED DOOR','35 MM BWR PINE LAMINATED DOOR','1','35 MM BWR PINE LAMINATED DOOR','Lipping Patti','','2.5 ','Aica',NULL,NULL,NULL,NULL,NULL,NULL,'Wood Pine','35','','',NULL,NULL,8,14,1,1,'SANJAY PATEL',NULL,-1,1,1,2,2,'2024-02-09 14:47:21','2024-02-09 14:51:28',NULL,NULL),(57,42,7,2160,678,NULL,NULL,1,NULL,NULL,NULL,2,1,'1',11,2,3,2,2,NULL,NULL,0,NULL,NULL,NULL,1,NULL,NULL,NULL,NULL,NULL,NULL,NULL,NULL,NULL,NULL,0,NULL,1,NULL,NULL,'DRB','Laminated doors','Pine','35','HW FRAME','Wood Pine','W/o Face','UF','2.5 ','1','35 MM BWR PINE LAMINATED DOOR','35 MM BWR PINE LAMINATED DOOR','1','35 MM BWR PINE LAMINATED DOOR','Lipping Patti','','2.5 ','Aica',NULL,NULL,NULL,NULL,NULL,NULL,'Wood Pine','35','','',NULL,NULL,8,14,1,1,'SANJAY PATEL',NULL,-1,1,1,2,2,'2024-02-09 14:47:21','2024-02-09 14:51:28',NULL,NULL),(58,42,7,2155,675,NULL,NULL,1,NULL,NULL,NULL,2,1,'1',11,2,3,2,2,NULL,NULL,0,NULL,NULL,NULL,1,NULL,NULL,NULL,NULL,NULL,NULL,NULL,NULL,NULL,NULL,0,NULL,1,NULL,NULL,'DRB','Laminated doors','Pine','35','HW FRAME','Wood Pine','W/o Face','UF','2.5 ','1','35 MM BWR PINE LAMINATED DOOR','35 MM BWR PINE LAMINATED DOOR','1','35 MM BWR PINE LAMINATED DOOR','Lipping Patti','','2.5 ','Aica',NULL,NULL,NULL,NULL,NULL,NULL,'Wood Pine','35','','',NULL,NULL,8,14,1,1,'SANJAY PATEL',NULL,-1,1,1,2,2,'2024-02-09 14:47:21','2024-02-09 14:51:28',NULL,NULL),(59,42,7,2150,680,NULL,NULL,1,NULL,NULL,NULL,2,1,'1',11,2,3,2,2,NULL,NULL,0,NULL,NULL,NULL,1,NULL,NULL,NULL,NULL,NULL,NULL,NULL,NULL,NULL,NULL,0,NULL,1,NULL,NULL,'DRB','Laminated doors','Pine','35','HW FRAME','Wood Pine','W/o Face','UF','2.5 ','1','35 MM BWR PINE LAMINATED DOOR','35 MM BWR PINE LAMINATED DOOR','1','35 MM BWR PINE LAMINATED DOOR','Lipping Patti','','2.5 ','Aica',NULL,NULL,NULL,NULL,NULL,NULL,'Wood Pine','35','','',NULL,NULL,8,14,1,1,'SANJAY PATEL',NULL,-1,1,1,2,2,'2024-02-09 14:47:21','2024-02-09 14:51:28',NULL,NULL),(60,42,4,2155,840,NULL,NULL,1,NULL,NULL,NULL,2,1,'1',11,2,3,2,2,NULL,NULL,0,NULL,NULL,NULL,1,NULL,NULL,NULL,NULL,NULL,NULL,NULL,NULL,NULL,NULL,0,NULL,1,NULL,NULL,'GB','Laminated doors','Pine','35','HW FRAME','Wood Pine','W/o Face','UF','2.5 ','1','35 MM BWR PINE LAMINATED DOOR','35 MM BWR PINE LAMINATED DOOR','1','35 MM BWR PINE LAMINATED DOOR','Lipping Patti','','2.5 ','Aica',NULL,NULL,NULL,NULL,NULL,NULL,'Wood Pine','35','','',NULL,NULL,8,14,1,1,'SANJAY PATEL',NULL,-1,1,1,2,2,'2024-02-09 14:47:21','2024-02-09 14:51:28',NULL,NULL),(61,42,4,2132,840,NULL,NULL,1,NULL,NULL,NULL,2,1,'1',11,2,3,2,2,NULL,NULL,0,NULL,NULL,NULL,1,NULL,NULL,NULL,NULL,NULL,NULL,NULL,NULL,NULL,NULL,0,NULL,1,NULL,NULL,'GB','Laminated doors','Pine','35','HW FRAME','Wood Pine','W/o Face','UF','2.5 ','1','35 MM BWR PINE LAMINATED DOOR','35 MM BWR PINE LAMINATED DOOR','1','35 MM BWR PINE LAMINATED DOOR','Lipping Patti','','2.5 ','Aica',NULL,NULL,NULL,NULL,NULL,NULL,'Wood Pine','35','','',NULL,NULL,8,14,1,1,'SANJAY PATEL',NULL,-1,1,1,2,2,'2024-02-09 14:47:21','2024-02-09 14:51:28',NULL,NULL),(62,42,4,2150,840,NULL,NULL,1,NULL,NULL,NULL,2,1,'1',11,2,3,2,2,NULL,NULL,0,NULL,NULL,NULL,1,NULL,NULL,NULL,NULL,NULL,NULL,NULL,NULL,NULL,NULL,0,NULL,1,NULL,NULL,'GB','Laminated doors','Pine','35','HW FRAME','Wood Pine','W/o Face','UF','2.5 ','1','35 MM BWR PINE LAMINATED DOOR','35 MM BWR PINE LAMINATED DOOR','1','35 MM BWR PINE LAMINATED DOOR','Lipping Patti','','2.5 ','Aica',NULL,NULL,NULL,NULL,NULL,NULL,'Wood Pine','35','','',NULL,NULL,8,14,1,1,'SANJAY PATEL',NULL,-1,1,1,2,2,'2024-02-09 14:47:21','2024-02-09 14:51:28',NULL,NULL),(63,42,4,2148,845,NULL,NULL,1,NULL,NULL,NULL,2,1,'1',11,2,3,2,2,NULL,NULL,0,NULL,NULL,NULL,1,NULL,NULL,NULL,NULL,NULL,NULL,NULL,NULL,NULL,NULL,0,NULL,1,NULL,NULL,'GB','Laminated doors','Pine','35','HW FRAME','Wood Pine','W/o Face','UF','2.5 ','1','35 MM BWR PINE LAMINATED DOOR','35 MM BWR PINE LAMINATED DOOR','1','35 MM BWR PINE LAMINATED DOOR','Lipping Patti','','2.5 ','Aica',NULL,NULL,NULL,NULL,NULL,NULL,'Wood Pine','35','','',NULL,NULL,8,14,1,1,'SANJAY PATEL',NULL,-1,1,1,2,2,'2024-02-09 14:47:21','2024-02-09 14:51:28',NULL,NULL),(64,42,4,2135,850,NULL,NULL,1,NULL,NULL,NULL,2,1,'1',11,2,3,2,2,NULL,NULL,0,NULL,NULL,NULL,1,NULL,NULL,NULL,NULL,NULL,NULL,NULL,NULL,NULL,NULL,0,NULL,1,NULL,NULL,'GB','Laminated doors','Pine','35','HW FRAME','Wood Pine','W/o Face','UF','2.5 ','1','35 MM BWR PINE LAMINATED DOOR','35 MM BWR PINE LAMINATED DOOR','1','35 MM BWR PINE LAMINATED DOOR','Lipping Patti','','2.5 ','Aica',NULL,NULL,NULL,NULL,NULL,NULL,'Wood Pine','35','','',NULL,NULL,8,14,1,1,'SANJAY PATEL',NULL,-1,1,1,2,2,'2024-02-09 14:47:21','2024-02-09 14:51:28',NULL,NULL),(65,42,4,2145,835,NULL,NULL,1,NULL,NULL,NULL,2,1,'1',11,2,3,2,2,NULL,NULL,0,NULL,NULL,NULL,1,NULL,NULL,NULL,NULL,NULL,NULL,NULL,NULL,NULL,NULL,0,NULL,1,NULL,NULL,'GB','Laminated doors','Pine','35','HW FRAME','Wood Pine','W/o Face','UF','2.5 ','1','35 MM BWR PINE LAMINATED DOOR','35 MM BWR PINE LAMINATED DOOR','1','35 MM BWR PINE LAMINATED DOOR','Lipping Patti','','2.5 ','Aica',NULL,NULL,NULL,NULL,NULL,NULL,'Wood Pine','35','','',NULL,NULL,8,14,1,1,'SANJAY PATEL',NULL,-1,1,1,2,2,'2024-02-09 14:47:21','2024-02-09 14:51:28',NULL,NULL),(66,42,4,2142,840,NULL,NULL,1,NULL,NULL,NULL,2,1,'1',11,2,3,2,2,NULL,NULL,0,NULL,NULL,NULL,1,NULL,NULL,NULL,NULL,NULL,NULL,NULL,NULL,NULL,NULL,0,NULL,1,NULL,NULL,'GB','Laminated doors','Pine','35','HW FRAME','Wood Pine','W/o Face','UF','2.5 ','1','35 MM BWR PINE LAMINATED DOOR','35 MM BWR PINE LAMINATED DOOR','1','35 MM BWR PINE LAMINATED DOOR','Lipping Patti','','2.5 ','Aica',NULL,NULL,NULL,NULL,NULL,NULL,'Wood Pine','35','','',NULL,NULL,8,14,1,1,'SANJAY PATEL',NULL,-1,1,1,2,2,'2024-02-09 14:47:21','2024-02-09 14:51:28',NULL,NULL),(67,42,4,2140,833,NULL,NULL,1,NULL,NULL,NULL,2,1,'1',11,2,3,2,2,NULL,NULL,0,NULL,NULL,NULL,1,NULL,NULL,NULL,NULL,NULL,NULL,NULL,NULL,NULL,NULL,0,NULL,1,NULL,NULL,'GB','Laminated doors','Pine','35','HW FRAME','Wood Pine','W/o Face','UF','2.5 ','1','35 MM BWR PINE LAMINATED DOOR','35 MM BWR PINE LAMINATED DOOR','1','35 MM BWR PINE LAMINATED DOOR','Lipping Patti','','2.5 ','Aica',NULL,NULL,NULL,NULL,NULL,NULL,'Wood Pine','35','','',NULL,NULL,8,14,1,1,'SANJAY PATEL',NULL,-1,1,1,2,2,'2024-02-09 14:47:21','2024-02-09 14:51:28',NULL,NULL),(68,42,1,2120,842,NULL,NULL,1,NULL,NULL,NULL,2,1,'1',11,2,3,2,2,NULL,NULL,0,NULL,NULL,NULL,1,NULL,NULL,NULL,NULL,NULL,NULL,NULL,NULL,NULL,NULL,0,NULL,1,NULL,NULL,'MB','Laminated doors','Pine','35','HW FRAME','Wood Pine','W/o Face','UF','2.5 ','1','35 MM BWR PINE LAMINATED DOOR','35 MM BWR PINE LAMINATED DOOR','1','35 MM BWR PINE LAMINATED DOOR','Lipping Patti','','2.5 ','Aica',NULL,NULL,NULL,NULL,NULL,NULL,'Wood Pine','35','','',NULL,NULL,8,14,1,1,'SANJAY PATEL',NULL,-1,1,1,2,2,'2024-02-09 14:47:22','2024-02-09 14:51:28',NULL,NULL),(69,42,1,2148,842,NULL,NULL,1,NULL,NULL,NULL,2,1,'1',11,2,3,2,2,NULL,NULL,0,NULL,NULL,NULL,1,NULL,NULL,NULL,NULL,NULL,NULL,NULL,NULL,NULL,NULL,0,NULL,1,NULL,NULL,'MB','Laminated doors','Pine','35','HW FRAME','Wood Pine','W/o Face','UF','2.5 ','1','35 MM BWR PINE LAMINATED DOOR','35 MM BWR PINE LAMINATED DOOR','1','35 MM BWR PINE LAMINATED DOOR','Lipping Patti','','2.5 ','Aica',NULL,NULL,NULL,NULL,NULL,NULL,'Wood Pine','35','','',NULL,NULL,8,14,1,1,'SANJAY PATEL',NULL,-1,1,1,2,2,'2024-02-09 14:47:22','2024-02-09 14:51:28',NULL,NULL),(70,42,1,2155,840,NULL,NULL,1,NULL,NULL,NULL,2,1,'1',11,2,3,2,2,NULL,NULL,0,NULL,NULL,NULL,1,NULL,NULL,NULL,NULL,NULL,NULL,NULL,NULL,NULL,NULL,0,NULL,1,NULL,NULL,'MB','Laminated doors','Pine','35','HW FRAME','Wood Pine','W/o Face','UF','2.5 ','1','35 MM BWR PINE LAMINATED DOOR','35 MM BWR PINE LAMINATED DOOR','1','35 MM BWR PINE LAMINATED DOOR','Lipping Patti','','2.5 ','Aica',NULL,NULL,NULL,NULL,NULL,NULL,'Wood Pine','35','','',NULL,NULL,8,14,1,1,'SANJAY PATEL',NULL,-1,1,1,2,2,'2024-02-09 14:47:22','2024-02-09 14:51:28',NULL,NULL),(71,42,1,2140,843,NULL,NULL,1,NULL,NULL,NULL,2,1,'1',11,2,3,2,2,NULL,NULL,0,NULL,NULL,NULL,1,NULL,NULL,NULL,NULL,NULL,NULL,NULL,NULL,NULL,NULL,0,NULL,1,NULL,NULL,'MB','Laminated doors','Pine','35','HW FRAME','Wood Pine','W/o Face','UF','2.5 ','1','35 MM BWR PINE LAMINATED DOOR','35 MM BWR PINE LAMINATED DOOR','1','35 MM BWR PINE LAMINATED DOOR','Lipping Patti','','2.5 ','Aica',NULL,NULL,NULL,NULL,NULL,NULL,'Wood Pine','35','','',NULL,NULL,8,14,1,1,'SANJAY PATEL',NULL,-1,1,1,2,2,'2024-02-09 14:47:22','2024-02-09 14:51:28',NULL,NULL),(72,42,1,2150,838,NULL,NULL,1,NULL,NULL,NULL,2,1,'1',11,2,3,2,2,NULL,NULL,0,NULL,NULL,NULL,1,NULL,NULL,NULL,NULL,NULL,NULL,NULL,NULL,NULL,NULL,0,NULL,1,NULL,NULL,'MB','Laminated doors','Pine','35','HW FRAME','Wood Pine','W/o Face','UF','2.5 ','1','35 MM BWR PINE LAMINATED DOOR','35 MM BWR PINE LAMINATED DOOR','1','35 MM BWR PINE LAMINATED DOOR','Lipping Patti','','2.5 ','Aica',NULL,NULL,NULL,NULL,NULL,NULL,'Wood Pine','35','','',NULL,NULL,8,14,1,1,'SANJAY PATEL',NULL,-1,1,1,2,2,'2024-02-09 14:47:22','2024-02-09 14:51:28',NULL,NULL),(73,42,1,2135,840,NULL,NULL,2,NULL,NULL,NULL,2,1,'1',11,2,3,2,2,NULL,NULL,0,NULL,NULL,NULL,1,NULL,NULL,NULL,NULL,NULL,NULL,NULL,NULL,NULL,NULL,0,NULL,1,NULL,NULL,'MB','Laminated doors','Pine','35','HW FRAME','Wood Pine','W/o Face','UF','2.5 ','1','35 MM BWR PINE LAMINATED DOOR','35 MM BWR PINE LAMINATED DOOR','1','35 MM BWR PINE LAMINATED DOOR','Lipping Patti','','2.5 ','Aica',NULL,NULL,NULL,NULL,NULL,NULL,'Wood Pine','35','','',NULL,NULL,8,14,1,1,'SANJAY PATEL',NULL,-1,2,1,2,2,'2024-02-09 14:47:22','2024-02-09 14:51:28',NULL,NULL),(74,42,1,2138,843,NULL,NULL,1,NULL,NULL,NULL,2,1,'1',11,2,3,2,2,NULL,NULL,0,NULL,NULL,NULL,1,NULL,NULL,NULL,NULL,NULL,NULL,NULL,NULL,NULL,NULL,0,NULL,1,NULL,NULL,'MB','Laminated doors','Pine','35','HW FRAME','Wood Pine','W/o Face','UF','2.5 ','1','35 MM BWR PINE LAMINATED DOOR','35 MM BWR PINE LAMINATED DOOR','1','35 MM BWR PINE LAMINATED DOOR','Lipping Patti','','2.5 ','Aica',NULL,NULL,NULL,NULL,NULL,NULL,'Wood Pine','35','','',NULL,NULL,8,14,1,1,'SANJAY PATEL',NULL,-1,1,1,2,2,'2024-02-09 14:47:22','2024-02-09 14:51:28',NULL,NULL),(75,42,1,2152,843,NULL,NULL,1,NULL,NULL,NULL,2,1,'1',11,2,3,2,2,NULL,NULL,0,NULL,NULL,NULL,1,NULL,NULL,NULL,NULL,NULL,NULL,NULL,NULL,NULL,NULL,0,NULL,1,NULL,NULL,'MB','Laminated doors','Pine','35','HW FRAME','Wood Pine','W/o Face','UF','2.5 ','1','35 MM BWR PINE LAMINATED DOOR','35 MM BWR PINE LAMINATED DOOR','1','35 MM BWR PINE LAMINATED DOOR','Lipping Patti','','2.5 ','Aica',NULL,NULL,NULL,NULL,NULL,NULL,'Wood Pine','35','','',NULL,NULL,8,14,1,1,'SANJAY PATEL',NULL,-1,1,1,2,2,'2024-02-09 14:47:22','2024-02-09 14:51:28',NULL,NULL),(76,42,1,2150,840,NULL,NULL,1,NULL,NULL,NULL,2,1,'1',11,2,3,2,2,NULL,NULL,0,NULL,NULL,NULL,1,NULL,NULL,NULL,NULL,NULL,NULL,NULL,NULL,NULL,NULL,0,NULL,1,NULL,NULL,'MB','Laminated doors','Pine','35','HW FRAME','Wood Pine','W/o Face','UF','2.5 ','1','35 MM BWR PINE LAMINATED DOOR','35 MM BWR PINE LAMINATED DOOR','1','35 MM BWR PINE LAMINATED DOOR','Lipping Patti','','2.5 ','Aica',NULL,NULL,NULL,NULL,NULL,NULL,'Wood Pine','35','','',NULL,NULL,8,14,1,1,'SANJAY PATEL',NULL,-1,1,1,2,2,'2024-02-09 14:47:22','2024-02-09 14:51:28',NULL,NULL),(77,42,1,2130,842,NULL,NULL,1,NULL,NULL,NULL,2,1,'1',11,2,3,2,2,NULL,NULL,0,NULL,NULL,NULL,1,NULL,NULL,NULL,NULL,NULL,NULL,NULL,NULL,NULL,NULL,0,NULL,1,NULL,NULL,'MB','Laminated doors','Pine','35','HW FRAME','Wood Pine','W/o Face','UF','2.5 ','1','35 MM BWR PINE LAMINATED DOOR','35 MM BWR PINE LAMINATED DOOR','1','35 MM BWR PINE LAMINATED DOOR','Lipping Patti','','2.5 ','Aica',NULL,NULL,NULL,NULL,NULL,NULL,'Wood Pine','35','','',NULL,NULL,8,14,1,1,'SANJAY PATEL',NULL,-1,1,1,2,2,'2024-02-09 14:47:22','2024-02-09 14:51:28',NULL,NULL),(78,42,1,2140,842,NULL,NULL,2,NULL,NULL,NULL,2,1,'1',11,2,3,2,2,NULL,NULL,0,NULL,NULL,NULL,1,NULL,NULL,NULL,NULL,NULL,NULL,NULL,NULL,NULL,NULL,0,NULL,1,NULL,NULL,'MB','Laminated doors','Pine','35','HW FRAME','Wood Pine','W/o Face','UF','2.5 ','1','35 MM BWR PINE LAMINATED DOOR','35 MM BWR PINE LAMINATED DOOR','1','35 MM BWR PINE LAMINATED DOOR','Lipping Patti','','2.5 ','Aica',NULL,NULL,NULL,NULL,NULL,NULL,'Wood Pine','35','','',NULL,NULL,8,14,1,1,'SANJAY PATEL',NULL,-1,2,1,2,2,'2024-02-09 14:47:22','2024-02-09 14:51:28',NULL,NULL),(79,42,1,2152,842,NULL,NULL,2,NULL,NULL,NULL,2,1,'1',11,2,3,2,2,NULL,NULL,0,NULL,NULL,NULL,1,NULL,NULL,NULL,NULL,NULL,NULL,NULL,NULL,NULL,NULL,0,NULL,1,NULL,NULL,'MB','Laminated doors','Pine','35','HW FRAME','Wood Pine','W/o Face','UF','2.5 ','1','35 MM BWR PINE LAMINATED DOOR','35 MM BWR PINE LAMINATED DOOR','1','35 MM BWR PINE LAMINATED DOOR','Lipping Patti','','2.5 ','Aica',NULL,NULL,NULL,NULL,NULL,NULL,'Wood Pine','35','','',NULL,NULL,8,14,1,1,'SANJAY PATEL',NULL,-1,2,1,2,2,'2024-02-09 14:47:22','2024-02-09 14:51:28',NULL,NULL),(80,42,1,2142,842,NULL,NULL,1,NULL,NULL,NULL,2,1,'1',11,2,3,2,2,NULL,NULL,0,NULL,NULL,NULL,1,NULL,NULL,NULL,NULL,NULL,NULL,NULL,NULL,NULL,NULL,0,NULL,1,NULL,NULL,'MB','Laminated doors','Pine','35','HW FRAME','Wood Pine','W/o Face','UF','2.5 ','1','35 MM BWR PINE LAMINATED DOOR','35 MM BWR PINE LAMINATED DOOR','1','35 MM BWR PINE LAMINATED DOOR','Lipping Patti','','2.5 ','Aica',NULL,NULL,NULL,NULL,NULL,NULL,'Wood Pine','35','','',NULL,NULL,8,14,1,1,'SANJAY PATEL',NULL,-1,1,1,2,2,'2024-02-09 14:47:22','2024-02-09 14:51:28',NULL,NULL),(81,42,1,2142,840,NULL,NULL,1,NULL,NULL,NULL,2,1,'1',11,2,3,2,2,NULL,NULL,0,NULL,NULL,NULL,1,NULL,NULL,NULL,NULL,NULL,NULL,NULL,NULL,NULL,NULL,0,NULL,1,NULL,NULL,'MB','Laminated doors','Pine','35','HW FRAME','Wood Pine','W/o Face','UF','2.5 ','1','35 MM BWR PINE LAMINATED DOOR','35 MM BWR PINE LAMINATED DOOR','1','35 MM BWR PINE LAMINATED DOOR','Lipping Patti','','2.5 ','Aica',NULL,NULL,NULL,NULL,NULL,NULL,'Wood Pine','35','','',NULL,NULL,8,14,1,1,'SANJAY PATEL',NULL,-1,1,1,2,2,'2024-02-09 14:47:22','2024-02-09 14:51:28',NULL,NULL),(82,42,1,2152,840,NULL,NULL,2,NULL,NULL,NULL,2,1,'1',11,2,3,2,2,NULL,NULL,0,NULL,NULL,NULL,1,NULL,NULL,NULL,NULL,NULL,NULL,NULL,NULL,NULL,NULL,0,NULL,1,NULL,NULL,'MB','Laminated doors','Pine','35','HW FRAME','Wood Pine','W/o Face','UF','2.5 ','1','35 MM BWR PINE LAMINATED DOOR','35 MM BWR PINE LAMINATED DOOR','1','35 MM BWR PINE LAMINATED DOOR','Lipping Patti','','2.5 ','Aica',NULL,NULL,NULL,NULL,NULL,NULL,'Wood Pine','35','','',NULL,NULL,8,14,1,1,'SANJAY PATEL',NULL,-1,2,1,2,2,'2024-02-09 14:47:22','2024-02-09 14:51:28',NULL,NULL),(83,42,1,2165,840,NULL,NULL,1,NULL,NULL,NULL,2,1,'1',11,2,3,2,2,NULL,NULL,0,NULL,NULL,NULL,1,NULL,NULL,NULL,NULL,NULL,NULL,NULL,NULL,NULL,NULL,0,NULL,1,NULL,NULL,'MB','Laminated doors','Pine','35','HW FRAME','Wood Pine','W/o Face','UF','2.5 ','1','35 MM BWR PINE LAMINATED DOOR','35 MM BWR PINE LAMINATED DOOR','1','35 MM BWR PINE LAMINATED DOOR','Lipping Patti','','2.5 ','Aica',NULL,NULL,NULL,NULL,NULL,NULL,'Wood Pine','35','','',NULL,NULL,8,14,1,1,'SANJAY PATEL',NULL,-1,1,1,2,2,'2024-02-09 14:47:22','2024-02-09 14:51:28',NULL,NULL),(84,42,3,2125,975,NULL,NULL,2,NULL,NULL,NULL,2,1,'1',11,2,3,2,2,NULL,NULL,0,NULL,NULL,NULL,1,NULL,NULL,NULL,NULL,NULL,NULL,NULL,NULL,NULL,NULL,0,NULL,1,NULL,NULL,'MD','Laminated doors','Pine','35','HW FRAME','Wood Pine','W/o Face','UF','2.5 ','1','35 MM BWR PINE LAMINATED DOOR','35 MM BWR PINE LAMINATED DOOR','1','35 MM BWR PINE LAMINATED DOOR','Lipping Patti','','2.5 ','Aica',NULL,NULL,NULL,NULL,NULL,NULL,'Wood Pine','35','','',NULL,NULL,8,14,1,1,'SANJAY PATEL',NULL,-1,2,1,2,2,'2024-02-09 14:47:22','2024-02-09 14:51:28',NULL,NULL),(85,42,3,2145,965,NULL,NULL,1,NULL,NULL,NULL,2,1,'1',11,2,3,2,2,NULL,NULL,0,NULL,NULL,NULL,1,NULL,NULL,NULL,NULL,NULL,NULL,NULL,NULL,NULL,NULL,0,NULL,1,NULL,NULL,'MD','Laminated doors','Pine','35','HW FRAME','Wood Pine','W/o Face','UF','2.5 ','1','35 MM BWR PINE LAMINATED DOOR','35 MM BWR PINE LAMINATED DOOR','1','35 MM BWR PINE LAMINATED DOOR','Lipping Patti','','2.5 ','Aica',NULL,NULL,NULL,NULL,NULL,NULL,'Wood Pine','35','','',NULL,NULL,8,14,1,1,'SANJAY PATEL',NULL,-1,1,1,2,2,'2024-02-09 14:47:22','2024-02-09 14:51:28',NULL,NULL),(86,42,3,2140,970,NULL,NULL,2,NULL,NULL,NULL,2,1,'1',11,2,3,2,2,NULL,NULL,0,NULL,NULL,NULL,1,NULL,NULL,NULL,NULL,NULL,NULL,NULL,NULL,NULL,NULL,0,NULL,1,NULL,NULL,'MD','Laminated doors','Pine','35','HW FRAME','Wood Pine','W/o Face','UF','2.5 ','1','35 MM BWR PINE LAMINATED DOOR','35 MM BWR PINE LAMINATED DOOR','1','35 MM BWR PINE LAMINATED DOOR','Lipping Patti','','2.5 ','Aica',NULL,NULL,NULL,NULL,NULL,NULL,'Wood Pine','35','','',NULL,NULL,8,14,1,1,'SANJAY PATEL',NULL,-1,2,1,2,2,'2024-02-09 14:47:22','2024-02-09 14:51:28',NULL,NULL),(87,42,3,2145,975,NULL,NULL,2,NULL,NULL,NULL,2,1,'1',11,2,3,2,2,NULL,NULL,0,NULL,NULL,NULL,1,NULL,NULL,NULL,NULL,NULL,NULL,NULL,NULL,NULL,NULL,0,NULL,1,NULL,NULL,'MD','Laminated doors','Pine','35','HW FRAME','Wood Pine','W/o Face','UF','2.5 ','1','35 MM BWR PINE LAMINATED DOOR','35 MM BWR PINE LAMINATED DOOR','1','35 MM BWR PINE LAMINATED DOOR','Lipping Patti','','2.5 ','Aica',NULL,NULL,NULL,NULL,NULL,NULL,'Wood Pine','35','','',NULL,NULL,8,14,1,1,'SANJAY PATEL',NULL,-1,2,1,2,2,'2024-02-09 14:47:22','2024-02-09 14:51:28',NULL,NULL),(88,42,3,2132,975,NULL,NULL,1,NULL,NULL,NULL,2,1,'1',11,2,3,2,2,NULL,NULL,0,NULL,NULL,NULL,1,NULL,NULL,NULL,NULL,NULL,NULL,NULL,NULL,NULL,NULL,0,NULL,1,NULL,NULL,'MD','Laminated doors','Pine','35','HW FRAME','Wood Pine','W/o Face','UF','2.5 ','1','35 MM BWR PINE LAMINATED DOOR','35 MM BWR PINE LAMINATED DOOR','1','35 MM BWR PINE LAMINATED DOOR','Lipping Patti','','2.5 ','Aica',NULL,NULL,NULL,NULL,NULL,NULL,'Wood Pine','35','','',NULL,NULL,8,14,1,1,'SANJAY PATEL',NULL,-1,1,1,2,2,'2024-02-09 14:47:23','2024-02-09 14:51:28',NULL,NULL),(89,42,3,2140,972,NULL,NULL,1,NULL,NULL,NULL,2,1,'1',11,2,3,2,2,NULL,NULL,0,NULL,NULL,NULL,1,NULL,NULL,NULL,NULL,NULL,NULL,NULL,NULL,NULL,NULL,0,NULL,1,NULL,NULL,'MD','Laminated doors','Pine','35','HW FRAME','Wood Pine','W/o Face','UF','2.5 ','1','35 MM BWR PINE LAMINATED DOOR','35 MM BWR PINE LAMINATED DOOR','1','35 MM BWR PINE LAMINATED DOOR','Lipping Patti','','2.5 ','Aica',NULL,NULL,NULL,NULL,NULL,NULL,'Wood Pine','35','','',NULL,NULL,8,14,1,1,'SANJAY PATEL',NULL,-1,1,1,2,2,'2024-02-09 14:47:23','2024-02-09 14:51:28',NULL,NULL),(90,42,3,2145,970,NULL,NULL,1,NULL,NULL,NULL,2,1,'1',11,2,3,2,2,NULL,NULL,0,NULL,NULL,NULL,1,NULL,NULL,NULL,NULL,NULL,NULL,NULL,NULL,NULL,NULL,0,NULL,1,NULL,NULL,'MD','Laminated doors','Pine','35','HW FRAME','Wood Pine','W/o Face','UF','2.5 ','1','35 MM BWR PINE LAMINATED DOOR','35 MM BWR PINE LAMINATED DOOR','1','35 MM BWR PINE LAMINATED DOOR','Lipping Patti','','2.5 ','Aica',NULL,NULL,NULL,NULL,NULL,NULL,'Wood Pine','35','','',NULL,NULL,8,14,1,1,'SANJAY PATEL',NULL,-1,1,1,2,2,'2024-02-09 14:47:23','2024-02-09 14:51:28',NULL,NULL),(91,42,3,2130,965,NULL,NULL,1,NULL,NULL,NULL,2,1,'1',11,2,3,2,2,NULL,NULL,0,NULL,NULL,NULL,1,NULL,NULL,NULL,NULL,NULL,NULL,NULL,NULL,NULL,NULL,0,NULL,1,NULL,NULL,'MD','Laminated doors','Pine','35','HW FRAME','Wood Pine','W/o Face','UF','2.5 ','1','35 MM BWR PINE LAMINATED DOOR','35 MM BWR PINE LAMINATED DOOR','1','35 MM BWR PINE LAMINATED DOOR','Lipping Patti','','2.5 ','Aica',NULL,NULL,NULL,NULL,NULL,NULL,'Wood Pine','35','','',NULL,NULL,8,14,1,1,'SANJAY PATEL',NULL,-1,1,1,2,2,'2024-02-09 14:47:23','2024-02-09 14:51:28',NULL,NULL),(92,42,3,2150,970,NULL,NULL,2,NULL,NULL,NULL,2,1,'1',11,2,3,2,2,NULL,NULL,0,NULL,NULL,NULL,1,NULL,NULL,NULL,NULL,NULL,NULL,NULL,NULL,NULL,NULL,0,NULL,1,NULL,NULL,'MD','Laminated doors','Pine','35','HW FRAME','Wood Pine','W/o Face','UF','2.5 ','1','35 MM BWR PINE LAMINATED DOOR','35 MM BWR PINE LAMINATED DOOR','1','35 MM BWR PINE LAMINATED DOOR','Lipping Patti','','2.5 ','Aica',NULL,NULL,NULL,NULL,NULL,NULL,'Wood Pine','35','','',NULL,NULL,8,14,1,1,'SANJAY PATEL',NULL,-1,2,1,2,2,'2024-02-09 14:47:23','2024-02-09 14:51:28',NULL,NULL),(93,42,3,2135,975,NULL,NULL,2,NULL,NULL,NULL,2,1,'1',11,2,3,2,2,NULL,NULL,0,NULL,NULL,NULL,1,NULL,NULL,NULL,NULL,NULL,NULL,NULL,NULL,NULL,NULL,0,NULL,1,NULL,NULL,'MD','Laminated doors','Pine','35','HW FRAME','Wood Pine','W/o Face','UF','2.5 ','1','35 MM BWR PINE LAMINATED DOOR','35 MM BWR PINE LAMINATED DOOR','1','35 MM BWR PINE LAMINATED DOOR','Lipping Patti','','2.5 ','Aica',NULL,NULL,NULL,NULL,NULL,NULL,'Wood Pine','35','','',NULL,NULL,8,14,1,1,'SANJAY PATEL',NULL,-1,2,1,2,2,'2024-02-09 14:47:23','2024-02-09 14:51:28',NULL,NULL),(94,42,3,2140,975,NULL,NULL,1,NULL,NULL,NULL,2,1,'1',11,2,3,2,2,NULL,NULL,0,NULL,NULL,NULL,1,NULL,NULL,NULL,NULL,NULL,NULL,NULL,NULL,NULL,NULL,0,NULL,1,NULL,NULL,'MD','Laminated doors','Pine','35','HW FRAME','Wood Pine','W/o Face','UF','2.5 ','1','35 MM BWR PINE LAMINATED DOOR','35 MM BWR PINE LAMINATED DOOR','1','35 MM BWR PINE LAMINATED DOOR','Lipping Patti','','2.5 ','Aica',NULL,NULL,NULL,NULL,NULL,NULL,'Wood Pine','35','','',NULL,NULL,8,14,1,1,'SANJAY PATEL',NULL,-1,1,1,2,2,'2024-02-09 14:47:23','2024-02-09 14:51:28',NULL,NULL),(95,42,3,2135,970,NULL,NULL,1,NULL,NULL,NULL,2,1,'1',11,2,3,2,2,NULL,NULL,0,NULL,NULL,NULL,1,NULL,NULL,NULL,NULL,NULL,NULL,NULL,NULL,NULL,NULL,0,NULL,1,NULL,NULL,'MD','Laminated doors','Pine','35','HW FRAME','Wood Pine','W/o Face','UF','2.5 ','1','35 MM BWR PINE LAMINATED DOOR','35 MM BWR PINE LAMINATED DOOR','1','35 MM BWR PINE LAMINATED DOOR','Lipping Patti','','2.5 ','Aica',NULL,NULL,NULL,NULL,NULL,NULL,'Wood Pine','35','','',NULL,NULL,8,14,1,1,'SANJAY PATEL',NULL,-1,1,1,2,2,'2024-02-09 14:47:23','2024-02-09 14:51:28',NULL,NULL),(96,42,3,2120,972,NULL,NULL,1,NULL,NULL,NULL,2,1,'1',11,2,3,2,2,NULL,NULL,0,NULL,NULL,NULL,1,NULL,NULL,NULL,NULL,NULL,NULL,NULL,NULL,NULL,NULL,0,NULL,1,NULL,NULL,'MD','Laminated doors','Pine','35','HW FRAME','Wood Pine','W/o Face','UF','2.5 ','1','35 MM BWR PINE LAMINATED DOOR','35 MM BWR PINE LAMINATED DOOR','1','35 MM BWR PINE LAMINATED DOOR','Lipping Patti','','2.5 ','Aica',NULL,NULL,NULL,NULL,NULL,NULL,'Wood Pine','35','','',NULL,NULL,8,14,1,1,'SANJAY PATEL',NULL,-1,1,1,2,2,'2024-02-09 14:47:23','2024-02-09 14:51:28',NULL,NULL),(97,42,3,2140,965,NULL,NULL,1,NULL,NULL,NULL,2,1,'1',11,2,3,2,2,NULL,NULL,0,NULL,NULL,NULL,1,NULL,NULL,NULL,NULL,NULL,NULL,NULL,NULL,NULL,NULL,0,NULL,1,NULL,NULL,'MD','Laminated doors','Pine','35','HW FRAME','Wood Pine','W/o Face','UF','2.5 ','1','35 MM BWR PINE LAMINATED DOOR','35 MM BWR PINE LAMINATED DOOR','1','35 MM BWR PINE LAMINATED DOOR','Lipping Patti','','2.5 ','Aica',NULL,NULL,NULL,NULL,NULL,NULL,'Wood Pine','35','','',NULL,NULL,8,14,1,1,'SANJAY PATEL',NULL,-1,1,1,2,2,'2024-02-09 14:47:23','2024-02-09 14:51:28',NULL,NULL),(98,42,3,2155,975,NULL,NULL,1,NULL,NULL,NULL,2,1,'1',11,2,3,2,2,NULL,NULL,0,NULL,NULL,NULL,1,NULL,NULL,NULL,NULL,NULL,NULL,NULL,NULL,NULL,NULL,0,NULL,1,NULL,NULL,'MD','Laminated doors','Pine','35','HW FRAME','Wood Pine','W/o Face','UF','2.5 ','1','35 MM BWR PINE LAMINATED DOOR','35 MM BWR PINE LAMINATED DOOR','1','35 MM BWR PINE LAMINATED DOOR','Lipping Patti','','2.5 ','Aica',NULL,NULL,NULL,NULL,NULL,NULL,'Wood Pine','35','','',NULL,NULL,8,14,1,1,'SANJAY PATEL',NULL,-1,1,1,2,2,'2024-02-09 14:47:23','2024-02-09 14:51:28',NULL,NULL),(99,42,5,2160,678,NULL,NULL,1,NULL,NULL,NULL,2,3,'1',11,2,3,2,2,NULL,NULL,0,NULL,NULL,NULL,1,NULL,NULL,NULL,NULL,NULL,NULL,NULL,NULL,NULL,NULL,0,NULL,1,NULL,NULL,'CT','Laminated doors','Pine','30','NEW PINE FRAME','Wood Pine','W/o Face','MUF','2.5 ','1','30 MM BWP PINE LAMINATED DOOR','30 MM BWP PINE LAMINATED DOOR','1','30 MM BWP PINE LAMINATED DOOR','Lipping Patti','','2.5 ','Aica',NULL,NULL,NULL,NULL,NULL,NULL,'Wood Pine','30','','',NULL,NULL,9,22,1,1,'SANJAY PATEL',NULL,-1,1,1,2,2,'2024-02-09 14:47:23','2024-02-09 14:53:43',NULL,NULL),(100,42,5,2180,680,NULL,NULL,1,NULL,NULL,NULL,2,3,'1',11,2,3,2,2,NULL,NULL,0,NULL,NULL,NULL,1,NULL,NULL,NULL,NULL,NULL,NULL,NULL,NULL,NULL,NULL,0,NULL,1,NULL,NULL,'CT','Laminated doors','Pine','30','NEW PINE FRAME','Wood Pine','W/o Face','MUF','2.5 ','1','30 MM BWP PINE LAMINATED DOOR','30 MM BWP PINE LAMINATED DOOR','1','30 MM BWP PINE LAMINATED DOOR','Lipping Patti','','2.5 ','Aica',NULL,NULL,NULL,NULL,NULL,NULL,'Wood Pine','30','','',NULL,NULL,9,22,1,1,'SANJAY PATEL',NULL,-1,1,1,2,2,'2024-02-09 14:47:23','2024-02-09 14:53:43',NULL,NULL),(101,42,5,2155,675,NULL,NULL,1,NULL,NULL,NULL,2,3,'1',11,2,3,2,2,NULL,NULL,0,NULL,NULL,NULL,1,NULL,NULL,NULL,NULL,NULL,NULL,NULL,NULL,NULL,NULL,0,NULL,1,NULL,NULL,'CT','Laminated doors','Pine','30','NEW PINE FRAME','Wood Pine','W/o Face','MUF','2.5 ','1','30 MM BWP PINE LAMINATED DOOR','30 MM BWP PINE LAMINATED DOOR','1','30 MM BWP PINE LAMINATED DOOR','Lipping Patti','','2.5 ','Aica',NULL,NULL,NULL,NULL,NULL,NULL,'Wood Pine','30','','',NULL,NULL,9,22,1,1,'SANJAY PATEL',NULL,-1,1,1,2,2,'2024-02-09 14:47:23','2024-02-09 14:53:43',NULL,NULL),(102,42,5,2175,680,NULL,NULL,1,NULL,NULL,NULL,2,3,'1',11,2,3,2,2,NULL,NULL,0,NULL,NULL,NULL,1,NULL,NULL,NULL,NULL,NULL,NULL,NULL,NULL,NULL,NULL,0,NULL,1,NULL,NULL,'CT','Laminated doors','Pine','30','NEW PINE FRAME','Wood Pine','W/o Face','MUF','2.5 ','1','30 MM BWP PINE LAMINATED DOOR','30 MM BWP PINE LAMINATED DOOR','1','30 MM BWP PINE LAMINATED DOOR','Lipping Patti','','2.5 ','Aica',NULL,NULL,NULL,NULL,NULL,NULL,'Wood Pine','30','','',NULL,NULL,9,22,1,1,'SANJAY PATEL',NULL,-1,1,1,2,2,'2024-02-09 14:47:23','2024-02-09 14:53:43',NULL,NULL),(103,42,5,2155,678,NULL,NULL,1,NULL,NULL,NULL,2,3,'1',11,2,3,2,2,NULL,NULL,0,NULL,NULL,NULL,1,NULL,NULL,NULL,NULL,NULL,NULL,NULL,NULL,NULL,NULL,0,NULL,1,NULL,NULL,'CT','Laminated doors','Pine','30','NEW PINE FRAME','Wood Pine','W/o Face','MUF','2.5 ','1','30 MM BWP PINE LAMINATED DOOR','30 MM BWP PINE LAMINATED DOOR','1','30 MM BWP PINE LAMINATED DOOR','Lipping Patti','','2.5 ','Aica',NULL,NULL,NULL,NULL,NULL,NULL,'Wood Pine','30','','',NULL,NULL,9,22,1,1,'SANJAY PATEL',NULL,-1,1,1,2,2,'2024-02-09 14:47:23','2024-02-09 14:53:43',NULL,NULL),(104,42,5,2170,677,NULL,NULL,1,NULL,NULL,NULL,2,3,'1',11,2,3,2,2,NULL,NULL,0,NULL,NULL,NULL,1,NULL,NULL,NULL,NULL,NULL,NULL,NULL,NULL,NULL,NULL,0,NULL,1,NULL,NULL,'CT','Laminated doors','Pine','30','NEW PINE FRAME','Wood Pine','W/o Face','MUF','2.5 ','1','30 MM BWP PINE LAMINATED DOOR','30 MM BWP PINE LAMINATED DOOR','1','30 MM BWP PINE LAMINATED DOOR','Lipping Patti','','2.5 ','Aica',NULL,NULL,NULL,NULL,NULL,NULL,'Wood Pine','30','','',NULL,NULL,9,22,1,1,'SANJAY PATEL',NULL,-1,1,1,2,2,'2024-02-09 14:47:23','2024-02-09 14:53:43',NULL,NULL),(105,42,5,2170,673,NULL,NULL,1,NULL,NULL,NULL,2,3,'1',11,2,3,2,2,NULL,NULL,0,NULL,NULL,NULL,1,NULL,NULL,NULL,NULL,NULL,NULL,NULL,NULL,NULL,NULL,0,NULL,1,NULL,NULL,'CT','Laminated doors','Pine','30','NEW PINE FRAME','Wood Pine','W/o Face','MUF','2.5 ','1','30 MM BWP PINE LAMINATED DOOR','30 MM BWP PINE LAMINATED DOOR','1','30 MM BWP PINE LAMINATED DOOR','Lipping Patti','','2.5 ','Aica',NULL,NULL,NULL,NULL,NULL,NULL,'Wood Pine','30','','',NULL,NULL,9,22,1,1,'SANJAY PATEL',NULL,-1,1,1,2,2,'2024-02-09 14:47:23','2024-02-09 14:53:43',NULL,NULL),(106,42,5,2180,678,NULL,NULL,2,NULL,NULL,NULL,2,3,'1',11,2,3,2,2,NULL,NULL,0,NULL,NULL,NULL,1,NULL,NULL,NULL,NULL,NULL,NULL,NULL,NULL,NULL,NULL,0,NULL,1,NULL,NULL,'CT','Laminated doors','Pine','30','NEW PINE FRAME','Wood Pine','W/o Face','MUF','2.5 ','1','30 MM BWP PINE LAMINATED DOOR','30 MM BWP PINE LAMINATED DOOR','1','30 MM BWP PINE LAMINATED DOOR','Lipping Patti','','2.5 ','Aica',NULL,NULL,NULL,NULL,NULL,NULL,'Wood Pine','30','','',NULL,NULL,9,22,1,1,'SANJAY PATEL',NULL,-1,2,1,2,2,'2024-02-09 14:47:23','2024-02-09 14:53:43',NULL,NULL),(107,42,5,2165,677,NULL,NULL,1,NULL,NULL,NULL,2,3,'1',11,2,3,2,2,NULL,NULL,0,NULL,NULL,NULL,1,NULL,NULL,NULL,NULL,NULL,NULL,NULL,NULL,NULL,NULL,0,NULL,1,NULL,NULL,'CT','Laminated doors','Pine','30','NEW PINE FRAME','Wood Pine','W/o Face','MUF','2.5 ','1','30 MM BWP PINE LAMINATED DOOR','30 MM BWP PINE LAMINATED DOOR','1','30 MM BWP PINE LAMINATED DOOR','Lipping Patti','','2.5 ','Aica',NULL,NULL,NULL,NULL,NULL,NULL,'Wood Pine','30','','',NULL,NULL,9,22,1,1,'SANJAY PATEL',NULL,-1,1,1,2,2,'2024-02-09 14:47:23','2024-02-09 14:53:43',NULL,NULL),(108,42,5,2175,677,NULL,NULL,2,NULL,NULL,NULL,2,3,'1',11,2,3,2,2,NULL,NULL,0,NULL,NULL,NULL,1,NULL,NULL,NULL,NULL,NULL,NULL,NULL,NULL,NULL,NULL,0,NULL,1,NULL,NULL,'CT','Laminated doors','Pine','30','NEW PINE FRAME','Wood Pine','W/o Face','MUF','2.5 ','1','30 MM BWP PINE LAMINATED DOOR','30 MM BWP PINE LAMINATED DOOR','1','30 MM BWP PINE LAMINATED DOOR','Lipping Patti','','2.5 ','Aica',NULL,NULL,NULL,NULL,NULL,NULL,'Wood Pine','30','','',NULL,NULL,9,22,1,1,'SANJAY PATEL',NULL,-1,2,1,2,2,'2024-02-09 14:47:23','2024-02-09 14:53:43',NULL,NULL),(109,42,5,2140,678,NULL,NULL,1,NULL,NULL,NULL,2,3,'1',11,2,3,2,2,NULL,NULL,0,NULL,NULL,NULL,1,NULL,NULL,NULL,NULL,NULL,NULL,NULL,NULL,NULL,NULL,0,NULL,1,NULL,NULL,'CT','Laminated doors','Pine','30','NEW PINE FRAME','Wood Pine','W/o Face','MUF','2.5 ','1','30 MM BWP PINE LAMINATED DOOR','30 MM BWP PINE LAMINATED DOOR','1','30 MM BWP PINE LAMINATED DOOR','Lipping Patti','','2.5 ','Aica',NULL,NULL,NULL,NULL,NULL,NULL,'Wood Pine','30','','',NULL,NULL,9,22,1,1,'SANJAY PATEL',NULL,-1,1,1,2,2,'2024-02-09 14:47:24','2024-02-09 14:53:43',NULL,NULL),(110,42,5,2150,680,NULL,NULL,1,NULL,NULL,NULL,2,3,'1',11,2,3,2,2,NULL,NULL,0,NULL,NULL,NULL,1,NULL,NULL,NULL,NULL,NULL,NULL,NULL,NULL,NULL,NULL,0,NULL,1,NULL,NULL,'CT','Laminated doors','Pine','30','NEW PINE FRAME','Wood Pine','W/o Face','MUF','2.5 ','1','30 MM BWP PINE LAMINATED DOOR','30 MM BWP PINE LAMINATED DOOR','1','30 MM BWP PINE LAMINATED DOOR','Lipping Patti','','2.5 ','Aica',NULL,NULL,NULL,NULL,NULL,NULL,'Wood Pine','30','','',NULL,NULL,9,22,1,1,'SANJAY PATEL',NULL,-1,1,1,2,2,'2024-02-09 14:47:24','2024-02-09 14:53:43',NULL,NULL),(111,42,5,2145,677,NULL,NULL,2,NULL,NULL,NULL,2,3,'1',11,2,3,2,2,NULL,NULL,0,NULL,NULL,NULL,1,NULL,NULL,NULL,NULL,NULL,NULL,NULL,NULL,NULL,NULL,0,NULL,1,NULL,NULL,'CT','Laminated doors','Pine','30','NEW PINE FRAME','Wood Pine','W/o Face','MUF','2.5 ','1','30 MM BWP PINE LAMINATED DOOR','30 MM BWP PINE LAMINATED DOOR','1','30 MM BWP PINE LAMINATED DOOR','Lipping Patti','','2.5 ','Aica',NULL,NULL,NULL,NULL,NULL,NULL,'Wood Pine','30','','',NULL,NULL,9,22,1,1,'SANJAY PATEL',NULL,-1,2,1,2,2,'2024-02-09 14:47:24','2024-02-09 14:53:43',NULL,NULL),(112,42,5,2165,675,NULL,NULL,3,NULL,NULL,NULL,2,3,'1',11,2,3,2,2,NULL,NULL,0,NULL,NULL,NULL,1,NULL,NULL,NULL,NULL,NULL,NULL,NULL,NULL,NULL,NULL,0,NULL,1,NULL,NULL,'CT','Laminated doors','Pine','30','NEW PINE FRAME','Wood Pine','W/o Face','MUF','2.5 ','1','30 MM BWP PINE LAMINATED DOOR','30 MM BWP PINE LAMINATED DOOR','1','30 MM BWP PINE LAMINATED DOOR','Lipping Patti','','2.5 ','Aica',NULL,NULL,NULL,NULL,NULL,NULL,'Wood Pine','30','','',NULL,NULL,9,22,1,1,'SANJAY PATEL',NULL,-1,3,1,2,2,'2024-02-09 14:47:24','2024-02-09 14:53:43',NULL,NULL),(113,42,5,2150,675,NULL,NULL,1,NULL,NULL,NULL,2,3,'1',11,2,3,2,2,NULL,NULL,0,NULL,NULL,NULL,1,NULL,NULL,NULL,NULL,NULL,NULL,NULL,NULL,NULL,NULL,0,NULL,1,NULL,NULL,'CT','Laminated doors','Pine','30','NEW PINE FRAME','Wood Pine','W/o Face','MUF','2.5 ','1','30 MM BWP PINE LAMINATED DOOR','30 MM BWP PINE LAMINATED DOOR','1','30 MM BWP PINE LAMINATED DOOR','Lipping Patti','','2.5 ','Aica',NULL,NULL,NULL,NULL,NULL,NULL,'Wood Pine','30','','',NULL,NULL,9,22,1,1,'SANJAY PATEL',NULL,-1,1,1,2,2,'2024-02-09 14:47:24','2024-02-09 14:53:43',NULL,NULL),(114,42,6,2150,678,NULL,NULL,1,NULL,NULL,NULL,2,3,'1',11,2,3,2,2,NULL,NULL,0,NULL,NULL,NULL,1,NULL,NULL,NULL,NULL,NULL,NULL,NULL,NULL,NULL,NULL,0,NULL,1,NULL,NULL,'MT','Laminated doors','Pine','30','NEW PINE FRAME','Wood Pine','W/o Face','MUF','2.5 ','1','30 MM BWP PINE LAMINATED DOOR','30 MM BWP PINE LAMINATED DOOR','1','30 MM BWP PINE LAMINATED DOOR','Lipping Patti','','2.5 ','Aica',NULL,NULL,NULL,NULL,NULL,NULL,'Wood Pine','30','','',NULL,NULL,9,22,1,1,'SANJAY PATEL',NULL,-1,1,1,2,2,'2024-02-09 14:47:24','2024-02-09 14:53:43',NULL,NULL),(115,42,6,2135,675,NULL,NULL,1,NULL,NULL,NULL,2,3,'1',11,2,3,2,2,NULL,NULL,0,NULL,NULL,NULL,1,NULL,NULL,NULL,NULL,NULL,NULL,NULL,NULL,NULL,NULL,0,NULL,1,NULL,NULL,'MT','Laminated doors','Pine','30','NEW PINE FRAME','Wood Pine','W/o Face','MUF','2.5 ','1','30 MM BWP PINE LAMINATED DOOR','30 MM BWP PINE LAMINATED DOOR','1','30 MM BWP PINE LAMINATED DOOR','Lipping Patti','','2.5 ','Aica',NULL,NULL,NULL,NULL,NULL,NULL,'Wood Pine','30','','',NULL,NULL,9,22,1,1,'SANJAY PATEL',NULL,-1,1,1,2,2,'2024-02-09 14:47:24','2024-02-09 14:53:43',NULL,NULL),(116,42,6,2200,678,NULL,NULL,1,NULL,NULL,NULL,2,3,'1',11,2,3,2,2,NULL,NULL,0,NULL,NULL,NULL,1,NULL,NULL,NULL,NULL,NULL,NULL,NULL,NULL,NULL,NULL,0,NULL,1,NULL,NULL,'MT','Laminated doors','Pine','30','NEW PINE FRAME','Wood Pine','W/o Face','MUF','2.5 ','1','30 MM BWP PINE LAMINATED DOOR','30 MM BWP PINE LAMINATED DOOR','1','30 MM BWP PINE LAMINATED DOOR','Lipping Patti','','2.5 ','Aica',NULL,NULL,NULL,NULL,NULL,NULL,'Wood Pine','30','','',NULL,NULL,9,22,1,1,'SANJAY PATEL',NULL,-1,1,1,2,2,'2024-02-09 14:47:24','2024-02-09 14:53:43',NULL,NULL),(117,42,6,2180,678,NULL,NULL,2,NULL,NULL,NULL,2,3,'1',11,2,3,2,2,NULL,NULL,0,NULL,NULL,NULL,1,NULL,NULL,NULL,NULL,NULL,NULL,NULL,NULL,NULL,NULL,0,NULL,1,NULL,NULL,'MT','Laminated doors','Pine','30','NEW PINE FRAME','Wood Pine','W/o Face','MUF','2.5 ','1','30 MM BWP PINE LAMINATED DOOR','30 MM BWP PINE LAMINATED DOOR','1','30 MM BWP PINE LAMINATED DOOR','Lipping Patti','','2.5 ','Aica',NULL,NULL,NULL,NULL,NULL,NULL,'Wood Pine','30','','',NULL,NULL,9,22,1,1,'SANJAY PATEL',NULL,-1,2,1,2,2,'2024-02-09 14:47:24','2024-02-09 14:53:43',NULL,NULL),(118,42,6,2175,682,NULL,NULL,1,NULL,NULL,NULL,2,3,'1',11,2,3,2,2,NULL,NULL,0,NULL,NULL,NULL,1,NULL,NULL,NULL,NULL,NULL,NULL,NULL,NULL,NULL,NULL,0,NULL,1,NULL,NULL,'MT','Laminated doors','Pine','30','NEW PINE FRAME','Wood Pine','W/o Face','MUF','2.5 ','1','30 MM BWP PINE LAMINATED DOOR','30 MM BWP PINE LAMINATED DOOR','1','30 MM BWP PINE LAMINATED DOOR','Lipping Patti','','2.5 ','Aica',NULL,NULL,NULL,NULL,NULL,NULL,'Wood Pine','30','','',NULL,NULL,9,22,1,1,'SANJAY PATEL',NULL,-1,1,1,2,2,'2024-02-09 14:47:24','2024-02-09 14:53:43',NULL,NULL),(119,42,6,2155,680,NULL,NULL,1,NULL,NULL,NULL,2,3,'1',11,2,3,2,2,NULL,NULL,0,NULL,NULL,NULL,1,NULL,NULL,NULL,NULL,NULL,NULL,NULL,NULL,NULL,NULL,0,NULL,1,NULL,NULL,'MT','Laminated doors','Pine','30','NEW PINE FRAME','Wood Pine','W/o Face','MUF','2.5 ','1','30 MM BWP PINE LAMINATED DOOR','30 MM BWP PINE LAMINATED DOOR','1','30 MM BWP PINE LAMINATED DOOR','Lipping Patti','','2.5 ','Aica',NULL,NULL,NULL,NULL,NULL,NULL,'Wood Pine','30','','',NULL,NULL,9,22,1,1,'SANJAY PATEL',NULL,-1,1,1,2,2,'2024-02-09 14:47:24','2024-02-09 14:53:43',NULL,NULL),(120,42,6,2135,678,NULL,NULL,1,NULL,NULL,NULL,2,3,'1',11,2,3,2,2,NULL,NULL,0,NULL,NULL,NULL,1,NULL,NULL,NULL,NULL,NULL,NULL,NULL,NULL,NULL,NULL,0,NULL,1,NULL,NULL,'MT','Laminated doors','Pine','30','NEW PINE FRAME','Wood Pine','W/o Face','MUF','2.5 ','1','30 MM BWP PINE LAMINATED DOOR','30 MM BWP PINE LAMINATED DOOR','1','30 MM BWP PINE LAMINATED DOOR','Lipping Patti','','2.5 ','Aica',NULL,NULL,NULL,NULL,NULL,NULL,'Wood Pine','30','','',NULL,NULL,9,22,1,1,'SANJAY PATEL',NULL,-1,1,1,2,2,'2024-02-09 14:47:24','2024-02-09 14:53:43',NULL,NULL),(121,42,6,2165,676,NULL,NULL,1,NULL,NULL,NULL,2,3,'1',11,2,3,2,2,NULL,NULL,0,NULL,NULL,NULL,1,NULL,NULL,NULL,NULL,NULL,NULL,NULL,NULL,NULL,NULL,0,NULL,1,NULL,NULL,'MT','Laminated doors','Pine','30','NEW PINE FRAME','Wood Pine','W/o Face','MUF','2.5 ','1','30 MM BWP PINE LAMINATED DOOR','30 MM BWP PINE LAMINATED DOOR','1','30 MM BWP PINE LAMINATED DOOR','Lipping Patti','','2.5 ','Aica',NULL,NULL,NULL,NULL,NULL,NULL,'Wood Pine','30','','',NULL,NULL,9,22,1,1,'SANJAY PATEL',NULL,-1,1,1,2,2,'2024-02-09 14:47:24','2024-02-09 14:53:43',NULL,NULL),(122,42,6,2180,680,NULL,NULL,1,NULL,NULL,NULL,2,3,'1',11,2,3,2,2,NULL,NULL,0,NULL,NULL,NULL,1,NULL,NULL,NULL,NULL,NULL,NULL,NULL,NULL,NULL,NULL,0,NULL,1,NULL,NULL,'MT','Laminated doors','Pine','30','NEW PINE FRAME','Wood Pine','W/o Face','MUF','2.5 ','1','30 MM BWP PINE LAMINATED DOOR','30 MM BWP PINE LAMINATED DOOR','1','30 MM BWP PINE LAMINATED DOOR','Lipping Patti','','2.5 ','Aica',NULL,NULL,NULL,NULL,NULL,NULL,'Wood Pine','30','','',NULL,NULL,9,22,1,1,'SANJAY PATEL',NULL,-1,1,1,2,2,'2024-02-09 14:47:24','2024-02-09 14:53:43',NULL,NULL),(123,42,6,2170,672,NULL,NULL,1,NULL,NULL,NULL,2,3,'1',11,2,3,2,2,NULL,NULL,0,NULL,NULL,NULL,1,NULL,NULL,NULL,NULL,NULL,NULL,NULL,NULL,NULL,NULL,0,NULL,1,NULL,NULL,'MT','Laminated doors','Pine','30','NEW PINE FRAME','Wood Pine','W/o Face','MUF','2.5 ','1','30 MM BWP PINE LAMINATED DOOR','30 MM BWP PINE LAMINATED DOOR','1','30 MM BWP PINE LAMINATED DOOR','Lipping Patti','','2.5 ','Aica',NULL,NULL,NULL,NULL,NULL,NULL,'Wood Pine','30','','',NULL,NULL,9,22,1,1,'SANJAY PATEL',NULL,-1,1,1,2,2,'2024-02-09 14:47:24','2024-02-09 14:53:43',NULL,NULL),(124,42,6,2175,675,NULL,NULL,1,NULL,NULL,NULL,2,3,'1',11,2,3,2,2,NULL,NULL,0,NULL,NULL,NULL,1,NULL,NULL,NULL,NULL,NULL,NULL,NULL,NULL,NULL,NULL,0,NULL,1,NULL,NULL,'MT','Laminated doors','Pine','30','NEW PINE FRAME','Wood Pine','W/o Face','MUF','2.5 ','1','30 MM BWP PINE LAMINATED DOOR','30 MM BWP PINE LAMINATED DOOR','1','30 MM BWP PINE LAMINATED DOOR','Lipping Patti','','2.5 ','Aica',NULL,NULL,NULL,NULL,NULL,NULL,'Wood Pine','30','','',NULL,NULL,9,22,1,1,'SANJAY PATEL',NULL,-1,1,1,2,2,'2024-02-09 14:47:24','2024-02-09 14:53:43',NULL,NULL),(125,42,6,2205,678,NULL,NULL,1,NULL,NULL,NULL,2,3,'1',11,2,3,2,2,NULL,NULL,0,NULL,NULL,NULL,1,NULL,NULL,NULL,NULL,NULL,NULL,NULL,NULL,NULL,NULL,0,NULL,1,NULL,NULL,'MT','Laminated doors','Pine','30','NEW PINE FRAME','Wood Pine','W/o Face','MUF','2.5 ','1','30 MM BWP PINE LAMINATED DOOR','30 MM BWP PINE LAMINATED DOOR','1','30 MM BWP PINE LAMINATED DOOR','Lipping Patti','','2.5 ','Aica',NULL,NULL,NULL,NULL,NULL,NULL,'Wood Pine','30','','',NULL,NULL,9,22,1,1,'SANJAY PATEL',NULL,-1,1,1,2,2,'2024-02-09 14:47:24','2024-02-09 14:53:43',NULL,NULL),(126,42,6,2150,680,NULL,NULL,1,NULL,NULL,NULL,2,3,'1',11,2,3,2,2,NULL,NULL,0,NULL,NULL,NULL,1,NULL,NULL,NULL,NULL,NULL,NULL,NULL,NULL,NULL,NULL,0,NULL,1,NULL,NULL,'MT','Laminated doors','Pine','30','NEW PINE FRAME','Wood Pine','W/o Face','MUF','2.5 ','1','30 MM BWP PINE LAMINATED DOOR','30 MM BWP PINE LAMINATED DOOR','1','30 MM BWP PINE LAMINATED DOOR','Lipping Patti','','2.5 ','Aica',NULL,NULL,NULL,NULL,NULL,NULL,'Wood Pine','30','','',NULL,NULL,9,22,1,1,'SANJAY PATEL',NULL,-1,1,1,2,2,'2024-02-09 14:47:24','2024-02-09 14:53:43',NULL,NULL),(127,42,6,2170,678,NULL,NULL,1,NULL,NULL,NULL,2,3,'1',11,2,3,2,2,NULL,NULL,0,NULL,NULL,NULL,1,NULL,NULL,NULL,NULL,NULL,NULL,NULL,NULL,NULL,NULL,0,NULL,1,NULL,NULL,'MT','Laminated doors','Pine','30','NEW PINE FRAME','Wood Pine','W/o Face','MUF','2.5 ','1','30 MM BWP PINE LAMINATED DOOR','30 MM BWP PINE LAMINATED DOOR','1','30 MM BWP PINE LAMINATED DOOR','Lipping Patti','','2.5 ','Aica',NULL,NULL,NULL,NULL,NULL,NULL,'Wood Pine','30','','',NULL,NULL,9,22,1,1,'SANJAY PATEL',NULL,-1,1,1,2,2,'2024-02-09 14:47:24','2024-02-09 14:53:43',NULL,NULL),(128,42,6,2175,678,NULL,NULL,2,NULL,NULL,NULL,2,3,'1',11,2,3,2,2,NULL,NULL,0,NULL,NULL,NULL,1,NULL,NULL,NULL,NULL,NULL,NULL,NULL,NULL,NULL,NULL,0,NULL,1,NULL,NULL,'MT','Laminated doors','Pine','30','NEW PINE FRAME','Wood Pine','W/o Face','MUF','2.5 ','1','30 MM BWP PINE LAMINATED DOOR','30 MM BWP PINE LAMINATED DOOR','1','30 MM BWP PINE LAMINATED DOOR','Lipping Patti','','2.5 ','Aica',NULL,NULL,NULL,NULL,NULL,NULL,'Wood Pine','30','','',NULL,NULL,9,22,1,1,'SANJAY PATEL',NULL,-1,2,1,2,2,'2024-02-09 14:47:24','2024-02-09 14:53:43',NULL,NULL),(129,42,6,2185,675,NULL,NULL,1,NULL,NULL,NULL,2,3,'1',11,2,3,2,2,NULL,NULL,0,NULL,NULL,NULL,1,NULL,NULL,NULL,NULL,NULL,NULL,NULL,NULL,NULL,NULL,0,NULL,1,NULL,NULL,'MT','Laminated doors','Pine','30','NEW PINE FRAME','Wood Pine','W/o Face','MUF','2.5 ','1','30 MM BWP PINE LAMINATED DOOR','30 MM BWP PINE LAMINATED DOOR','1','30 MM BWP PINE LAMINATED DOOR','Lipping Patti','','2.5 ','Aica',NULL,NULL,NULL,NULL,NULL,NULL,'Wood Pine','30','','',NULL,NULL,9,22,1,1,'SANJAY PATEL',NULL,-1,1,1,2,2,'2024-02-09 14:47:24','2024-02-09 14:53:43',NULL,NULL),(130,42,6,2175,677,NULL,NULL,1,NULL,NULL,NULL,2,3,'1',11,2,3,2,2,NULL,NULL,0,NULL,NULL,NULL,1,NULL,NULL,NULL,NULL,NULL,NULL,NULL,NULL,NULL,NULL,0,NULL,1,NULL,NULL,'MT','Laminated doors','Pine','30','NEW PINE FRAME','Wood Pine','W/o Face','MUF','2.5 ','1','30 MM BWP PINE LAMINATED DOOR','30 MM BWP PINE LAMINATED DOOR','1','30 MM BWP PINE LAMINATED DOOR','Lipping Patti','','2.5 ','Aica',NULL,NULL,NULL,NULL,NULL,NULL,'Wood Pine','30','','',NULL,NULL,9,22,1,1,'SANJAY PATEL',NULL,-1,1,1,2,2,'2024-02-09 14:47:24','2024-02-09 14:53:43',NULL,NULL),(131,42,6,2155,675,NULL,NULL,1,NULL,NULL,NULL,2,3,'1',11,2,3,2,2,NULL,NULL,0,NULL,NULL,NULL,1,NULL,NULL,NULL,NULL,NULL,NULL,NULL,NULL,NULL,NULL,0,NULL,1,NULL,NULL,'MT','Laminated doors','Pine','30','NEW PINE FRAME','Wood Pine','W/o Face','MUF','2.5 ','1','30 MM BWP PINE LAMINATED DOOR','30 MM BWP PINE LAMINATED DOOR','1','30 MM BWP PINE LAMINATED DOOR','Lipping Patti','','2.5 ','Aica',NULL,NULL,NULL,NULL,NULL,NULL,'Wood Pine','30','','',NULL,NULL,9,22,1,1,'SANJAY PATEL',NULL,-1,1,1,2,2,'2024-02-09 14:47:24','2024-02-09 14:53:43',NULL,NULL),(132,52,14,80,32,NULL,NULL,20,0,NULL,NULL,2,10,'1',11,2,1,1,1,NULL,NULL,0,NULL,NULL,NULL,1,NULL,NULL,NULL,NULL,NULL,NULL,NULL,NULL,NULL,NULL,0,NULL,1,NULL,NULL,'Flush Door','Flush Door','Hw','30','HW FRAME','Wood Hw ','Okomo Face','UF','2.5 ','1','30 MM BWR HW DOOR','30 MM BWR HW DOOR','1','30 MM BWR HW DOOR','Lipping Patti','HW FRAME','2','Aica',NULL,NULL,NULL,NULL,NULL,NULL,'Wood Hw ','30','','',NULL,NULL,10,36,1,1,'SANJAY PATEL',NULL,-1,20,1,2,2,'2024-02-13 14:46:10','2024-02-13 14:47:17',NULL,NULL),(133,52,14,78,32,NULL,NULL,30,0,NULL,NULL,2,10,'1',11,2,1,1,1,NULL,NULL,0,NULL,NULL,NULL,1,NULL,NULL,NULL,NULL,NULL,NULL,NULL,NULL,NULL,NULL,0,NULL,1,NULL,NULL,'Flush Door','Flush Door','Hw','30','HW FRAME','Wood Hw ','Okomo Face','UF','2.5 ','1','30 MM BWR HW DOOR','30 MM BWR HW DOOR','1','30 MM BWR HW DOOR','Lipping Patti','HW FRAME','2','Aica',NULL,NULL,NULL,NULL,NULL,NULL,'Wood Hw ','30','','',NULL,NULL,10,36,1,1,'SANJAY PATEL',NULL,-1,30,1,2,2,'2024-02-13 14:46:10','2024-02-13 14:47:17',NULL,NULL),(134,54,9,80,32,NULL,NULL,50,0,NULL,NULL,2,11,'test',12,1,2,2,2,NULL,NULL,0,NULL,NULL,NULL,1,NULL,NULL,NULL,NULL,NULL,NULL,NULL,NULL,NULL,NULL,0,NULL,1,NULL,NULL,'1','Flush Door','Pine','30','SCRAP PINE FRAME','Wood Pine','Okomo Face','UF','2.5 ','1','30 MM BWR PINE DOOR','30 MM BWR PINE DOOR','1','30 MM BWR PINE DOOR','Bwp Patti','SCRAP PINE FRAME','2.5 ','Aica',NULL,NULL,NULL,NULL,NULL,NULL,'Wood Pine','30','','',NULL,NULL,11,41,1,1,'SANJAY PATEL',NULL,-1,50,1,2,2,'2024-02-13 15:29:38','2024-02-16 17:11:56',NULL,NULL),(135,54,9,78,31,NULL,NULL,3,0,NULL,NULL,2,11,'test',12,1,2,2,2,NULL,NULL,0,NULL,NULL,NULL,1,NULL,NULL,NULL,NULL,NULL,NULL,NULL,NULL,NULL,NULL,0,NULL,1,NULL,NULL,'1','Flush Door','Pine','30','SCRAP PINE FRAME','Wood Pine','Okomo Face','UF','2.5 ','1','30 MM BWR PINE DOOR','30 MM BWR PINE DOOR','1','30 MM BWR PINE DOOR','Bwp Patti','SCRAP PINE FRAME','2.5 ','Aica',NULL,NULL,NULL,NULL,NULL,NULL,'Wood Pine','30','','',NULL,NULL,11,41,1,1,'SANJAY PATEL',NULL,-1,3,1,2,2,'2024-02-13 15:29:38','2024-02-16 17:11:56',NULL,NULL),(136,54,10,96,48,NULL,NULL,10,0,NULL,NULL,2,15,'test',12,1,1,2,1,NULL,NULL,0,NULL,NULL,NULL,1,NULL,NULL,NULL,NULL,NULL,NULL,NULL,NULL,NULL,NULL,0,NULL,1,NULL,NULL,'2','Flush Door','Hw','35','HW FRAME','Wood Hw ','Okomo Face','UF','2.5 ','1','35 MM BWR HW DOOR','35 MM BWR HW DOOR','1','35 MM BWR HW DOOR','Bwp Patti','HW FRAME','2.5 ','Aica',NULL,NULL,NULL,NULL,NULL,NULL,'Wood Hw ','35','','',NULL,NULL,12,46,1,1,'SANJAY PATEL',NULL,-1,10,1,2,2,'2024-02-13 15:29:38','2024-02-18 14:33:09',NULL,NULL),(137,58,1,81.5,32.5,NULL,NULL,1,0,NULL,NULL,2,12,'-',1,NULL,3,2,2,NULL,NULL,0,NULL,NULL,NULL,1,NULL,NULL,NULL,NULL,NULL,NULL,NULL,NULL,NULL,NULL,0,NULL,NULL,NULL,NULL,'MB','Laminated Door','Pine','26','NEW PINE FRAME','Wood Pine','W/o Face','UF','2.5 ','15','30 MM BWR PINE LAMINATED DOOR','30 MM BWR PINE LAMINATED','1','30 MM BWR PINE LAMINATED DOOR','not_applicable','NEW PINE FRAME','2.5 ',NULL,NULL,NULL,'not_applicable','not_applicable',NULL,NULL,'Wood Pine','26','not_applicable','not_applicable','',NULL,13,NULL,NULL,NULL,NULL,NULL,-1,1,1,2,NULL,'2024-02-28 11:29:12','2024-02-28 11:29:12',NULL,2),(138,58,1,80.25,32.75,NULL,NULL,1,0,NULL,NULL,2,12,'-',1,NULL,3,2,2,NULL,NULL,0,NULL,NULL,NULL,1,NULL,NULL,NULL,NULL,NULL,NULL,NULL,NULL,NULL,NULL,0,NULL,NULL,NULL,NULL,'MB','Laminated Door','Pine','26','NEW PINE FRAME','Wood Pine','W/o Face','UF','2.5 ','15','30 MM BWR PINE LAMINATED DOOR','30 MM BWR PINE LAMINATED','1','30 MM BWR PINE LAMINATED DOOR','not_applicable','NEW PINE FRAME','2.5 ',NULL,NULL,NULL,'not_applicable','not_applicable',NULL,NULL,'Wood Pine','26','not_applicable','not_applicable','',NULL,13,NULL,NULL,NULL,NULL,NULL,-1,1,1,2,NULL,'2024-02-28 11:29:12','2024-02-28 11:29:12',NULL,2),(139,58,1,79.75,32.5,NULL,NULL,1,0,NULL,NULL,2,12,'-',1,NULL,3,2,2,NULL,NULL,0,NULL,NULL,NULL,1,NULL,NULL,NULL,NULL,NULL,NULL,NULL,NULL,NULL,NULL,0,NULL,NULL,NULL,NULL,'MB','Laminated Door','Pine','26','NEW PINE FRAME','Wood Pine','W/o Face','UF','2.5 ','15','30 MM BWR PINE LAMINATED DOOR','30 MM BWR PINE LAMINATED','1','30 MM BWR PINE LAMINATED DOOR','not_applicable','NEW PINE FRAME','2.5 ',NULL,NULL,NULL,'not_applicable','not_applicable',NULL,NULL,'Wood Pine','26','not_applicable','not_applicable','',NULL,13,NULL,NULL,NULL,NULL,NULL,-1,1,1,2,NULL,'2024-02-28 11:29:12','2024-02-28 11:29:12',NULL,2),(140,58,1,80.25,32.5,NULL,NULL,2,0,NULL,NULL,2,12,'-',1,NULL,3,2,2,NULL,NULL,0,NULL,NULL,NULL,1,NULL,NULL,NULL,NULL,NULL,NULL,NULL,NULL,NULL,NULL,0,NULL,NULL,NULL,NULL,'MB','Laminated Door','Pine','26','NEW PINE FRAME','Wood Pine','W/o Face','UF','2.5 ','15','30 MM BWR PINE LAMINATED DOOR','30 MM BWR PINE LAMINATED','1','30 MM BWR PINE LAMINATED DOOR','not_applicable','NEW PINE FRAME','2.5 ',NULL,NULL,NULL,'not_applicable','not_applicable',NULL,NULL,'Wood Pine','26','not_applicable','not_applicable','',NULL,13,NULL,NULL,NULL,NULL,NULL,-1,2,1,2,NULL,'2024-02-28 11:29:12','2024-02-28 11:29:12',NULL,2),(141,58,1,80.75,33.25,NULL,NULL,1,0,NULL,NULL,2,12,'-',1,NULL,3,2,2,NULL,NULL,0,NULL,NULL,NULL,1,NULL,NULL,NULL,NULL,NULL,NULL,NULL,NULL,NULL,NULL,0,NULL,NULL,NULL,NULL,'MB','Laminated Door','Pine','26','NEW PINE FRAME','Wood Pine','W/o Face','UF','2.5 ','15','30 MM BWR PINE LAMINATED DOOR','30 MM BWR PINE LAMINATED','1','30 MM BWR PINE LAMINATED DOOR','not_applicable','NEW PINE FRAME','2.5 ',NULL,NULL,NULL,'not_applicable','not_applicable',NULL,NULL,'Wood Pine','26','not_applicable','not_applicable','',NULL,13,NULL,NULL,NULL,NULL,NULL,-1,1,1,2,NULL,'2024-02-28 11:29:12','2024-02-28 11:29:12',NULL,2),(142,58,1,80.5,32.5,NULL,NULL,1,0,NULL,NULL,2,12,'-',1,NULL,3,2,2,NULL,NULL,0,NULL,NULL,NULL,1,NULL,NULL,NULL,NULL,NULL,NULL,NULL,NULL,NULL,NULL,0,NULL,NULL,NULL,NULL,'MB','Laminated Door','Pine','26','NEW PINE FRAME','Wood Pine','W/o Face','UF','2.5 ','15','30 MM BWR PINE LAMINATED DOOR','30 MM BWR PINE LAMINATED','1','30 MM BWR PINE LAMINATED DOOR','not_applicable','NEW PINE FRAME','2.5 ',NULL,NULL,NULL,'not_applicable','not_applicable',NULL,NULL,'Wood Pine','26','not_applicable','not_applicable','',NULL,13,NULL,NULL,NULL,NULL,NULL,-1,1,1,2,NULL,'2024-02-28 11:29:12','2024-02-28 11:29:12',NULL,2),(143,58,1,81.75,32.75,NULL,NULL,1,0,NULL,NULL,2,12,'-',1,NULL,3,2,2,NULL,NULL,0,NULL,NULL,NULL,1,NULL,NULL,NULL,NULL,NULL,NULL,NULL,NULL,NULL,NULL,0,NULL,NULL,NULL,NULL,'MB','Laminated Door','Pine','26','NEW PINE FRAME','Wood Pine','W/o Face','UF','2.5 ','15','30 MM BWR PINE LAMINATED DOOR','30 MM BWR PINE LAMINATED','1','30 MM BWR PINE LAMINATED DOOR','not_applicable','NEW PINE FRAME','2.5 ',NULL,NULL,NULL,'not_applicable','not_applicable',NULL,NULL,'Wood Pine','26','not_applicable','not_applicable','',NULL,13,NULL,NULL,NULL,NULL,NULL,-1,1,1,2,NULL,'2024-02-28 11:29:12','2024-02-28 11:29:12',NULL,2),(144,58,1,80.25,33.25,NULL,NULL,1,0,NULL,NULL,2,12,'-',1,NULL,3,2,2,NULL,NULL,0,NULL,NULL,NULL,1,NULL,NULL,NULL,NULL,NULL,NULL,NULL,NULL,NULL,NULL,0,NULL,NULL,NULL,NULL,'MB','Laminated Door','Pine','26','NEW PINE FRAME','Wood Pine','W/o Face','UF','2.5 ','15','30 MM BWR PINE LAMINATED DOOR','30 MM BWR PINE LAMINATED','1','30 MM BWR PINE LAMINATED DOOR','not_applicable','NEW PINE FRAME','2.5 ',NULL,NULL,NULL,'not_applicable','not_applicable',NULL,NULL,'Wood Pine','26','not_applicable','not_applicable','',NULL,13,NULL,NULL,NULL,NULL,NULL,-1,1,1,2,NULL,'2024-02-28 11:29:12','2024-02-28 11:29:12',NULL,2),(145,58,1,80,32.75,NULL,NULL,1,0,NULL,NULL,2,12,'-',1,NULL,3,2,2,NULL,NULL,0,NULL,NULL,NULL,1,NULL,NULL,NULL,NULL,NULL,NULL,NULL,NULL,NULL,NULL,0,NULL,NULL,NULL,NULL,'MB','Laminated Door','Pine','26','NEW PINE FRAME','Wood Pine','W/o Face','UF','2.5 ','15','30 MM BWR PINE LAMINATED DOOR','30 MM BWR PINE LAMINATED','1','30 MM BWR PINE LAMINATED DOOR','not_applicable','NEW PINE FRAME','2.5 ',NULL,NULL,NULL,'not_applicable','not_applicable',NULL,NULL,'Wood Pine','26','not_applicable','not_applicable','',NULL,13,NULL,NULL,NULL,NULL,NULL,-1,1,1,2,NULL,'2024-02-28 11:29:12','2024-02-28 11:29:12',NULL,2),(146,58,1,79.25,32.75,NULL,NULL,1,0,NULL,NULL,2,12,'-',1,NULL,3,2,2,NULL,NULL,0,NULL,NULL,NULL,1,NULL,NULL,NULL,NULL,NULL,NULL,NULL,NULL,NULL,NULL,0,NULL,NULL,NULL,NULL,'MB','Laminated Door','Pine','26','NEW PINE FRAME','Wood Pine','W/o Face','UF','2.5 ','15','30 MM BWR PINE LAMINATED DOOR','30 MM BWR PINE LAMINATED','1','30 MM BWR PINE LAMINATED DOOR','not_applicable','NEW PINE FRAME','2.5 ',NULL,NULL,NULL,'not_applicable','not_applicable',NULL,NULL,'Wood Pine','26','not_applicable','not_applicable','',NULL,13,NULL,NULL,NULL,NULL,NULL,-1,1,1,2,NULL,'2024-02-28 11:29:12','2024-02-28 11:29:12',NULL,2),(147,58,1,79.25,31.75,NULL,NULL,1,0,NULL,NULL,2,12,'-',1,NULL,3,2,2,NULL,NULL,0,NULL,NULL,NULL,1,NULL,NULL,NULL,NULL,NULL,NULL,NULL,NULL,NULL,NULL,0,NULL,NULL,NULL,NULL,'MB','Laminated Door','Pine','26','NEW PINE FRAME','Wood Pine','W/o Face','UF','2.5 ','15','30 MM BWR PINE LAMINATED DOOR','30 MM BWR PINE LAMINATED','1','30 MM BWR PINE LAMINATED DOOR','not_applicable','NEW PINE FRAME','2.5 ',NULL,NULL,NULL,'not_applicable','not_applicable',NULL,NULL,'Wood Pine','26','not_applicable','not_applicable','',NULL,13,NULL,NULL,NULL,NULL,NULL,-1,1,1,2,NULL,'2024-02-28 11:29:12','2024-02-28 11:29:12',NULL,2),(148,58,1,80.75,32,NULL,NULL,1,0,NULL,NULL,2,12,'-',1,NULL,3,2,2,NULL,NULL,0,NULL,NULL,NULL,1,NULL,NULL,NULL,NULL,NULL,NULL,NULL,NULL,NULL,NULL,0,NULL,NULL,NULL,NULL,'MB','Laminated Door','Pine','26','NEW PINE FRAME','Wood Pine','W/o Face','UF','2.5 ','15','30 MM BWR PINE LAMINATED DOOR','30 MM BWR PINE LAMINATED','1','30 MM BWR PINE LAMINATED DOOR','not_applicable','NEW PINE FRAME','2.5 ',NULL,NULL,NULL,'not_applicable','not_applicable',NULL,NULL,'Wood Pine','26','not_applicable','not_applicable','',NULL,13,NULL,NULL,NULL,NULL,NULL,-1,1,1,2,NULL,'2024-02-28 11:29:12','2024-02-28 11:29:12',NULL,2),(149,58,1,80.25,30,NULL,NULL,1,0,NULL,NULL,2,12,'-',1,NULL,3,2,2,NULL,NULL,0,NULL,NULL,NULL,1,NULL,NULL,NULL,NULL,NULL,NULL,NULL,NULL,NULL,NULL,0,NULL,NULL,NULL,NULL,'MB','Laminated Door','Pine','26','NEW PINE FRAME','Wood Pine','W/o Face','UF','2.5 ','15','30 MM BWR PINE LAMINATED DOOR','30 MM BWR PINE LAMINATED','1','30 MM BWR PINE LAMINATED DOOR','not_applicable','NEW PINE FRAME','2.5 ',NULL,NULL,NULL,'not_applicable','not_applicable',NULL,NULL,'Wood Pine','26','not_applicable','not_applicable','',NULL,13,NULL,NULL,NULL,NULL,NULL,-1,1,1,2,NULL,'2024-02-28 11:29:13','2024-02-28 11:29:13',NULL,2),(150,58,1,73.25,32.25,NULL,NULL,1,0,NULL,NULL,2,12,'-',1,NULL,3,2,2,NULL,NULL,0,NULL,NULL,NULL,1,NULL,NULL,NULL,NULL,NULL,NULL,NULL,NULL,NULL,NULL,0,NULL,NULL,NULL,NULL,'MB','Laminated Door','Pine','26','NEW PINE FRAME','Wood Pine','W/o Face','UF','2.5 ','15','30 MM BWR PINE LAMINATED DOOR','30 MM BWR PINE LAMINATED','1','30 MM BWR PINE LAMINATED DOOR','not_applicable','NEW PINE FRAME','2.5 ',NULL,NULL,NULL,'not_applicable','not_applicable',NULL,NULL,'Wood Pine','26','not_applicable','not_applicable','',NULL,13,NULL,NULL,NULL,NULL,NULL,-1,1,1,2,NULL,'2024-02-28 11:29:13','2024-02-28 11:29:13',NULL,2),(151,58,1,74,32.25,NULL,NULL,1,0,NULL,NULL,2,12,'-',1,NULL,3,2,2,NULL,NULL,0,NULL,NULL,NULL,1,NULL,NULL,NULL,NULL,NULL,NULL,NULL,NULL,NULL,NULL,0,NULL,NULL,NULL,NULL,'MB','Laminated Door','Pine','26','NEW PINE FRAME','Wood Pine','W/o Face','UF','2.5 ','15','30 MM BWR PINE LAMINATED DOOR','30 MM BWR PINE LAMINATED','1','30 MM BWR PINE LAMINATED DOOR','not_applicable','NEW PINE FRAME','2.5 ',NULL,NULL,NULL,'not_applicable','not_applicable',NULL,NULL,'Wood Pine','26','not_applicable','not_applicable','',NULL,13,NULL,NULL,NULL,NULL,NULL,-1,1,1,2,NULL,'2024-02-28 11:29:13','2024-02-28 11:29:13',NULL,2),(152,58,1,84,33.25,NULL,NULL,1,0,NULL,NULL,2,12,'-',1,NULL,3,2,2,NULL,NULL,0,NULL,NULL,NULL,1,NULL,NULL,NULL,NULL,NULL,NULL,NULL,NULL,NULL,NULL,0,NULL,NULL,NULL,NULL,'MB','Laminated Door','Pine','26','NEW PINE FRAME','Wood Pine','W/o Face','UF','2.5 ','15','30 MM BWR PINE LAMINATED DOOR','30 MM BWR PINE LAMINATED','1','30 MM BWR PINE LAMINATED DOOR','not_applicable','NEW PINE FRAME','2.5 ',NULL,NULL,NULL,'not_applicable','not_applicable',NULL,NULL,'Wood Pine','26','not_applicable','not_applicable','',NULL,13,NULL,NULL,NULL,NULL,NULL,-1,1,1,2,NULL,'2024-02-28 11:29:13','2024-02-28 11:29:13',NULL,2),(153,60,9,2090,675,NULL,NULL,1,0,NULL,NULL,2,13,'-',1,2,3,2,2,NULL,NULL,0,NULL,NULL,NULL,1,NULL,NULL,NULL,NULL,NULL,NULL,NULL,NULL,NULL,NULL,0,NULL,NULL,NULL,NULL,'1','Laminated Door','Pine','26','NEW PINE FRAME','Wood Pine','W/o Face','MUF','2.5 ','15','30 MM BWP PINE LAMINATED DOOR','30 MM BWP PINE LAMINATED','1','30 MM BWP PINE LAMINATED DOOR','Lipping Patti','NEW PINE FRAME','2.5 ',NULL,1,1,'Aica','Aica',1,1,'Wood Pine','26','not_applicable','not_applicable','','',14,51,1,1,'SANJAY PATEL',10,-1,1,1,2,2,'2024-02-28 12:45:50','2024-02-29 11:14:50',NULL,2),(154,60,9,2130,680,NULL,NULL,1,0,NULL,NULL,2,13,'-',1,2,3,2,2,NULL,NULL,0,NULL,NULL,NULL,1,NULL,NULL,NULL,NULL,NULL,NULL,NULL,NULL,NULL,NULL,0,NULL,NULL,NULL,NULL,'1','Laminated Door','Pine','26','NEW PINE FRAME','Wood Pine','W/o Face','MUF','2.5 ','15','30 MM BWP PINE LAMINATED DOOR','30 MM BWP PINE LAMINATED','1','30 MM BWP PINE LAMINATED DOOR','Lipping Patti','NEW PINE FRAME','2.5 ',NULL,1,1,'Aica','Aica',1,1,'Wood Pine','26','not_applicable','not_applicable','','',14,51,1,1,'SANJAY PATEL',10,-1,1,1,2,2,'2024-02-28 12:45:50','2024-02-29 11:14:50',NULL,2),(155,60,9,2130,675,NULL,NULL,1,0,NULL,NULL,2,13,'-',1,2,3,2,2,NULL,NULL,0,NULL,NULL,NULL,1,NULL,NULL,NULL,NULL,NULL,NULL,NULL,NULL,NULL,NULL,0,NULL,NULL,NULL,NULL,'1','Laminated Door','Pine','26','NEW PINE FRAME','Wood Pine','W/o Face','MUF','2.5 ','15','30 MM BWP PINE LAMINATED DOOR','30 MM BWP PINE LAMINATED','1','30 MM BWP PINE LAMINATED DOOR','Lipping Patti','NEW PINE FRAME','2.5 ',NULL,1,1,'Aica','Aica',1,1,'Wood Pine','26','not_applicable','not_applicable','','',14,51,1,1,'SANJAY PATEL',10,-1,1,1,2,2,'2024-02-28 12:45:50','2024-02-29 11:14:50',NULL,2),(156,60,9,2045,685,NULL,NULL,1,0,NULL,NULL,2,13,'-',1,2,3,2,2,NULL,NULL,0,NULL,NULL,NULL,1,NULL,NULL,NULL,NULL,NULL,NULL,NULL,NULL,NULL,NULL,0,NULL,NULL,NULL,NULL,'1','Laminated Door','Pine','26','NEW PINE FRAME','Wood Pine','W/o Face','MUF','2.5 ','15','30 MM BWP PINE LAMINATED DOOR','30 MM BWP PINE LAMINATED','1','30 MM BWP PINE LAMINATED DOOR','Lipping Patti','NEW PINE FRAME','2.5 ',NULL,1,1,'Aica','Aica',1,1,'Wood Pine','26','not_applicable','not_applicable','','',14,51,1,1,'SANJAY PATEL',10,-1,1,1,2,2,'2024-02-28 12:45:51','2024-02-29 11:14:50',NULL,2),(157,60,9,2045,680,NULL,NULL,1,0,NULL,NULL,2,13,'-',1,2,3,2,2,NULL,NULL,0,NULL,NULL,NULL,1,NULL,NULL,NULL,NULL,NULL,NULL,NULL,NULL,NULL,NULL,0,NULL,NULL,NULL,NULL,'1','Laminated Door','Pine','26','NEW PINE FRAME','Wood Pine','W/o Face','MUF','2.5 ','15','30 MM BWP PINE LAMINATED DOOR','30 MM BWP PINE LAMINATED','1','30 MM BWP PINE LAMINATED DOOR','Lipping Patti','NEW PINE FRAME','2.5 ',NULL,1,1,'Aica','Aica',1,1,'Wood Pine','26','not_applicable','not_applicable','','',14,51,1,1,'SANJAY PATEL',10,-1,1,1,2,2,'2024-02-28 12:45:51','2024-02-29 11:14:50',NULL,2),(158,60,9,2170,680,NULL,NULL,1,0,NULL,NULL,2,13,'-',1,2,3,2,2,NULL,NULL,0,NULL,NULL,NULL,1,NULL,NULL,NULL,NULL,NULL,NULL,NULL,NULL,NULL,NULL,0,NULL,NULL,NULL,NULL,'1','Laminated Door','Pine','26','NEW PINE FRAME','Wood Pine','W/o Face','MUF','2.5 ','15','30 MM BWP PINE LAMINATED DOOR','30 MM BWP PINE LAMINATED','1','30 MM BWP PINE LAMINATED DOOR','Lipping Patti','NEW PINE FRAME','2.5 ',NULL,1,1,'Aica','Aica',1,1,'Wood Pine','26','not_applicable','not_applicable','','',14,51,1,1,'SANJAY PATEL',10,-1,1,1,2,2,'2024-02-28 12:45:51','2024-02-29 11:14:50',NULL,2),(159,60,9,2160,670,NULL,NULL,1,0,NULL,NULL,2,13,'-',1,2,3,2,2,NULL,NULL,0,NULL,NULL,NULL,1,NULL,NULL,NULL,NULL,NULL,NULL,NULL,NULL,NULL,NULL,0,NULL,NULL,NULL,NULL,'1','Laminated Door','Pine','26','NEW PINE FRAME','Wood Pine','W/o Face','MUF','2.5 ','15','30 MM BWP PINE LAMINATED DOOR','30 MM BWP PINE LAMINATED','1','30 MM BWP PINE LAMINATED DOOR','Lipping Patti','NEW PINE FRAME','2.5 ',NULL,1,1,'Aica','Aica',1,1,'Wood Pine','26','not_applicable','not_applicable','','',14,51,1,1,'SANJAY PATEL',10,-1,1,1,2,2,'2024-02-28 12:45:51','2024-02-29 11:14:50',NULL,2),(160,60,9,2165,675,NULL,NULL,1,0,NULL,NULL,2,13,'-',1,2,3,2,2,NULL,NULL,0,NULL,NULL,NULL,1,NULL,NULL,NULL,NULL,NULL,NULL,NULL,NULL,NULL,NULL,0,NULL,NULL,NULL,NULL,'1','Laminated Door','Pine','26','NEW PINE FRAME','Wood Pine','W/o Face','MUF','2.5 ','15','30 MM BWP PINE LAMINATED DOOR','30 MM BWP PINE LAMINATED','1','30 MM BWP PINE LAMINATED DOOR','Lipping Patti','NEW PINE FRAME','2.5 ',NULL,1,1,'Aica','Aica',1,1,'Wood Pine','26','not_applicable','not_applicable','','',14,51,1,1,'SANJAY PATEL',10,-1,1,1,2,2,'2024-02-28 12:45:51','2024-02-29 11:14:50',NULL,2),(161,60,9,2110,690,NULL,NULL,1,0,NULL,NULL,2,13,'-',1,2,3,2,2,NULL,NULL,0,NULL,NULL,NULL,1,NULL,NULL,NULL,NULL,NULL,NULL,NULL,NULL,NULL,NULL,0,NULL,NULL,NULL,NULL,'1','Laminated Door','Pine','26','NEW PINE FRAME','Wood Pine','W/o Face','MUF','2.5 ','15','30 MM BWP PINE LAMINATED DOOR','30 MM BWP PINE LAMINATED','1','30 MM BWP PINE LAMINATED DOOR','Lipping Patti','NEW PINE FRAME','2.5 ',NULL,1,1,'Aica','Aica',1,1,'Wood Pine','26','not_applicable','not_applicable','','',14,51,1,1,'SANJAY PATEL',10,-1,1,1,2,2,'2024-02-28 12:45:51','2024-02-29 11:14:50',NULL,2),(162,60,9,2120,675,NULL,NULL,1,0,NULL,NULL,2,13,'-',1,2,3,2,2,NULL,NULL,0,NULL,NULL,NULL,1,NULL,NULL,NULL,NULL,NULL,NULL,NULL,NULL,NULL,NULL,0,NULL,NULL,NULL,NULL,'1','Laminated Door','Pine','26','NEW PINE FRAME','Wood Pine','W/o Face','MUF','2.5 ','15','30 MM BWP PINE LAMINATED DOOR','30 MM BWP PINE LAMINATED','1','30 MM BWP PINE LAMINATED DOOR','Lipping Patti','NEW PINE FRAME','2.5 ',NULL,1,1,'Aica','Aica',1,1,'Wood Pine','26','not_applicable','not_applicable','','',14,51,1,1,'SANJAY PATEL',10,-1,1,1,2,2,'2024-02-28 12:45:51','2024-02-29 11:14:50',NULL,2),(163,60,9,2000,675,NULL,NULL,1,0,NULL,NULL,2,13,'-',1,2,3,2,2,NULL,NULL,0,NULL,NULL,NULL,1,NULL,NULL,NULL,NULL,NULL,NULL,NULL,NULL,NULL,NULL,0,NULL,NULL,NULL,NULL,'1','Laminated Door','Pine','26','NEW PINE FRAME','Wood Pine','W/o Face','MUF','2.5 ','15','30 MM BWP PINE LAMINATED DOOR','30 MM BWP PINE LAMINATED','1','30 MM BWP PINE LAMINATED DOOR','Lipping Patti','NEW PINE FRAME','2.5 ',NULL,1,1,'Aica','Aica',1,1,'Wood Pine','26','not_applicable','not_applicable','','',14,51,1,1,'SANJAY PATEL',10,-1,1,1,2,2,'2024-02-28 12:45:51','2024-02-29 11:14:50',NULL,2),(164,60,9,2010,680,NULL,NULL,1,0,NULL,NULL,2,13,'-',1,2,3,2,2,NULL,NULL,0,NULL,NULL,NULL,1,NULL,NULL,NULL,NULL,NULL,NULL,NULL,NULL,NULL,NULL,0,NULL,NULL,NULL,NULL,'1','Laminated Door','Pine','26','NEW PINE FRAME','Wood Pine','W/o Face','MUF','2.5 ','15','30 MM BWP PINE LAMINATED DOOR','30 MM BWP PINE LAMINATED','1','30 MM BWP PINE LAMINATED DOOR','Lipping Patti','NEW PINE FRAME','2.5 ',NULL,1,1,'Aica','Aica',1,1,'Wood Pine','26','not_applicable','not_applicable','','',14,51,1,1,'SANJAY PATEL',10,-1,1,1,2,2,'2024-02-28 12:45:51','2024-02-29 11:14:50',NULL,2),(165,60,9,2105,685,NULL,NULL,1,0,NULL,NULL,2,13,'-',1,2,3,2,2,NULL,NULL,0,NULL,NULL,NULL,1,NULL,NULL,NULL,NULL,NULL,NULL,NULL,NULL,NULL,NULL,0,NULL,NULL,NULL,NULL,'1','Laminated Door','Pine','26','NEW PINE FRAME','Wood Pine','W/o Face','MUF','2.5 ','15','30 MM BWP PINE LAMINATED DOOR','30 MM BWP PINE LAMINATED','1','30 MM BWP PINE LAMINATED DOOR','Lipping Patti','NEW PINE FRAME','2.5 ',NULL,1,1,'Aica','Aica',1,1,'Wood Pine','26','not_applicable','not_applicable','','',14,51,1,1,'SANJAY PATEL',10,-1,1,1,2,2,'2024-02-28 12:45:51','2024-02-29 11:14:50',NULL,2),(166,60,9,2075,675,NULL,NULL,1,0,NULL,NULL,2,13,'-',1,2,3,2,2,NULL,NULL,0,NULL,NULL,NULL,1,NULL,NULL,NULL,NULL,NULL,NULL,NULL,NULL,NULL,NULL,0,NULL,NULL,NULL,NULL,'1','Laminated Door','Pine','26','NEW PINE FRAME','Wood Pine','W/o Face','MUF','2.5 ','15','30 MM BWP PINE LAMINATED DOOR','30 MM BWP PINE LAMINATED','1','30 MM BWP PINE LAMINATED DOOR','Lipping Patti','NEW PINE FRAME','2.5 ',NULL,1,1,'Aica','Aica',1,1,'Wood Pine','26','not_applicable','not_applicable','','',14,51,1,1,'SANJAY PATEL',10,-1,1,1,2,2,'2024-02-28 12:45:51','2024-02-29 11:14:50',NULL,2),(167,60,9,2110,685,NULL,NULL,1,0,NULL,NULL,2,13,'-',1,2,3,2,2,NULL,NULL,0,NULL,NULL,NULL,1,NULL,NULL,NULL,NULL,NULL,NULL,NULL,NULL,NULL,NULL,0,NULL,NULL,NULL,NULL,'1','Laminated Door','Pine','26','NEW PINE FRAME','Wood Pine','W/o Face','MUF','2.5 ','15','30 MM BWP PINE LAMINATED DOOR','30 MM BWP PINE LAMINATED','1','30 MM BWP PINE LAMINATED DOOR','Lipping Patti','NEW PINE FRAME','2.5 ',NULL,1,1,'Aica','Aica',1,1,'Wood Pine','26','not_applicable','not_applicable','','',14,51,1,1,'SANJAY PATEL',10,-1,1,1,2,2,'2024-02-28 12:45:51','2024-02-29 11:14:50',NULL,2),(168,60,9,2160,680,NULL,NULL,1,0,NULL,NULL,2,13,'-',1,2,3,2,2,NULL,NULL,0,NULL,NULL,NULL,1,NULL,NULL,NULL,NULL,NULL,NULL,NULL,NULL,NULL,NULL,0,NULL,NULL,NULL,NULL,'1','Laminated Door','Pine','26','NEW PINE FRAME','Wood Pine','W/o Face','MUF','2.5 ','15','30 MM BWP PINE LAMINATED DOOR','30 MM BWP PINE LAMINATED','1','30 MM BWP PINE LAMINATED DOOR','Lipping Patti','NEW PINE FRAME','2.5 ',NULL,1,1,'Aica','Aica',1,1,'Wood Pine','26','not_applicable','not_applicable','','',14,51,1,1,'SANJAY PATEL',10,-1,1,1,2,2,'2024-02-28 12:45:51','2024-02-29 11:14:50',NULL,2),(169,60,9,2055,690,NULL,NULL,1,0,NULL,NULL,2,13,'-',1,2,3,2,2,NULL,NULL,0,NULL,NULL,NULL,1,NULL,NULL,NULL,NULL,NULL,NULL,NULL,NULL,NULL,NULL,0,NULL,NULL,NULL,NULL,'1','Laminated Door','Pine','26','NEW PINE FRAME','Wood Pine','W/o Face','MUF','2.5 ','15','30 MM BWP PINE LAMINATED DOOR','30 MM BWP PINE LAMINATED','1','30 MM BWP PINE LAMINATED DOOR','Lipping Patti','NEW PINE FRAME','2.5 ',NULL,1,1,'Aica','Aica',1,1,'Wood Pine','26','not_applicable','not_applicable','','',14,51,1,1,'SANJAY PATEL',10,-1,1,1,2,2,'2024-02-28 12:45:51','2024-02-29 11:14:50',NULL,2),(170,60,9,2155,685,NULL,NULL,1,0,NULL,NULL,2,13,'-',1,2,3,2,2,NULL,NULL,0,NULL,NULL,NULL,1,NULL,NULL,NULL,NULL,NULL,NULL,NULL,NULL,NULL,NULL,0,NULL,NULL,NULL,NULL,'1','Laminated Door','Pine','26','NEW PINE FRAME','Wood Pine','W/o Face','MUF','2.5 ','15','30 MM BWP PINE LAMINATED DOOR','30 MM BWP PINE LAMINATED','1','30 MM BWP PINE LAMINATED DOOR','Lipping Patti','NEW PINE FRAME','2.5 ',NULL,1,1,'Aica','Aica',1,1,'Wood Pine','26','not_applicable','not_applicable','','',14,51,1,1,'SANJAY PATEL',10,-1,1,1,2,2,'2024-02-28 12:45:51','2024-02-29 11:14:50',NULL,2),(171,60,9,2150,690,NULL,NULL,1,0,NULL,NULL,2,13,'-',1,2,3,2,2,NULL,NULL,0,NULL,NULL,NULL,1,NULL,NULL,NULL,NULL,NULL,NULL,NULL,NULL,NULL,NULL,0,NULL,NULL,NULL,NULL,'1','Laminated Door','Pine','26','NEW PINE FRAME','Wood Pine','W/o Face','MUF','2.5 ','15','30 MM BWP PINE LAMINATED DOOR','30 MM BWP PINE LAMINATED','1','30 MM BWP PINE LAMINATED DOOR','Lipping Patti','NEW PINE FRAME','2.5 ',NULL,1,1,'Aica','Aica',1,1,'Wood Pine','26','not_applicable','not_applicable','','',14,51,1,1,'SANJAY PATEL',10,-1,1,1,2,2,'2024-02-28 12:45:52','2024-02-29 11:14:50',NULL,2),(172,60,9,2105,690,NULL,NULL,1,0,NULL,NULL,2,13,'-',1,2,3,2,2,NULL,NULL,0,NULL,NULL,NULL,1,NULL,NULL,NULL,NULL,NULL,NULL,NULL,NULL,NULL,NULL,0,NULL,NULL,NULL,NULL,'1','Laminated Door','Pine','26','NEW PINE FRAME','Wood Pine','W/o Face','MUF','2.5 ','15','30 MM BWP PINE LAMINATED DOOR','30 MM BWP PINE LAMINATED','1','30 MM BWP PINE LAMINATED DOOR','Lipping Patti','NEW PINE FRAME','2.5 ',NULL,1,1,'Aica','Aica',1,1,'Wood Pine','26','not_applicable','not_applicable','','',14,51,1,1,'SANJAY PATEL',10,-1,1,1,2,2,'2024-02-28 12:45:52','2024-02-29 11:14:50',NULL,2),(173,60,9,2110,680,NULL,NULL,1,0,NULL,NULL,2,13,'-',1,2,3,2,2,NULL,NULL,0,NULL,NULL,NULL,1,NULL,NULL,NULL,NULL,NULL,NULL,NULL,NULL,NULL,NULL,0,NULL,NULL,NULL,NULL,'1','Laminated Door','Pine','26','NEW PINE FRAME','Wood Pine','W/o Face','MUF','2.5 ','15','30 MM BWP PINE LAMINATED DOOR','30 MM BWP PINE LAMINATED','1','30 MM BWP PINE LAMINATED DOOR','Lipping Patti','NEW PINE FRAME','2.5 ',NULL,1,1,'Aica','Aica',1,1,'Wood Pine','26','not_applicable','not_applicable','','',14,51,1,1,'SANJAY PATEL',10,-1,1,1,2,2,'2024-02-28 12:45:52','2024-02-29 11:14:50',NULL,2),(174,60,9,2115,685,NULL,NULL,1,0,NULL,NULL,2,13,'-',1,2,3,2,2,NULL,NULL,0,NULL,NULL,NULL,1,NULL,NULL,NULL,NULL,NULL,NULL,NULL,NULL,NULL,NULL,0,NULL,NULL,NULL,NULL,'1','Laminated Door','Pine','26','NEW PINE FRAME','Wood Pine','W/o Face','MUF','2.5 ','15','30 MM BWP PINE LAMINATED DOOR','30 MM BWP PINE LAMINATED','1','30 MM BWP PINE LAMINATED DOOR','Lipping Patti','NEW PINE FRAME','2.5 ',NULL,1,1,'Aica','Aica',1,1,'Wood Pine','26','not_applicable','not_applicable','','',14,51,1,1,'SANJAY PATEL',10,-1,1,1,2,2,'2024-02-28 12:45:52','2024-02-29 11:14:50',NULL,2),(175,60,9,2035,690,NULL,NULL,1,0,NULL,NULL,2,13,'-',1,2,3,2,2,NULL,NULL,0,NULL,NULL,NULL,1,NULL,NULL,NULL,NULL,NULL,NULL,NULL,NULL,NULL,NULL,0,NULL,NULL,NULL,NULL,'1','Laminated Door','Pine','26','NEW PINE FRAME','Wood Pine','W/o Face','MUF','2.5 ','15','30 MM BWP PINE LAMINATED DOOR','30 MM BWP PINE LAMINATED','1','30 MM BWP PINE LAMINATED DOOR','Lipping Patti','NEW PINE FRAME','2.5 ',NULL,1,1,'Aica','Aica',1,1,'Wood Pine','26','not_applicable','not_applicable','','',14,51,1,1,'SANJAY PATEL',10,-1,1,1,2,2,'2024-02-28 12:45:52','2024-02-29 11:14:50',NULL,2),(176,60,9,2100,660,NULL,NULL,1,0,NULL,NULL,2,13,'-',1,2,3,2,2,NULL,NULL,0,NULL,NULL,NULL,1,NULL,NULL,NULL,NULL,NULL,NULL,NULL,NULL,NULL,NULL,0,NULL,NULL,NULL,NULL,'1','Laminated Door','Pine','26','NEW PINE FRAME','Wood Pine','W/o Face','MUF','2.5 ','15','30 MM BWP PINE LAMINATED DOOR','30 MM BWP PINE LAMINATED','1','30 MM BWP PINE LAMINATED DOOR','Lipping Patti','NEW PINE FRAME','2.5 ',NULL,1,1,'Aica','Aica',1,1,'Wood Pine','26','not_applicable','not_applicable','','',14,51,1,1,'SANJAY PATEL',10,-1,1,1,2,2,'2024-02-28 12:45:52','2024-02-29 11:14:50',NULL,2),(177,61,9,84,32,NULL,NULL,18,0,NULL,NULL,2,5,'1',10,NULL,2,1,1,NULL,NULL,NULL,NULL,NULL,NULL,NULL,NULL,NULL,NULL,NULL,NULL,NULL,NULL,NULL,NULL,NULL,NULL,NULL,NULL,NULL,NULL,'1','Flush Door','Hw','28','HW FRAME','Wood Hw ','Okomo Face','UF','2','18','32 MM BWR HW DOOR','32 MM BWR HW','1','32 MM BWR HW DOOR','not_applicable','SCRAP PINE FRAME','2',NULL,NULL,NULL,'not_applicable','not_applicable',NULL,NULL,'Wood Hw ','28','not_applicable','not_applicable','',NULL,15,56,1,1,'SANJAY PATEL',10,-1,18,1,2,2,'2024-02-29 11:28:21','2024-02-29 11:29:17',NULL,NULL),(178,61,9,85,32,NULL,NULL,3,0,NULL,NULL,2,5,'1',10,NULL,2,1,1,NULL,NULL,NULL,NULL,NULL,NULL,NULL,NULL,NULL,NULL,NULL,NULL,NULL,NULL,NULL,NULL,NULL,NULL,NULL,NULL,NULL,NULL,'1','Flush Door','Hw','28','HW FRAME','Wood Hw ','Okomo Face','UF','2','18','32 MM BWR HW DOOR','32 MM BWR HW','1','32 MM BWR HW DOOR','not_applicable','SCRAP PINE FRAME','2',NULL,NULL,NULL,'not_applicable','not_applicable',NULL,NULL,'Wood Hw ','28','not_applicable','not_applicable','',NULL,15,56,1,1,'SANJAY PATEL',10,-1,3,1,2,2,'2024-02-29 11:28:22','2024-02-29 11:29:17',NULL,NULL),(179,61,9,86,32,NULL,NULL,4,0,NULL,NULL,2,5,'1',10,NULL,2,1,1,NULL,NULL,NULL,NULL,NULL,NULL,NULL,NULL,NULL,NULL,NULL,NULL,NULL,NULL,NULL,NULL,NULL,NULL,NULL,NULL,NULL,NULL,'1','Flush Door','Hw','28','HW FRAME','Wood Hw ','Okomo Face','UF','2','18','32 MM BWR HW DOOR','32 MM BWR HW','1','32 MM BWR HW DOOR','not_applicable','SCRAP PINE FRAME','2',NULL,NULL,NULL,'not_applicable','not_applicable',NULL,NULL,'Wood Hw ','28','not_applicable','not_applicable','',NULL,15,56,1,1,'SANJAY PATEL',10,-1,4,1,2,2,'2024-02-29 11:28:22','2024-02-29 11:29:17',NULL,NULL),(180,61,9,84,33,NULL,NULL,18,0,NULL,NULL,2,5,'1',10,NULL,2,1,1,NULL,NULL,NULL,NULL,NULL,NULL,NULL,NULL,NULL,NULL,NULL,NULL,NULL,NULL,NULL,NULL,NULL,NULL,NULL,NULL,NULL,NULL,'1','Flush Door','Hw','28','HW FRAME','Wood Hw ','Okomo Face','UF','2','18','32 MM BWR HW DOOR','32 MM BWR HW','1','32 MM BWR HW DOOR','not_applicable','SCRAP PINE FRAME','2',NULL,NULL,NULL,'not_applicable','not_applicable',NULL,NULL,'Wood Hw ','28','not_applicable','not_applicable','',NULL,15,56,1,1,'SANJAY PATEL',10,-1,18,1,2,2,'2024-02-29 11:28:22','2024-02-29 11:29:17',NULL,NULL),(181,61,9,85,33,NULL,NULL,7,0,NULL,NULL,2,5,'1',10,NULL,2,1,1,NULL,NULL,NULL,NULL,NULL,NULL,NULL,NULL,NULL,NULL,NULL,NULL,NULL,NULL,NULL,NULL,NULL,NULL,NULL,NULL,NULL,NULL,'1','Flush Door','Hw','28','HW FRAME','Wood Hw ','Okomo Face','UF','2','18','32 MM BWR HW DOOR','32 MM BWR HW','1','32 MM BWR HW DOOR','not_applicable','SCRAP PINE FRAME','2',NULL,NULL,NULL,'not_applicable','not_applicable',NULL,NULL,'Wood Hw ','28','not_applicable','not_applicable','',NULL,15,56,1,1,'SANJAY PATEL',10,-1,7,1,2,2,'2024-02-29 11:28:22','2024-02-29 11:29:17',NULL,NULL),(182,61,9,87,33,NULL,NULL,1,0,NULL,NULL,2,5,'1',10,NULL,2,1,1,NULL,NULL,NULL,NULL,NULL,NULL,NULL,NULL,NULL,NULL,NULL,NULL,NULL,NULL,NULL,NULL,NULL,NULL,NULL,NULL,NULL,NULL,'1','Flush Door','Hw','28','HW FRAME','Wood Hw ','Okomo Face','UF','2','18','32 MM BWR HW DOOR','32 MM BWR HW','1','32 MM BWR HW DOOR','not_applicable','SCRAP PINE FRAME','2',NULL,NULL,NULL,'not_applicable','not_applicable',NULL,NULL,'Wood Hw ','28','not_applicable','not_applicable','',NULL,15,56,1,1,'SANJAY PATEL',10,-1,1,1,2,2,'2024-02-29 11:28:22','2024-02-29 11:29:17',NULL,NULL),(183,61,9,86,34,NULL,NULL,32,0,NULL,NULL,2,5,'1',10,NULL,2,1,1,NULL,NULL,NULL,NULL,NULL,NULL,NULL,NULL,NULL,NULL,NULL,NULL,NULL,NULL,NULL,NULL,NULL,NULL,NULL,NULL,NULL,NULL,'1','Flush Door','Hw','28','HW FRAME','Wood Hw ','Okomo Face','UF','2','18','32 MM BWR HW DOOR','32 MM BWR HW','1','32 MM BWR HW DOOR','not_applicable','SCRAP PINE FRAME','2',NULL,NULL,NULL,'not_applicable','not_applicable',NULL,NULL,'Wood Hw ','28','not_applicable','not_applicable','',NULL,15,56,1,1,'SANJAY PATEL',10,-1,32,1,2,2,'2024-02-29 11:28:22','2024-02-29 11:29:17',NULL,NULL),(184,61,9,87,34,NULL,NULL,17,0,NULL,NULL,2,5,'1',10,NULL,2,1,1,NULL,NULL,NULL,NULL,NULL,NULL,NULL,NULL,NULL,NULL,NULL,NULL,NULL,NULL,NULL,NULL,NULL,NULL,NULL,NULL,NULL,NULL,'1','Flush Door','Hw','28','HW FRAME','Wood Hw ','Okomo Face','UF','2','18','32 MM BWR HW DOOR','32 MM BWR HW','1','32 MM BWR HW DOOR','not_applicable','SCRAP PINE FRAME','2',NULL,NULL,NULL,'not_applicable','not_applicable',NULL,NULL,'Wood Hw ','28','not_applicable','not_applicable','',NULL,15,56,1,1,'SANJAY PATEL',10,-1,17,1,2,2,'2024-02-29 11:28:22','2024-02-29 11:29:17',NULL,NULL),(185,61,9,86,35,NULL,NULL,9,0,NULL,NULL,2,5,'1',10,NULL,2,1,1,NULL,NULL,NULL,NULL,NULL,NULL,NULL,NULL,NULL,NULL,NULL,NULL,NULL,NULL,NULL,NULL,NULL,NULL,NULL,NULL,NULL,NULL,'1','Flush Door','Hw','28','HW FRAME','Wood Hw ','Okomo Face','UF','2','18','32 MM BWR HW DOOR','32 MM BWR HW','1','32 MM BWR HW DOOR','not_applicable','SCRAP PINE FRAME','2',NULL,NULL,NULL,'not_applicable','not_applicable',NULL,NULL,'Wood Hw ','28','not_applicable','not_applicable','',NULL,15,56,1,1,'SANJAY PATEL',10,-1,9,1,2,2,'2024-02-29 11:28:22','2024-02-29 11:29:17',NULL,NULL),(186,61,9,87,35,NULL,NULL,6,0,NULL,NULL,2,5,'1',10,NULL,2,1,1,NULL,NULL,NULL,NULL,NULL,NULL,NULL,NULL,NULL,NULL,NULL,NULL,NULL,NULL,NULL,NULL,NULL,NULL,NULL,NULL,NULL,NULL,'1','Flush Door','Hw','28','HW FRAME','Wood Hw ','Okomo Face','UF','2','18','32 MM BWR HW DOOR','32 MM BWR HW','1','32 MM BWR HW DOOR','not_applicable','SCRAP PINE FRAME','2',NULL,NULL,NULL,'not_applicable','not_applicable',NULL,NULL,'Wood Hw ','28','not_applicable','not_applicable','',NULL,15,56,1,1,'SANJAY PATEL',10,-1,6,1,2,2,'2024-02-29 11:28:22','2024-02-29 11:29:17',NULL,NULL),(187,61,9,87,36,NULL,NULL,1,0,NULL,NULL,2,5,'1',10,NULL,2,1,1,NULL,NULL,NULL,NULL,NULL,NULL,NULL,NULL,NULL,NULL,NULL,NULL,NULL,NULL,NULL,NULL,NULL,NULL,NULL,NULL,NULL,NULL,'1','Flush Door','Hw','28','HW FRAME','Wood Hw ','Okomo Face','UF','2','18','32 MM BWR HW DOOR','32 MM BWR HW','1','32 MM BWR HW DOOR','not_applicable','SCRAP PINE FRAME','2',NULL,NULL,NULL,'not_applicable','not_applicable',NULL,NULL,'Wood Hw ','28','not_applicable','not_applicable','',NULL,15,56,1,1,'SANJAY PATEL',10,-1,1,1,2,2,'2024-02-29 11:28:22','2024-02-29 11:29:17',NULL,NULL),(188,63,2,2150,840,NULL,NULL,2,0,NULL,NULL,2,19,'1',200,NULL,3,2,2,NULL,NULL,1,NULL,NULL,NULL,1,NULL,NULL,NULL,NULL,NULL,NULL,NULL,NULL,NULL,NULL,0,NULL,NULL,NULL,NULL,'CB','Laminated Door','Pine','31','NEW PINE FRAME','Wood Pine','W/o Face','MUF','2.5 ','15','35 MM BWP PINE LAMINATED DOOR','35 MM BWP PINE LAMINATED','1','35 MM BWP PINE LAMINATED DOOR','not_applicable','NEW PINE FRAME','2.5 ',NULL,1,1,'Aica','Aica',1,1,'Wood Pine','31','not_applicable','not_applicable','','',16,60,1,1,'SANJAY PATEL',10,-1,2,1,2,2,'2024-02-29 12:52:40','2024-02-29 12:54:11',NULL,2),(189,63,2,2165,825,NULL,NULL,1,0,NULL,NULL,2,19,'1',200,NULL,3,2,2,NULL,NULL,1,NULL,NULL,NULL,1,NULL,NULL,NULL,NULL,NULL,NULL,NULL,NULL,NULL,NULL,0,NULL,NULL,NULL,NULL,'CB','Laminated Door','Pine','31','NEW PINE FRAME','Wood Pine','W/o Face','MUF','2.5 ','15','35 MM BWP PINE LAMINATED DOOR','35 MM BWP PINE LAMINATED','1','35 MM BWP PINE LAMINATED DOOR','not_applicable','NEW PINE FRAME','2.5 ',NULL,1,1,'Aica','Aica',1,1,'Wood Pine','31','not_applicable','not_applicable','','',16,60,1,1,'SANJAY PATEL',10,-1,1,1,2,2,'2024-02-29 12:52:40','2024-02-29 12:54:11',NULL,2),(190,63,2,2132,842,NULL,NULL,1,0,NULL,NULL,2,19,'1',200,NULL,3,2,2,NULL,NULL,1,NULL,NULL,NULL,1,NULL,NULL,NULL,NULL,NULL,NULL,NULL,NULL,NULL,NULL,0,NULL,NULL,NULL,NULL,'CB','Laminated Door','Pine','31','NEW PINE FRAME','Wood Pine','W/o Face','MUF','2.5 ','15','35 MM BWP PINE LAMINATED DOOR','35 MM BWP PINE LAMINATED','1','35 MM BWP PINE LAMINATED DOOR','not_applicable','NEW PINE FRAME','2.5 ',NULL,1,1,'Aica','Aica',1,1,'Wood Pine','31','not_applicable','not_applicable','','',16,60,1,1,'SANJAY PATEL',10,-1,1,1,2,2,'2024-02-29 12:52:40','2024-02-29 12:54:11',NULL,2),(191,63,2,2135,840,NULL,NULL,1,0,NULL,NULL,2,19,'1',200,NULL,3,2,2,NULL,NULL,1,NULL,NULL,NULL,1,NULL,NULL,NULL,NULL,NULL,NULL,NULL,NULL,NULL,NULL,0,NULL,NULL,NULL,NULL,'CB','Laminated Door','Pine','31','NEW PINE FRAME','Wood Pine','W/o Face','MUF','2.5 ','15','35 MM BWP PINE LAMINATED DOOR','35 MM BWP PINE LAMINATED','1','35 MM BWP PINE LAMINATED DOOR','not_applicable','NEW PINE FRAME','2.5 ',NULL,1,1,'Aica','Aica',1,1,'Wood Pine','31','not_applicable','not_applicable','','',16,60,1,1,'SANJAY PATEL',10,-1,1,1,2,2,'2024-02-29 12:52:40','2024-02-29 12:54:11',NULL,2),(192,63,2,2140,840,NULL,NULL,1,0,NULL,NULL,2,19,'1',200,NULL,3,2,2,NULL,NULL,1,NULL,NULL,NULL,1,NULL,NULL,NULL,NULL,NULL,NULL,NULL,NULL,NULL,NULL,0,NULL,NULL,NULL,NULL,'CB','Laminated Door','Pine','31','NEW PINE FRAME','Wood Pine','W/o Face','MUF','2.5 ','15','35 MM BWP PINE LAMINATED DOOR','35 MM BWP PINE LAMINATED','1','35 MM BWP PINE LAMINATED DOOR','not_applicable','NEW PINE FRAME','2.5 ',NULL,1,1,'Aica','Aica',1,1,'Wood Pine','31','not_applicable','not_applicable','','',16,60,1,1,'SANJAY PATEL',10,-1,1,1,2,2,'2024-02-29 12:52:40','2024-02-29 12:54:11',NULL,2),(193,63,2,2145,842,NULL,NULL,2,0,NULL,NULL,2,19,'1',200,NULL,3,2,2,NULL,NULL,1,NULL,NULL,NULL,1,NULL,NULL,NULL,NULL,NULL,NULL,NULL,NULL,NULL,NULL,0,NULL,NULL,NULL,NULL,'CB','Laminated Door','Pine','31','NEW PINE FRAME','Wood Pine','W/o Face','MUF','2.5 ','15','35 MM BWP PINE LAMINATED DOOR','35 MM BWP PINE LAMINATED','1','35 MM BWP PINE LAMINATED DOOR','not_applicable','NEW PINE FRAME','2.5 ',NULL,1,1,'Aica','Aica',1,1,'Wood Pine','31','not_applicable','not_applicable','','',16,60,1,1,'SANJAY PATEL',10,-1,2,1,2,2,'2024-02-29 12:52:40','2024-02-29 12:54:11',NULL,2),(194,63,2,2130,840,NULL,NULL,1,0,NULL,NULL,2,19,'1',200,NULL,3,2,2,NULL,NULL,1,NULL,NULL,NULL,1,NULL,NULL,NULL,NULL,NULL,NULL,NULL,NULL,NULL,NULL,0,NULL,NULL,NULL,NULL,'CB','Laminated Door','Pine','31','NEW PINE FRAME','Wood Pine','W/o Face','MUF','2.5 ','15','35 MM BWP PINE LAMINATED DOOR','35 MM BWP PINE LAMINATED','1','35 MM BWP PINE LAMINATED DOOR','not_applicable','NEW PINE FRAME','2.5 ',NULL,1,1,'Aica','Aica',1,1,'Wood Pine','31','not_applicable','not_applicable','','',16,60,1,1,'SANJAY PATEL',10,-1,1,1,2,2,'2024-02-29 12:52:40','2024-02-29 12:54:11',NULL,2),(195,63,2,2150,838,NULL,NULL,1,0,NULL,NULL,2,19,'1',200,NULL,3,2,2,NULL,NULL,1,NULL,NULL,NULL,1,NULL,NULL,NULL,NULL,NULL,NULL,NULL,NULL,NULL,NULL,0,NULL,NULL,NULL,NULL,'CB','Laminated Door','Pine','31','NEW PINE FRAME','Wood Pine','W/o Face','MUF','2.5 ','15','35 MM BWP PINE LAMINATED DOOR','35 MM BWP PINE LAMINATED','1','35 MM BWP PINE LAMINATED DOOR','not_applicable','NEW PINE FRAME','2.5 ',NULL,1,1,'Aica','Aica',1,1,'Wood Pine','31','not_applicable','not_applicable','','',16,60,1,1,'SANJAY PATEL',10,-1,1,1,2,2,'2024-02-29 12:52:40','2024-02-29 12:54:11',NULL,2),(196,63,2,2150,842,NULL,NULL,1,0,NULL,NULL,2,19,'1',200,NULL,3,2,2,NULL,NULL,1,NULL,NULL,NULL,1,NULL,NULL,NULL,NULL,NULL,NULL,NULL,NULL,NULL,NULL,0,NULL,NULL,NULL,NULL,'CB','Laminated Door','Pine','31','NEW PINE FRAME','Wood Pine','W/o Face','MUF','2.5 ','15','35 MM BWP PINE LAMINATED DOOR','35 MM BWP PINE LAMINATED','1','35 MM BWP PINE LAMINATED DOOR','not_applicable','NEW PINE FRAME','2.5 ',NULL,1,1,'Aica','Aica',1,1,'Wood Pine','31','not_applicable','not_applicable','','',16,60,1,1,'SANJAY PATEL',10,-1,1,1,2,2,'2024-02-29 12:52:40','2024-02-29 12:54:11',NULL,2),(197,63,2,2115,834,NULL,NULL,1,0,NULL,NULL,2,19,'1',200,NULL,3,2,2,NULL,NULL,1,NULL,NULL,NULL,1,NULL,NULL,NULL,NULL,NULL,NULL,NULL,NULL,NULL,NULL,0,NULL,NULL,NULL,NULL,'CB','Laminated Door','Pine','31','NEW PINE FRAME','Wood Pine','W/o Face','MUF','2.5 ','15','35 MM BWP PINE LAMINATED DOOR','35 MM BWP PINE LAMINATED','1','35 MM BWP PINE LAMINATED DOOR','not_applicable','NEW PINE FRAME','2.5 ',NULL,1,1,'Aica','Aica',1,1,'Wood Pine','31','not_applicable','not_applicable','','',16,60,1,1,'SANJAY PATEL',10,-1,1,1,2,2,'2024-02-29 12:52:40','2024-02-29 12:54:11',NULL,2),(198,63,2,2120,840,NULL,NULL,1,0,NULL,NULL,2,19,'1',200,NULL,3,2,2,NULL,NULL,1,NULL,NULL,NULL,1,NULL,NULL,NULL,NULL,NULL,NULL,NULL,NULL,NULL,NULL,0,NULL,NULL,NULL,NULL,'CB','Laminated Door','Pine','31','NEW PINE FRAME','Wood Pine','W/o Face','MUF','2.5 ','15','35 MM BWP PINE LAMINATED DOOR','35 MM BWP PINE LAMINATED','1','35 MM BWP PINE LAMINATED DOOR','not_applicable','NEW PINE FRAME','2.5 ',NULL,1,1,'Aica','Aica',1,1,'Wood Pine','31','not_applicable','not_applicable','','',16,60,1,1,'SANJAY PATEL',10,-1,1,1,2,2,'2024-02-29 12:52:40','2024-02-29 12:54:12',NULL,2),(199,63,2,2120,818,NULL,NULL,1,0,NULL,NULL,2,19,'1',200,NULL,3,2,2,NULL,NULL,1,NULL,NULL,NULL,1,NULL,NULL,NULL,NULL,NULL,NULL,NULL,NULL,NULL,NULL,0,NULL,NULL,NULL,NULL,'CB','Laminated Door','Pine','31','NEW PINE FRAME','Wood Pine','W/o Face','MUF','2.5 ','15','35 MM BWP PINE LAMINATED DOOR','35 MM BWP PINE LAMINATED','1','35 MM BWP PINE LAMINATED DOOR','not_applicable','NEW PINE FRAME','2.5 ',NULL,1,1,'Aica','Aica',1,1,'Wood Pine','31','not_applicable','not_applicable','','',16,60,1,1,'SANJAY PATEL',10,-1,1,1,2,2,'2024-02-29 12:52:41','2024-02-29 12:54:12',NULL,2),(200,63,2,2150,832,NULL,NULL,1,0,NULL,NULL,2,19,'1',200,NULL,3,2,2,NULL,NULL,1,NULL,NULL,NULL,1,NULL,NULL,NULL,NULL,NULL,NULL,NULL,NULL,NULL,NULL,0,NULL,NULL,NULL,NULL,'CB','Laminated Door','Pine','31','NEW PINE FRAME','Wood Pine','W/o Face','MUF','2.5 ','15','35 MM BWP PINE LAMINATED DOOR','35 MM BWP PINE LAMINATED','1','35 MM BWP PINE LAMINATED DOOR','not_applicable','NEW PINE FRAME','2.5 ',NULL,1,1,'Aica','Aica',1,1,'Wood Pine','31','not_applicable','not_applicable','','',16,60,1,1,'SANJAY PATEL',10,-1,1,1,2,2,'2024-02-29 12:52:41','2024-02-29 12:54:12',NULL,2),(201,63,2,2123,834,NULL,NULL,1,0,NULL,NULL,2,19,'1',200,NULL,3,2,2,NULL,NULL,1,NULL,NULL,NULL,1,NULL,NULL,NULL,NULL,NULL,NULL,NULL,NULL,NULL,NULL,0,NULL,NULL,NULL,NULL,'CB','Laminated Door','Pine','31','NEW PINE FRAME','Wood Pine','W/o Face','MUF','2.5 ','15','35 MM BWP PINE LAMINATED DOOR','35 MM BWP PINE LAMINATED','1','35 MM BWP PINE LAMINATED DOOR','not_applicable','NEW PINE FRAME','2.5 ',NULL,1,1,'Aica','Aica',1,1,'Wood Pine','31','not_applicable','not_applicable','','',16,60,1,1,'SANJAY PATEL',10,-1,1,1,2,2,'2024-02-29 12:52:41','2024-02-29 12:54:12',NULL,2),(202,63,2,2118,838,NULL,NULL,1,0,NULL,NULL,2,19,'1',200,NULL,3,2,2,NULL,NULL,1,NULL,NULL,NULL,1,NULL,NULL,NULL,NULL,NULL,NULL,NULL,NULL,NULL,NULL,0,NULL,NULL,NULL,NULL,'CB','Laminated Door','Pine','31','NEW PINE FRAME','Wood Pine','W/o Face','MUF','2.5 ','15','35 MM BWP PINE LAMINATED DOOR','35 MM BWP PINE LAMINATED','1','35 MM BWP PINE LAMINATED DOOR','not_applicable','NEW PINE FRAME','2.5 ',NULL,1,1,'Aica','Aica',1,1,'Wood Pine','31','not_applicable','not_applicable','','',16,60,1,1,'SANJAY PATEL',10,-1,1,1,2,2,'2024-02-29 12:52:41','2024-02-29 12:54:12',NULL,2),(203,63,2,2142,843,NULL,NULL,1,0,NULL,NULL,2,19,'1',200,NULL,3,2,2,NULL,NULL,1,NULL,NULL,NULL,1,NULL,NULL,NULL,NULL,NULL,NULL,NULL,NULL,NULL,NULL,0,NULL,NULL,NULL,NULL,'CB','Laminated Door','Pine','31','NEW PINE FRAME','Wood Pine','W/o Face','MUF','2.5 ','15','35 MM BWP PINE LAMINATED DOOR','35 MM BWP PINE LAMINATED','1','35 MM BWP PINE LAMINATED DOOR','not_applicable','NEW PINE FRAME','2.5 ',NULL,1,1,'Aica','Aica',1,1,'Wood Pine','31','not_applicable','not_applicable','','',16,60,1,1,'SANJAY PATEL',10,-1,1,1,2,2,'2024-02-29 12:52:41','2024-02-29 12:54:12',NULL,2),(204,63,2,2150,836,NULL,NULL,1,0,NULL,NULL,2,19,'1',200,NULL,3,2,2,NULL,NULL,1,NULL,NULL,NULL,1,NULL,NULL,NULL,NULL,NULL,NULL,NULL,NULL,NULL,NULL,0,NULL,NULL,NULL,NULL,'CB','Laminated Door','Pine','31','NEW PINE FRAME','Wood Pine','W/o Face','MUF','2.5 ','15','35 MM BWP PINE LAMINATED DOOR','35 MM BWP PINE LAMINATED','1','35 MM BWP PINE LAMINATED DOOR','not_applicable','NEW PINE FRAME','2.5 ',NULL,1,1,'Aica','Aica',1,1,'Wood Pine','31','not_applicable','not_applicable','','',16,60,1,1,'SANJAY PATEL',10,-1,1,1,2,2,'2024-02-29 12:52:41','2024-02-29 12:54:12',NULL,2),(205,63,2,2135,820,NULL,NULL,1,0,NULL,NULL,2,19,'1',200,NULL,3,2,2,NULL,NULL,1,NULL,NULL,NULL,1,NULL,NULL,NULL,NULL,NULL,NULL,NULL,NULL,NULL,NULL,0,NULL,NULL,NULL,NULL,'CB','Laminated Door','Pine','31','NEW PINE FRAME','Wood Pine','W/o Face','MUF','2.5 ','15','35 MM BWP PINE LAMINATED DOOR','35 MM BWP PINE LAMINATED','1','35 MM BWP PINE LAMINATED DOOR','not_applicable','NEW PINE FRAME','2.5 ',NULL,1,1,'Aica','Aica',1,1,'Wood Pine','31','not_applicable','not_applicable','','',16,60,1,1,'SANJAY PATEL',10,-1,1,1,2,2,'2024-02-29 12:52:41','2024-02-29 12:54:12',NULL,2),(206,63,2,2162,838,NULL,NULL,1,0,NULL,NULL,2,19,'1',200,NULL,3,2,2,NULL,NULL,1,NULL,NULL,NULL,1,NULL,NULL,NULL,NULL,NULL,NULL,NULL,NULL,NULL,NULL,0,NULL,NULL,NULL,NULL,'CB','Laminated Door','Pine','31','NEW PINE FRAME','Wood Pine','W/o Face','MUF','2.5 ','15','35 MM BWP PINE LAMINATED DOOR','35 MM BWP PINE LAMINATED','1','35 MM BWP PINE LAMINATED DOOR','not_applicable','NEW PINE FRAME','2.5 ',NULL,1,1,'Aica','Aica',1,1,'Wood Pine','31','not_applicable','not_applicable','','',16,60,1,1,'SANJAY PATEL',10,-1,1,1,2,2,'2024-02-29 12:52:41','2024-02-29 12:54:12',NULL,2),(207,63,2,2160,840,NULL,NULL,3,0,NULL,NULL,2,19,'1',200,NULL,3,2,2,NULL,NULL,1,NULL,NULL,NULL,1,NULL,NULL,NULL,NULL,NULL,NULL,NULL,NULL,NULL,NULL,0,NULL,NULL,NULL,NULL,'CB','Laminated Door','Pine','31','NEW PINE FRAME','Wood Pine','W/o Face','MUF','2.5 ','15','35 MM BWP PINE LAMINATED DOOR','35 MM BWP PINE LAMINATED','1','35 MM BWP PINE LAMINATED DOOR','not_applicable','NEW PINE FRAME','2.5 ',NULL,1,1,'Aica','Aica',1,1,'Wood Pine','31','not_applicable','not_applicable','','',16,60,1,1,'SANJAY PATEL',10,-1,3,1,2,2,'2024-02-29 12:52:41','2024-02-29 12:54:12',NULL,2),(208,63,2,2150,830,NULL,NULL,1,0,NULL,NULL,2,19,'1',200,NULL,3,2,2,NULL,NULL,1,NULL,NULL,NULL,1,NULL,NULL,NULL,NULL,NULL,NULL,NULL,NULL,NULL,NULL,0,NULL,NULL,NULL,NULL,'CB','Laminated Door','Pine','31','NEW PINE FRAME','Wood Pine','W/o Face','MUF','2.5 ','15','35 MM BWP PINE LAMINATED DOOR','35 MM BWP PINE LAMINATED','1','35 MM BWP PINE LAMINATED DOOR','not_applicable','NEW PINE FRAME','2.5 ',NULL,1,1,'Aica','Aica',1,1,'Wood Pine','31','not_applicable','not_applicable','','',16,60,1,1,'SANJAY PATEL',10,-1,1,1,2,2,'2024-02-29 12:52:41','2024-02-29 12:54:12',NULL,2),(209,63,2,2120,832,NULL,NULL,1,0,NULL,NULL,2,19,'1',200,NULL,3,2,2,NULL,NULL,1,NULL,NULL,NULL,1,NULL,NULL,NULL,NULL,NULL,NULL,NULL,NULL,NULL,NULL,0,NULL,NULL,NULL,NULL,'CB','Laminated Door','Pine','31','NEW PINE FRAME','Wood Pine','W/o Face','MUF','2.5 ','15','35 MM BWP PINE LAMINATED DOOR','35 MM BWP PINE LAMINATED','1','35 MM BWP PINE LAMINATED DOOR','not_applicable','NEW PINE FRAME','2.5 ',NULL,1,1,'Aica','Aica',1,1,'Wood Pine','31','not_applicable','not_applicable','','',16,60,1,1,'SANJAY PATEL',10,-1,1,1,2,2,'2024-02-29 12:52:41','2024-02-29 12:54:12',NULL,2),(210,63,2,2155,840,NULL,NULL,1,0,NULL,NULL,2,19,'1',200,NULL,3,2,2,NULL,NULL,1,NULL,NULL,NULL,1,NULL,NULL,NULL,NULL,NULL,NULL,NULL,NULL,NULL,NULL,0,NULL,NULL,NULL,NULL,'CB','Laminated Door','Pine','31','NEW PINE FRAME','Wood Pine','W/o Face','MUF','2.5 ','15','35 MM BWP PINE LAMINATED DOOR','35 MM BWP PINE LAMINATED','1','35 MM BWP PINE LAMINATED DOOR','not_applicable','NEW PINE FRAME','2.5 ',NULL,1,1,'Aica','Aica',1,1,'Wood Pine','31','not_applicable','not_applicable','','',16,60,1,1,'SANJAY PATEL',10,-1,1,1,2,2,'2024-02-29 12:52:41','2024-02-29 12:54:12',NULL,2),(211,63,2,2150,843,NULL,NULL,2,0,NULL,NULL,2,19,'1',200,NULL,3,2,2,NULL,NULL,1,NULL,NULL,NULL,1,NULL,NULL,NULL,NULL,NULL,NULL,NULL,NULL,NULL,NULL,0,NULL,NULL,NULL,NULL,'CB','Laminated Door','Pine','31','NEW PINE FRAME','Wood Pine','W/o Face','MUF','2.5 ','15','35 MM BWP PINE LAMINATED DOOR','35 MM BWP PINE LAMINATED','1','35 MM BWP PINE LAMINATED DOOR','not_applicable','NEW PINE FRAME','2.5 ',NULL,1,1,'Aica','Aica',1,1,'Wood Pine','31','not_applicable','not_applicable','','',16,60,1,1,'SANJAY PATEL',10,-1,2,1,2,2,'2024-02-29 12:52:41','2024-02-29 12:54:12',NULL,2),(212,63,2,2143,840,NULL,NULL,1,0,NULL,NULL,2,19,'1',200,NULL,3,2,2,NULL,NULL,1,NULL,NULL,NULL,1,NULL,NULL,NULL,NULL,NULL,NULL,NULL,NULL,NULL,NULL,0,NULL,NULL,NULL,NULL,'CB','Laminated Door','Pine','31','NEW PINE FRAME','Wood Pine','W/o Face','MUF','2.5 ','15','35 MM BWP PINE LAMINATED DOOR','35 MM BWP PINE LAMINATED','1','35 MM BWP PINE LAMINATED DOOR','not_applicable','NEW PINE FRAME','2.5 ',NULL,1,1,'Aica','Aica',1,1,'Wood Pine','31','not_applicable','not_applicable','','',16,60,1,1,'SANJAY PATEL',10,-1,1,1,2,2,'2024-02-29 12:52:41','2024-02-29 12:54:12',NULL,2),(213,63,2,2155,830,NULL,NULL,1,0,NULL,NULL,2,19,'1',200,NULL,3,2,2,NULL,NULL,1,NULL,NULL,NULL,1,NULL,NULL,NULL,NULL,NULL,NULL,NULL,NULL,NULL,NULL,0,NULL,NULL,NULL,NULL,'CB','Laminated Door','Pine','31','NEW PINE FRAME','Wood Pine','W/o Face','MUF','2.5 ','15','35 MM BWP PINE LAMINATED DOOR','35 MM BWP PINE LAMINATED','1','35 MM BWP PINE LAMINATED DOOR','not_applicable','NEW PINE FRAME','2.5 ',NULL,1,1,'Aica','Aica',1,1,'Wood Pine','31','not_applicable','not_applicable','','',16,60,1,1,'SANJAY PATEL',10,-1,1,1,2,2,'2024-02-29 12:52:41','2024-02-29 12:54:12',NULL,2),(214,63,2,2145,843,NULL,NULL,1,0,NULL,NULL,2,19,'1',200,NULL,3,2,2,NULL,NULL,1,NULL,NULL,NULL,1,NULL,NULL,NULL,NULL,NULL,NULL,NULL,NULL,NULL,NULL,0,NULL,NULL,NULL,NULL,'CB','Laminated Door','Pine','31','NEW PINE FRAME','Wood Pine','W/o Face','MUF','2.5 ','15','35 MM BWP PINE LAMINATED DOOR','35 MM BWP PINE LAMINATED','1','35 MM BWP PINE LAMINATED DOOR','not_applicable','NEW PINE FRAME','2.5 ',NULL,1,1,'Aica','Aica',1,1,'Wood Pine','31','not_applicable','not_applicable','','',16,60,1,1,'SANJAY PATEL',10,-1,1,1,2,2,'2024-02-29 12:52:41','2024-02-29 12:54:12',NULL,2),(215,63,2,2125,842,NULL,NULL,1,0,NULL,NULL,2,19,'1',200,NULL,3,2,2,NULL,NULL,1,NULL,NULL,NULL,1,NULL,NULL,NULL,NULL,NULL,NULL,NULL,NULL,NULL,NULL,0,NULL,NULL,NULL,NULL,'CB','Laminated Door','Pine','31','NEW PINE FRAME','Wood Pine','W/o Face','MUF','2.5 ','15','35 MM BWP PINE LAMINATED DOOR','35 MM BWP PINE LAMINATED','1','35 MM BWP PINE LAMINATED DOOR','not_applicable','NEW PINE FRAME','2.5 ',NULL,1,1,'Aica','Aica',1,1,'Wood Pine','31','not_applicable','not_applicable','','',16,60,1,1,'SANJAY PATEL',10,-1,1,1,2,2,'2024-02-29 12:52:41','2024-02-29 12:54:12',NULL,2),(216,63,2,2138,840,NULL,NULL,1,0,NULL,NULL,2,19,'1',200,NULL,3,2,2,NULL,NULL,1,NULL,NULL,NULL,1,NULL,NULL,NULL,NULL,NULL,NULL,NULL,NULL,NULL,NULL,0,NULL,NULL,NULL,NULL,'CB','Laminated Door','Pine','31','NEW PINE FRAME','Wood Pine','W/o Face','MUF','2.5 ','15','35 MM BWP PINE LAMINATED DOOR','35 MM BWP PINE LAMINATED','1','35 MM BWP PINE LAMINATED DOOR','not_applicable','NEW PINE FRAME','2.5 ',NULL,1,1,'Aica','Aica',1,1,'Wood Pine','31','not_applicable','not_applicable','','',16,60,1,1,'SANJAY PATEL',10,-1,1,1,2,2,'2024-02-29 12:52:42','2024-02-29 12:54:12',NULL,2),(217,63,2,2123,825,NULL,NULL,1,0,NULL,NULL,2,19,'1',200,NULL,3,2,2,NULL,NULL,1,NULL,NULL,NULL,1,NULL,NULL,NULL,NULL,NULL,NULL,NULL,NULL,NULL,NULL,0,NULL,NULL,NULL,NULL,'CB','Laminated Door','Pine','31','NEW PINE FRAME','Wood Pine','W/o Face','MUF','2.5 ','15','35 MM BWP PINE LAMINATED DOOR','35 MM BWP PINE LAMINATED','1','35 MM BWP PINE LAMINATED DOOR','not_applicable','NEW PINE FRAME','2.5 ',NULL,1,1,'Aica','Aica',1,1,'Wood Pine','31','not_applicable','not_applicable','','',16,60,1,1,'SANJAY PATEL',10,-1,1,1,2,2,'2024-02-29 12:52:42','2024-02-29 12:54:12',NULL,2),(218,63,2,2140,832,NULL,NULL,1,0,NULL,NULL,2,19,'1',200,NULL,3,2,2,NULL,NULL,1,NULL,NULL,NULL,1,NULL,NULL,NULL,NULL,NULL,NULL,NULL,NULL,NULL,NULL,0,NULL,NULL,NULL,NULL,'CB','Laminated Door','Pine','31','NEW PINE FRAME','Wood Pine','W/o Face','MUF','2.5 ','15','35 MM BWP PINE LAMINATED DOOR','35 MM BWP PINE LAMINATED','1','35 MM BWP PINE LAMINATED DOOR','not_applicable','NEW PINE FRAME','2.5 ',NULL,1,1,'Aica','Aica',1,1,'Wood Pine','31','not_applicable','not_applicable','','',16,60,1,1,'SANJAY PATEL',10,-1,1,1,2,2,'2024-02-29 12:52:42','2024-02-29 12:54:12',NULL,2),(219,63,2,2138,835,NULL,NULL,1,0,NULL,NULL,2,19,'1',200,NULL,3,2,2,NULL,NULL,1,NULL,NULL,NULL,1,NULL,NULL,NULL,NULL,NULL,NULL,NULL,NULL,NULL,NULL,0,NULL,NULL,NULL,NULL,'CB','Laminated Door','Pine','31','NEW PINE FRAME','Wood Pine','W/o Face','MUF','2.5 ','15','35 MM BWP PINE LAMINATED DOOR','35 MM BWP PINE LAMINATED','1','35 MM BWP PINE LAMINATED DOOR','not_applicable','NEW PINE FRAME','2.5 ',NULL,1,1,'Aica','Aica',1,1,'Wood Pine','31','not_applicable','not_applicable','','',16,60,1,1,'SANJAY PATEL',10,-1,1,1,2,2,'2024-02-29 12:52:42','2024-02-29 12:54:12',NULL,2),(220,63,7,2172,687,NULL,NULL,1,0,NULL,NULL,2,19,'1',200,NULL,3,2,2,NULL,NULL,1,NULL,NULL,NULL,1,NULL,NULL,NULL,NULL,NULL,NULL,NULL,NULL,NULL,NULL,0,NULL,NULL,NULL,NULL,'DRB','Laminated Door','Pine','31','NEW PINE FRAME','Wood Pine','W/o Face','MUF','2.5 ','15','35 MM BWP PINE LAMINATED DOOR','35 MM BWP PINE LAMINATED','1','35 MM BWP PINE LAMINATED DOOR','not_applicable','NEW PINE FRAME','2.5 ',NULL,1,1,'Aica','Aica',1,1,'Wood Pine','31','not_applicable','not_applicable','','',16,60,1,1,'SANJAY PATEL',10,-1,1,1,2,2,'2024-02-29 12:52:42','2024-02-29 12:54:12',NULL,2),(221,63,7,2165,680,NULL,NULL,1,0,NULL,NULL,2,19,'1',200,NULL,3,2,2,NULL,NULL,1,NULL,NULL,NULL,1,NULL,NULL,NULL,NULL,NULL,NULL,NULL,NULL,NULL,NULL,0,NULL,NULL,NULL,NULL,'DRB','Laminated Door','Pine','31','NEW PINE FRAME','Wood Pine','W/o Face','MUF','2.5 ','15','35 MM BWP PINE LAMINATED DOOR','35 MM BWP PINE LAMINATED','1','35 MM BWP PINE LAMINATED DOOR','not_applicable','NEW PINE FRAME','2.5 ',NULL,1,1,'Aica','Aica',1,1,'Wood Pine','31','not_applicable','not_applicable','','',16,60,1,1,'SANJAY PATEL',10,-1,1,1,2,2,'2024-02-29 12:52:42','2024-02-29 12:54:12',NULL,2),(222,63,7,2155,680,NULL,NULL,2,0,NULL,NULL,2,19,'1',200,NULL,3,2,2,NULL,NULL,1,NULL,NULL,NULL,1,NULL,NULL,NULL,NULL,NULL,NULL,NULL,NULL,NULL,NULL,0,NULL,NULL,NULL,NULL,'DRB','Laminated Door','Pine','31','NEW PINE FRAME','Wood Pine','W/o Face','MUF','2.5 ','15','35 MM BWP PINE LAMINATED DOOR','35 MM BWP PINE LAMINATED','1','35 MM BWP PINE LAMINATED DOOR','not_applicable','NEW PINE FRAME','2.5 ',NULL,1,1,'Aica','Aica',1,1,'Wood Pine','31','not_applicable','not_applicable','','',16,60,1,1,'SANJAY PATEL',10,-1,2,1,2,2,'2024-02-29 12:52:42','2024-02-29 12:54:12',NULL,2),(223,63,7,2145,678,NULL,NULL,1,0,NULL,NULL,2,19,'1',200,NULL,3,2,2,NULL,NULL,1,NULL,NULL,NULL,1,NULL,NULL,NULL,NULL,NULL,NULL,NULL,NULL,NULL,NULL,0,NULL,NULL,NULL,NULL,'DRB','Laminated Door','Pine','31','NEW PINE FRAME','Wood Pine','W/o Face','MUF','2.5 ','15','35 MM BWP PINE LAMINATED DOOR','35 MM BWP PINE LAMINATED','1','35 MM BWP PINE LAMINATED DOOR','not_applicable','NEW PINE FRAME','2.5 ',NULL,1,1,'Aica','Aica',1,1,'Wood Pine','31','not_applicable','not_applicable','','',16,60,1,1,'SANJAY PATEL',10,-1,1,1,2,2,'2024-02-29 12:52:42','2024-02-29 12:54:12',NULL,2),(224,63,7,2165,677,NULL,NULL,2,0,NULL,NULL,2,19,'1',200,NULL,3,2,2,NULL,NULL,1,NULL,NULL,NULL,1,NULL,NULL,NULL,NULL,NULL,NULL,NULL,NULL,NULL,NULL,0,NULL,NULL,NULL,NULL,'DRB','Laminated Door','Pine','31','NEW PINE FRAME','Wood Pine','W/o Face','MUF','2.5 ','15','35 MM BWP PINE LAMINATED DOOR','35 MM BWP PINE LAMINATED','1','35 MM BWP PINE LAMINATED DOOR','not_applicable','NEW PINE FRAME','2.5 ',NULL,1,1,'Aica','Aica',1,1,'Wood Pine','31','not_applicable','not_applicable','','',16,60,1,1,'SANJAY PATEL',10,-1,2,1,2,2,'2024-02-29 12:52:42','2024-02-29 12:54:12',NULL,2),(225,63,7,2163,677,NULL,NULL,1,0,NULL,NULL,2,19,'1',200,NULL,3,2,2,NULL,NULL,1,NULL,NULL,NULL,1,NULL,NULL,NULL,NULL,NULL,NULL,NULL,NULL,NULL,NULL,0,NULL,NULL,NULL,NULL,'DRB','Laminated Door','Pine','31','NEW PINE FRAME','Wood Pine','W/o Face','MUF','2.5 ','15','35 MM BWP PINE LAMINATED DOOR','35 MM BWP PINE LAMINATED','1','35 MM BWP PINE LAMINATED DOOR','not_applicable','NEW PINE FRAME','2.5 ',NULL,1,1,'Aica','Aica',1,1,'Wood Pine','31','not_applicable','not_applicable','','',16,60,1,1,'SANJAY PATEL',10,-1,1,1,2,2,'2024-02-29 12:52:42','2024-02-29 12:54:12',NULL,2),(226,63,7,2155,678,NULL,NULL,1,0,NULL,NULL,2,19,'1',200,NULL,3,2,2,NULL,NULL,1,NULL,NULL,NULL,1,NULL,NULL,NULL,NULL,NULL,NULL,NULL,NULL,NULL,NULL,0,NULL,NULL,NULL,NULL,'DRB','Laminated Door','Pine','31','NEW PINE FRAME','Wood Pine','W/o Face','MUF','2.5 ','15','35 MM BWP PINE LAMINATED DOOR','35 MM BWP PINE LAMINATED','1','35 MM BWP PINE LAMINATED DOOR','not_applicable','NEW PINE FRAME','2.5 ',NULL,1,1,'Aica','Aica',1,1,'Wood Pine','31','not_applicable','not_applicable','','',16,60,1,1,'SANJAY PATEL',10,-1,1,1,2,2,'2024-02-29 12:52:42','2024-02-29 12:54:12',NULL,2),(227,63,7,2140,678,NULL,NULL,2,0,NULL,NULL,2,19,'1',200,NULL,3,2,2,NULL,NULL,1,NULL,NULL,NULL,1,NULL,NULL,NULL,NULL,NULL,NULL,NULL,NULL,NULL,NULL,0,NULL,NULL,NULL,NULL,'DRB','Laminated Door','Pine','31','NEW PINE FRAME','Wood Pine','W/o Face','MUF','2.5 ','15','35 MM BWP PINE LAMINATED DOOR','35 MM BWP PINE LAMINATED','1','35 MM BWP PINE LAMINATED DOOR','not_applicable','NEW PINE FRAME','2.5 ',NULL,1,1,'Aica','Aica',1,1,'Wood Pine','31','not_applicable','not_applicable','','',16,60,1,1,'SANJAY PATEL',10,-1,2,1,2,2,'2024-02-29 12:52:42','2024-02-29 12:54:12',NULL,2),(228,63,7,2155,677,NULL,NULL,1,0,NULL,NULL,2,19,'1',200,NULL,3,2,2,NULL,NULL,1,NULL,NULL,NULL,1,NULL,NULL,NULL,NULL,NULL,NULL,NULL,NULL,NULL,NULL,0,NULL,NULL,NULL,NULL,'DRB','Laminated Door','Pine','31','NEW PINE FRAME','Wood Pine','W/o Face','MUF','2.5 ','15','35 MM BWP PINE LAMINATED DOOR','35 MM BWP PINE LAMINATED','1','35 MM BWP PINE LAMINATED DOOR','not_applicable','NEW PINE FRAME','2.5 ',NULL,1,1,'Aica','Aica',1,1,'Wood Pine','31','not_applicable','not_applicable','','',16,60,1,1,'SANJAY PATEL',10,-1,1,1,2,2,'2024-02-29 12:52:42','2024-02-29 12:54:12',NULL,2),(229,63,7,2148,677,NULL,NULL,1,0,NULL,NULL,2,19,'1',200,NULL,3,2,2,NULL,NULL,1,NULL,NULL,NULL,1,NULL,NULL,NULL,NULL,NULL,NULL,NULL,NULL,NULL,NULL,0,NULL,NULL,NULL,NULL,'DRB','Laminated Door','Pine','31','NEW PINE FRAME','Wood Pine','W/o Face','MUF','2.5 ','15','35 MM BWP PINE LAMINATED DOOR','35 MM BWP PINE LAMINATED','1','35 MM BWP PINE LAMINATED DOOR','not_applicable','NEW PINE FRAME','2.5 ',NULL,1,1,'Aica','Aica',1,1,'Wood Pine','31','not_applicable','not_applicable','','',16,60,1,1,'SANJAY PATEL',10,-1,1,1,2,2,'2024-02-29 12:52:42','2024-02-29 12:54:12',NULL,2),(230,63,7,2145,677,NULL,NULL,2,0,NULL,NULL,2,19,'1',200,NULL,3,2,2,NULL,NULL,1,NULL,NULL,NULL,1,NULL,NULL,NULL,NULL,NULL,NULL,NULL,NULL,NULL,NULL,0,NULL,NULL,NULL,NULL,'DRB','Laminated Door','Pine','31','NEW PINE FRAME','Wood Pine','W/o Face','MUF','2.5 ','15','35 MM BWP PINE LAMINATED DOOR','35 MM BWP PINE LAMINATED','1','35 MM BWP PINE LAMINATED DOOR','not_applicable','NEW PINE FRAME','2.5 ',NULL,1,1,'Aica','Aica',1,1,'Wood Pine','31','not_applicable','not_applicable','','',16,60,1,1,'SANJAY PATEL',10,-1,2,1,2,2,'2024-02-29 12:52:42','2024-02-29 12:54:12',NULL,2),(231,63,7,2155,676,NULL,NULL,1,0,NULL,NULL,2,19,'1',200,NULL,3,2,2,NULL,NULL,1,NULL,NULL,NULL,1,NULL,NULL,NULL,NULL,NULL,NULL,NULL,NULL,NULL,NULL,0,NULL,NULL,NULL,NULL,'DRB','Laminated Door','Pine','31','NEW PINE FRAME','Wood Pine','W/o Face','MUF','2.5 ','15','35 MM BWP PINE LAMINATED DOOR','35 MM BWP PINE LAMINATED','1','35 MM BWP PINE LAMINATED DOOR','not_applicable','NEW PINE FRAME','2.5 ',NULL,1,1,'Aica','Aica',1,1,'Wood Pine','31','not_applicable','not_applicable','','',16,60,1,1,'SANJAY PATEL',10,-1,1,1,2,2,'2024-02-29 12:52:42','2024-02-29 12:54:12',NULL,2),(232,63,7,2140,675,NULL,NULL,1,0,NULL,NULL,2,19,'1',200,NULL,3,2,2,NULL,NULL,1,NULL,NULL,NULL,1,NULL,NULL,NULL,NULL,NULL,NULL,NULL,NULL,NULL,NULL,0,NULL,NULL,NULL,NULL,'DRB','Laminated Door','Pine','31','NEW PINE FRAME','Wood Pine','W/o Face','MUF','2.5 ','15','35 MM BWP PINE LAMINATED DOOR','35 MM BWP PINE LAMINATED','1','35 MM BWP PINE LAMINATED DOOR','not_applicable','NEW PINE FRAME','2.5 ',NULL,1,1,'Aica','Aica',1,1,'Wood Pine','31','not_applicable','not_applicable','','',16,60,1,1,'SANJAY PATEL',10,-1,1,1,2,2,'2024-02-29 12:52:43','2024-02-29 12:54:12',NULL,2),(233,63,7,2160,677,NULL,NULL,1,0,NULL,NULL,2,19,'1',200,NULL,3,2,2,NULL,NULL,1,NULL,NULL,NULL,1,NULL,NULL,NULL,NULL,NULL,NULL,NULL,NULL,NULL,NULL,0,NULL,NULL,NULL,NULL,'DRB','Laminated Door','Pine','31','NEW PINE FRAME','Wood Pine','W/o Face','MUF','2.5 ','15','35 MM BWP PINE LAMINATED DOOR','35 MM BWP PINE LAMINATED','1','35 MM BWP PINE LAMINATED DOOR','not_applicable','NEW PINE FRAME','2.5 ',NULL,1,1,'Aica','Aica',1,1,'Wood Pine','31','not_applicable','not_applicable','','',16,60,1,1,'SANJAY PATEL',10,-1,1,1,2,2,'2024-02-29 12:52:43','2024-02-29 12:54:12',NULL,2),(234,63,7,2150,678,NULL,NULL,2,0,NULL,NULL,2,19,'1',200,NULL,3,2,2,NULL,NULL,1,NULL,NULL,NULL,1,NULL,NULL,NULL,NULL,NULL,NULL,NULL,NULL,NULL,NULL,0,NULL,NULL,NULL,NULL,'DRB','Laminated Door','Pine','31','NEW PINE FRAME','Wood Pine','W/o Face','MUF','2.5 ','15','35 MM BWP PINE LAMINATED DOOR','35 MM BWP PINE LAMINATED','1','35 MM BWP PINE LAMINATED DOOR','not_applicable','NEW PINE FRAME','2.5 ',NULL,1,1,'Aica','Aica',1,1,'Wood Pine','31','not_applicable','not_applicable','','',16,60,1,1,'SANJAY PATEL',10,-1,2,1,2,2,'2024-02-29 12:52:43','2024-02-29 12:54:12',NULL,2),(235,63,7,2148,678,NULL,NULL,1,0,NULL,NULL,2,19,'1',200,NULL,3,2,2,NULL,NULL,1,NULL,NULL,NULL,1,NULL,NULL,NULL,NULL,NULL,NULL,NULL,NULL,NULL,NULL,0,NULL,NULL,NULL,NULL,'DRB','Laminated Door','Pine','31','NEW PINE FRAME','Wood Pine','W/o Face','MUF','2.5 ','15','35 MM BWP PINE LAMINATED DOOR','35 MM BWP PINE LAMINATED','1','35 MM BWP PINE LAMINATED DOOR','not_applicable','NEW PINE FRAME','2.5 ',NULL,1,1,'Aica','Aica',1,1,'Wood Pine','31','not_applicable','not_applicable','','',16,60,1,1,'SANJAY PATEL',10,-1,1,1,2,2,'2024-02-29 12:52:43','2024-02-29 12:54:12',NULL,2),(236,63,7,2160,678,NULL,NULL,1,0,NULL,NULL,2,19,'1',200,NULL,3,2,2,NULL,NULL,1,NULL,NULL,NULL,1,NULL,NULL,NULL,NULL,NULL,NULL,NULL,NULL,NULL,NULL,0,NULL,NULL,NULL,NULL,'DRB','Laminated Door','Pine','31','NEW PINE FRAME','Wood Pine','W/o Face','MUF','2.5 ','15','35 MM BWP PINE LAMINATED DOOR','35 MM BWP PINE LAMINATED','1','35 MM BWP PINE LAMINATED DOOR','not_applicable','NEW PINE FRAME','2.5 ',NULL,1,1,'Aica','Aica',1,1,'Wood Pine','31','not_applicable','not_applicable','','',16,60,1,1,'SANJAY PATEL',10,-1,1,1,2,2,'2024-02-29 12:52:43','2024-02-29 12:54:12',NULL,2),(237,63,7,2152,677,NULL,NULL,1,0,NULL,NULL,2,19,'1',200,NULL,3,2,2,NULL,NULL,1,NULL,NULL,NULL,1,NULL,NULL,NULL,NULL,NULL,NULL,NULL,NULL,NULL,NULL,0,NULL,NULL,NULL,NULL,'DRB','Laminated Door','Pine','31','NEW PINE FRAME','Wood Pine','W/o Face','MUF','2.5 ','15','35 MM BWP PINE LAMINATED DOOR','35 MM BWP PINE LAMINATED','1','35 MM BWP PINE LAMINATED DOOR','not_applicable','NEW PINE FRAME','2.5 ',NULL,1,1,'Aica','Aica',1,1,'Wood Pine','31','not_applicable','not_applicable','','',16,60,1,1,'SANJAY PATEL',10,-1,1,1,2,2,'2024-02-29 12:52:43','2024-02-29 12:54:12',NULL,2),(238,63,7,2180,677,NULL,NULL,1,0,NULL,NULL,2,19,'1',200,NULL,3,2,2,NULL,NULL,1,NULL,NULL,NULL,1,NULL,NULL,NULL,NULL,NULL,NULL,NULL,NULL,NULL,NULL,0,NULL,NULL,NULL,NULL,'DRB','Laminated Door','Pine','31','NEW PINE FRAME','Wood Pine','W/o Face','MUF','2.5 ','15','35 MM BWP PINE LAMINATED DOOR','35 MM BWP PINE LAMINATED','1','35 MM BWP PINE LAMINATED DOOR','not_applicable','NEW PINE FRAME','2.5 ',NULL,1,1,'Aica','Aica',1,1,'Wood Pine','31','not_applicable','not_applicable','','',16,60,1,1,'SANJAY PATEL',10,-1,1,1,2,2,'2024-02-29 12:52:43','2024-02-29 12:54:12',NULL,2),(239,63,7,2135,678,NULL,NULL,1,0,NULL,NULL,2,19,'1',200,NULL,3,2,2,NULL,NULL,1,NULL,NULL,NULL,1,NULL,NULL,NULL,NULL,NULL,NULL,NULL,NULL,NULL,NULL,0,NULL,NULL,NULL,NULL,'DRB','Laminated Door','Pine','31','NEW PINE FRAME','Wood Pine','W/o Face','MUF','2.5 ','15','35 MM BWP PINE LAMINATED DOOR','35 MM BWP PINE LAMINATED','1','35 MM BWP PINE LAMINATED DOOR','not_applicable','NEW PINE FRAME','2.5 ',NULL,1,1,'Aica','Aica',1,1,'Wood Pine','31','not_applicable','not_applicable','','',16,60,1,1,'SANJAY PATEL',10,-1,1,1,2,2,'2024-02-29 12:52:43','2024-02-29 12:54:12',NULL,2),(240,63,7,2150,680,NULL,NULL,1,0,NULL,NULL,2,19,'1',200,NULL,3,2,2,NULL,NULL,1,NULL,NULL,NULL,1,NULL,NULL,NULL,NULL,NULL,NULL,NULL,NULL,NULL,NULL,0,NULL,NULL,NULL,NULL,'DRB','Laminated Door','Pine','31','NEW PINE FRAME','Wood Pine','W/o Face','MUF','2.5 ','15','35 MM BWP PINE LAMINATED DOOR','35 MM BWP PINE LAMINATED','1','35 MM BWP PINE LAMINATED DOOR','not_applicable','NEW PINE FRAME','2.5 ',NULL,1,1,'Aica','Aica',1,1,'Wood Pine','31','not_applicable','not_applicable','','',16,60,1,1,'SANJAY PATEL',10,-1,1,1,2,2,'2024-02-29 12:52:43','2024-02-29 12:54:12',NULL,2),(241,63,7,2165,678,NULL,NULL,3,0,NULL,NULL,2,19,'1',200,NULL,3,2,2,NULL,NULL,1,NULL,NULL,NULL,1,NULL,NULL,NULL,NULL,NULL,NULL,NULL,NULL,NULL,NULL,0,NULL,NULL,NULL,NULL,'DRB','Laminated Door','Pine','31','NEW PINE FRAME','Wood Pine','W/o Face','MUF','2.5 ','15','35 MM BWP PINE LAMINATED DOOR','35 MM BWP PINE LAMINATED','1','35 MM BWP PINE LAMINATED DOOR','not_applicable','NEW PINE FRAME','2.5 ',NULL,1,1,'Aica','Aica',1,1,'Wood Pine','31','not_applicable','not_applicable','','',16,60,1,1,'SANJAY PATEL',10,-1,3,1,2,2,'2024-02-29 12:52:43','2024-02-29 12:54:12',NULL,2),(242,63,4,2160,824,NULL,NULL,1,0,NULL,NULL,2,19,'1',200,NULL,3,2,2,NULL,NULL,1,NULL,NULL,NULL,1,NULL,NULL,NULL,NULL,NULL,NULL,NULL,NULL,NULL,NULL,0,NULL,NULL,NULL,NULL,'GB','Laminated Door','Pine','31','NEW PINE FRAME','Wood Pine','W/o Face','MUF','2.5 ','15','35 MM BWP PINE LAMINATED DOOR','35 MM BWP PINE LAMINATED','1','35 MM BWP PINE LAMINATED DOOR','not_applicable','NEW PINE FRAME','2.5 ',NULL,1,1,'Aica','Aica',1,1,'Wood Pine','31','not_applicable','not_applicable','','',16,60,1,1,'SANJAY PATEL',10,-1,1,1,2,2,'2024-02-29 12:52:43','2024-02-29 12:54:12',NULL,2),(243,63,4,2136,840,NULL,NULL,1,0,NULL,NULL,2,19,'1',200,NULL,3,2,2,NULL,NULL,1,NULL,NULL,NULL,1,NULL,NULL,NULL,NULL,NULL,NULL,NULL,NULL,NULL,NULL,0,NULL,NULL,NULL,NULL,'GB','Laminated Door','Pine','31','NEW PINE FRAME','Wood Pine','W/o Face','MUF','2.5 ','15','35 MM BWP PINE LAMINATED DOOR','35 MM BWP PINE LAMINATED','1','35 MM BWP PINE LAMINATED DOOR','not_applicable','NEW PINE FRAME','2.5 ',NULL,1,1,'Aica','Aica',1,1,'Wood Pine','31','not_applicable','not_applicable','','',16,60,1,1,'SANJAY PATEL',10,-1,1,1,2,2,'2024-02-29 12:52:43','2024-02-29 12:54:12',NULL,2),(244,63,4,2148,843,NULL,NULL,1,0,NULL,NULL,2,19,'1',200,NULL,3,2,2,NULL,NULL,1,NULL,NULL,NULL,1,NULL,NULL,NULL,NULL,NULL,NULL,NULL,NULL,NULL,NULL,0,NULL,NULL,NULL,NULL,'GB','Laminated Door','Pine','31','NEW PINE FRAME','Wood Pine','W/o Face','MUF','2.5 ','15','35 MM BWP PINE LAMINATED DOOR','35 MM BWP PINE LAMINATED','1','35 MM BWP PINE LAMINATED DOOR','not_applicable','NEW PINE FRAME','2.5 ',NULL,1,1,'Aica','Aica',1,1,'Wood Pine','31','not_applicable','not_applicable','','',16,60,1,1,'SANJAY PATEL',10,-1,1,1,2,2,'2024-02-29 12:52:43','2024-02-29 12:54:12',NULL,2),(245,63,4,2137,833,NULL,NULL,1,0,NULL,NULL,2,19,'1',200,NULL,3,2,2,NULL,NULL,1,NULL,NULL,NULL,1,NULL,NULL,NULL,NULL,NULL,NULL,NULL,NULL,NULL,NULL,0,NULL,NULL,NULL,NULL,'GB','Laminated Door','Pine','31','NEW PINE FRAME','Wood Pine','W/o Face','MUF','2.5 ','15','35 MM BWP PINE LAMINATED DOOR','35 MM BWP PINE LAMINATED','1','35 MM BWP PINE LAMINATED DOOR','not_applicable','NEW PINE FRAME','2.5 ',NULL,1,1,'Aica','Aica',1,1,'Wood Pine','31','not_applicable','not_applicable','','',16,60,1,1,'SANJAY PATEL',10,-1,1,1,2,2,'2024-02-29 12:52:43','2024-02-29 12:54:12',NULL,2),(246,63,4,2148,838,NULL,NULL,1,0,NULL,NULL,2,19,'1',200,NULL,3,2,2,NULL,NULL,1,NULL,NULL,NULL,1,NULL,NULL,NULL,NULL,NULL,NULL,NULL,NULL,NULL,NULL,0,NULL,NULL,NULL,NULL,'GB','Laminated Door','Pine','31','NEW PINE FRAME','Wood Pine','W/o Face','MUF','2.5 ','15','35 MM BWP PINE LAMINATED DOOR','35 MM BWP PINE LAMINATED','1','35 MM BWP PINE LAMINATED DOOR','not_applicable','NEW PINE FRAME','2.5 ',NULL,1,1,'Aica','Aica',1,1,'Wood Pine','31','not_applicable','not_applicable','','',16,60,1,1,'SANJAY PATEL',10,-1,1,1,2,2,'2024-02-29 12:52:43','2024-02-29 12:54:12',NULL,2),(247,63,4,2150,842,NULL,NULL,1,0,NULL,NULL,2,19,'1',200,NULL,3,2,2,NULL,NULL,1,NULL,NULL,NULL,1,NULL,NULL,NULL,NULL,NULL,NULL,NULL,NULL,NULL,NULL,0,NULL,NULL,NULL,NULL,'GB','Laminated Door','Pine','31','NEW PINE FRAME','Wood Pine','W/o Face','MUF','2.5 ','15','35 MM BWP PINE LAMINATED DOOR','35 MM BWP PINE LAMINATED','1','35 MM BWP PINE LAMINATED DOOR','not_applicable','NEW PINE FRAME','2.5 ',NULL,1,1,'Aica','Aica',1,1,'Wood Pine','31','not_applicable','not_applicable','','',16,60,1,1,'SANJAY PATEL',10,-1,1,1,2,2,'2024-02-29 12:52:43','2024-02-29 12:54:12',NULL,2),(248,63,4,2148,842,NULL,NULL,1,0,NULL,NULL,2,19,'1',200,NULL,3,2,2,NULL,NULL,1,NULL,NULL,NULL,1,NULL,NULL,NULL,NULL,NULL,NULL,NULL,NULL,NULL,NULL,0,NULL,NULL,NULL,NULL,'GB','Laminated Door','Pine','31','NEW PINE FRAME','Wood Pine','W/o Face','MUF','2.5 ','15','35 MM BWP PINE LAMINATED DOOR','35 MM BWP PINE LAMINATED','1','35 MM BWP PINE LAMINATED DOOR','not_applicable','NEW PINE FRAME','2.5 ',NULL,1,1,'Aica','Aica',1,1,'Wood Pine','31','not_applicable','not_applicable','','',16,60,1,1,'SANJAY PATEL',10,-1,1,1,2,2,'2024-02-29 12:52:43','2024-02-29 12:54:12',NULL,2),(249,63,4,2150,838,NULL,NULL,1,0,NULL,NULL,2,19,'1',200,NULL,3,2,2,NULL,NULL,1,NULL,NULL,NULL,1,NULL,NULL,NULL,NULL,NULL,NULL,NULL,NULL,NULL,NULL,0,NULL,NULL,NULL,NULL,'GB','Laminated Door','Pine','31','NEW PINE FRAME','Wood Pine','W/o Face','MUF','2.5 ','15','35 MM BWP PINE LAMINATED DOOR','35 MM BWP PINE LAMINATED','1','35 MM BWP PINE LAMINATED DOOR','not_applicable','NEW PINE FRAME','2.5 ',NULL,1,1,'Aica','Aica',1,1,'Wood Pine','31','not_applicable','not_applicable','','',16,60,1,1,'SANJAY PATEL',10,-1,1,1,2,2,'2024-02-29 12:52:44','2024-02-29 12:54:12',NULL,2),(250,63,4,2150,830,NULL,NULL,1,0,NULL,NULL,2,19,'1',200,NULL,3,2,2,NULL,NULL,1,NULL,NULL,NULL,1,NULL,NULL,NULL,NULL,NULL,NULL,NULL,NULL,NULL,NULL,0,NULL,NULL,NULL,NULL,'GB','Laminated Door','Pine','31','NEW PINE FRAME','Wood Pine','W/o Face','MUF','2.5 ','15','35 MM BWP PINE LAMINATED DOOR','35 MM BWP PINE LAMINATED','1','35 MM BWP PINE LAMINATED DOOR','not_applicable','NEW PINE FRAME','2.5 ',NULL,1,1,'Aica','Aica',1,1,'Wood Pine','31','not_applicable','not_applicable','','',16,60,1,1,'SANJAY PATEL',10,-1,1,1,2,2,'2024-02-29 12:52:44','2024-02-29 12:54:12',NULL,2),(251,63,4,2155,832,NULL,NULL,1,0,NULL,NULL,2,19,'1',200,NULL,3,2,2,NULL,NULL,1,NULL,NULL,NULL,1,NULL,NULL,NULL,NULL,NULL,NULL,NULL,NULL,NULL,NULL,0,NULL,NULL,NULL,NULL,'GB','Laminated Door','Pine','31','NEW PINE FRAME','Wood Pine','W/o Face','MUF','2.5 ','15','35 MM BWP PINE LAMINATED DOOR','35 MM BWP PINE LAMINATED','1','35 MM BWP PINE LAMINATED DOOR','not_applicable','NEW PINE FRAME','2.5 ',NULL,1,1,'Aica','Aica',1,1,'Wood Pine','31','not_applicable','not_applicable','','',16,60,1,1,'SANJAY PATEL',10,-1,1,1,2,2,'2024-02-29 12:52:44','2024-02-29 12:54:12',NULL,2),(252,63,4,2115,835,NULL,NULL,1,0,NULL,NULL,2,19,'1',200,NULL,3,2,2,NULL,NULL,1,NULL,NULL,NULL,1,NULL,NULL,NULL,NULL,NULL,NULL,NULL,NULL,NULL,NULL,0,NULL,NULL,NULL,NULL,'GB','Laminated Door','Pine','31','NEW PINE FRAME','Wood Pine','W/o Face','MUF','2.5 ','15','35 MM BWP PINE LAMINATED DOOR','35 MM BWP PINE LAMINATED','1','35 MM BWP PINE LAMINATED DOOR','not_applicable','NEW PINE FRAME','2.5 ',NULL,1,1,'Aica','Aica',1,1,'Wood Pine','31','not_applicable','not_applicable','','',16,60,1,1,'SANJAY PATEL',10,-1,1,1,2,2,'2024-02-29 12:52:44','2024-02-29 12:54:12',NULL,2),(253,63,4,2120,838,NULL,NULL,1,0,NULL,NULL,2,19,'1',200,NULL,3,2,2,NULL,NULL,1,NULL,NULL,NULL,1,NULL,NULL,NULL,NULL,NULL,NULL,NULL,NULL,NULL,NULL,0,NULL,NULL,NULL,NULL,'GB','Laminated Door','Pine','31','NEW PINE FRAME','Wood Pine','W/o Face','MUF','2.5 ','15','35 MM BWP PINE LAMINATED DOOR','35 MM BWP PINE LAMINATED','1','35 MM BWP PINE LAMINATED DOOR','not_applicable','NEW PINE FRAME','2.5 ',NULL,1,1,'Aica','Aica',1,1,'Wood Pine','31','not_applicable','not_applicable','','',16,60,1,1,'SANJAY PATEL',10,-1,1,1,2,2,'2024-02-29 12:52:44','2024-02-29 12:54:12',NULL,2),(254,63,4,2145,843,NULL,NULL,1,0,NULL,NULL,2,19,'1',200,NULL,3,2,2,NULL,NULL,1,NULL,NULL,NULL,1,NULL,NULL,NULL,NULL,NULL,NULL,NULL,NULL,NULL,NULL,0,NULL,NULL,NULL,NULL,'GB','Laminated Door','Pine','31','NEW PINE FRAME','Wood Pine','W/o Face','MUF','2.5 ','15','35 MM BWP PINE LAMINATED DOOR','35 MM BWP PINE LAMINATED','1','35 MM BWP PINE LAMINATED DOOR','not_applicable','NEW PINE FRAME','2.5 ',NULL,1,1,'Aica','Aica',1,1,'Wood Pine','31','not_applicable','not_applicable','','',16,60,1,1,'SANJAY PATEL',10,-1,1,1,2,2,'2024-02-29 12:52:44','2024-02-29 12:54:12',NULL,2),(255,63,4,2143,836,NULL,NULL,1,0,NULL,NULL,2,19,'1',200,NULL,3,2,2,NULL,NULL,1,NULL,NULL,NULL,1,NULL,NULL,NULL,NULL,NULL,NULL,NULL,NULL,NULL,NULL,0,NULL,NULL,NULL,NULL,'GB','Laminated Door','Pine','31','NEW PINE FRAME','Wood Pine','W/o Face','MUF','2.5 ','15','35 MM BWP PINE LAMINATED DOOR','35 MM BWP PINE LAMINATED','1','35 MM BWP PINE LAMINATED DOOR','not_applicable','NEW PINE FRAME','2.5 ',NULL,1,1,'Aica','Aica',1,1,'Wood Pine','31','not_applicable','not_applicable','','',16,60,1,1,'SANJAY PATEL',10,-1,1,1,2,2,'2024-02-29 12:52:44','2024-02-29 12:54:12',NULL,2),(256,63,4,2128,843,NULL,NULL,1,0,NULL,NULL,2,19,'1',200,NULL,3,2,2,NULL,NULL,1,NULL,NULL,NULL,1,NULL,NULL,NULL,NULL,NULL,NULL,NULL,NULL,NULL,NULL,0,NULL,NULL,NULL,NULL,'GB','Laminated Door','Pine','31','NEW PINE FRAME','Wood Pine','W/o Face','MUF','2.5 ','15','35 MM BWP PINE LAMINATED DOOR','35 MM BWP PINE LAMINATED','1','35 MM BWP PINE LAMINATED DOOR','not_applicable','NEW PINE FRAME','2.5 ',NULL,1,1,'Aica','Aica',1,1,'Wood Pine','31','not_applicable','not_applicable','','',16,60,1,1,'SANJAY PATEL',10,-1,1,1,2,2,'2024-02-29 12:52:44','2024-02-29 12:54:13',NULL,2),(257,63,1,2122,840,NULL,NULL,1,0,NULL,NULL,2,19,'1',200,NULL,3,2,2,NULL,NULL,1,NULL,NULL,NULL,1,NULL,NULL,NULL,NULL,NULL,NULL,NULL,NULL,NULL,NULL,0,NULL,NULL,NULL,NULL,'MB','Laminated Door','Pine','31','NEW PINE FRAME','Wood Pine','W/o Face','MUF','2.5 ','15','35 MM BWP PINE LAMINATED DOOR','35 MM BWP PINE LAMINATED','1','35 MM BWP PINE LAMINATED DOOR','not_applicable','NEW PINE FRAME','2.5 ',NULL,1,1,'Aica','Aica',1,1,'Wood Pine','31','not_applicable','not_applicable','','',16,60,1,1,'SANJAY PATEL',10,-1,1,1,2,2,'2024-02-29 12:52:44','2024-02-29 12:54:13',NULL,2),(258,63,1,2113,842,NULL,NULL,1,0,NULL,NULL,2,19,'1',200,NULL,3,2,2,NULL,NULL,1,NULL,NULL,NULL,1,NULL,NULL,NULL,NULL,NULL,NULL,NULL,NULL,NULL,NULL,0,NULL,NULL,NULL,NULL,'MB','Laminated Door','Pine','31','NEW PINE FRAME','Wood Pine','W/o Face','MUF','2.5 ','15','35 MM BWP PINE LAMINATED DOOR','35 MM BWP PINE LAMINATED','1','35 MM BWP PINE LAMINATED DOOR','not_applicable','NEW PINE FRAME','2.5 ',NULL,1,1,'Aica','Aica',1,1,'Wood Pine','31','not_applicable','not_applicable','','',16,60,1,1,'SANJAY PATEL',10,-1,1,1,2,2,'2024-02-29 12:52:44','2024-02-29 12:54:13',NULL,2),(259,63,1,2157,842,NULL,NULL,1,0,NULL,NULL,2,19,'1',200,NULL,3,2,2,NULL,NULL,1,NULL,NULL,NULL,1,NULL,NULL,NULL,NULL,NULL,NULL,NULL,NULL,NULL,NULL,0,NULL,NULL,NULL,NULL,'MB','Laminated Door','Pine','31','NEW PINE FRAME','Wood Pine','W/o Face','MUF','2.5 ','15','35 MM BWP PINE LAMINATED DOOR','35 MM BWP PINE LAMINATED','1','35 MM BWP PINE LAMINATED DOOR','not_applicable','NEW PINE FRAME','2.5 ',NULL,1,1,'Aica','Aica',1,1,'Wood Pine','31','not_applicable','not_applicable','','',16,60,1,1,'SANJAY PATEL',10,-1,1,1,2,2,'2024-02-29 12:52:44','2024-02-29 12:54:13',NULL,2),(260,63,1,2138,838,NULL,NULL,1,0,NULL,NULL,2,19,'1',200,NULL,3,2,2,NULL,NULL,1,NULL,NULL,NULL,1,NULL,NULL,NULL,NULL,NULL,NULL,NULL,NULL,NULL,NULL,0,NULL,NULL,NULL,NULL,'MB','Laminated Door','Pine','31','NEW PINE FRAME','Wood Pine','W/o Face','MUF','2.5 ','15','35 MM BWP PINE LAMINATED DOOR','35 MM BWP PINE LAMINATED','1','35 MM BWP PINE LAMINATED DOOR','not_applicable','NEW PINE FRAME','2.5 ',NULL,1,1,'Aica','Aica',1,1,'Wood Pine','31','not_applicable','not_applicable','','',16,60,1,1,'SANJAY PATEL',10,-1,1,1,2,2,'2024-02-29 12:52:44','2024-02-29 12:54:13',NULL,2),(261,63,1,2155,844,NULL,NULL,1,0,NULL,NULL,2,19,'1',200,NULL,3,2,2,NULL,NULL,1,NULL,NULL,NULL,1,NULL,NULL,NULL,NULL,NULL,NULL,NULL,NULL,NULL,NULL,0,NULL,NULL,NULL,NULL,'MB','Laminated Door','Pine','31','NEW PINE FRAME','Wood Pine','W/o Face','MUF','2.5 ','15','35 MM BWP PINE LAMINATED DOOR','35 MM BWP PINE LAMINATED','1','35 MM BWP PINE LAMINATED DOOR','not_applicable','NEW PINE FRAME','2.5 ',NULL,1,1,'Aica','Aica',1,1,'Wood Pine','31','not_applicable','not_applicable','','',16,60,1,1,'SANJAY PATEL',10,-1,1,1,2,2,'2024-02-29 12:52:44','2024-02-29 12:54:13',NULL,2),(262,63,1,2123,840,NULL,NULL,1,0,NULL,NULL,2,19,'1',200,NULL,3,2,2,NULL,NULL,1,NULL,NULL,NULL,1,NULL,NULL,NULL,NULL,NULL,NULL,NULL,NULL,NULL,NULL,0,NULL,NULL,NULL,NULL,'MB','Laminated Door','Pine','31','NEW PINE FRAME','Wood Pine','W/o Face','MUF','2.5 ','15','35 MM BWP PINE LAMINATED DOOR','35 MM BWP PINE LAMINATED','1','35 MM BWP PINE LAMINATED DOOR','not_applicable','NEW PINE FRAME','2.5 ',NULL,1,1,'Aica','Aica',1,1,'Wood Pine','31','not_applicable','not_applicable','','',16,60,1,1,'SANJAY PATEL',10,-1,1,1,2,2,'2024-02-29 12:52:44','2024-02-29 12:54:13',NULL,2),(263,63,1,2150,838,NULL,NULL,1,0,NULL,NULL,2,19,'1',200,NULL,3,2,2,NULL,NULL,1,NULL,NULL,NULL,1,NULL,NULL,NULL,NULL,NULL,NULL,NULL,NULL,NULL,NULL,0,NULL,NULL,NULL,NULL,'MB','Laminated Door','Pine','31','NEW PINE FRAME','Wood Pine','W/o Face','MUF','2.5 ','15','35 MM BWP PINE LAMINATED DOOR','35 MM BWP PINE LAMINATED','1','35 MM BWP PINE LAMINATED DOOR','not_applicable','NEW PINE FRAME','2.5 ',NULL,1,1,'Aica','Aica',1,1,'Wood Pine','31','not_applicable','not_applicable','','',16,60,1,1,'SANJAY PATEL',10,-1,1,1,2,2,'2024-02-29 12:52:44','2024-02-29 12:54:13',NULL,2),(264,63,1,2132,840,NULL,NULL,1,0,NULL,NULL,2,19,'1',200,NULL,3,2,2,NULL,NULL,1,NULL,NULL,NULL,1,NULL,NULL,NULL,NULL,NULL,NULL,NULL,NULL,NULL,NULL,0,NULL,NULL,NULL,NULL,'MB','Laminated Door','Pine','31','NEW PINE FRAME','Wood Pine','W/o Face','MUF','2.5 ','15','35 MM BWP PINE LAMINATED DOOR','35 MM BWP PINE LAMINATED','1','35 MM BWP PINE LAMINATED DOOR','not_applicable','NEW PINE FRAME','2.5 ',NULL,1,1,'Aica','Aica',1,1,'Wood Pine','31','not_applicable','not_applicable','','',16,60,1,1,'SANJAY PATEL',10,-1,1,1,2,2,'2024-02-29 12:52:45','2024-02-29 12:54:13',NULL,2),(265,63,1,2153,842,NULL,NULL,1,0,NULL,NULL,2,19,'1',200,NULL,3,2,2,NULL,NULL,1,NULL,NULL,NULL,1,NULL,NULL,NULL,NULL,NULL,NULL,NULL,NULL,NULL,NULL,0,NULL,NULL,NULL,NULL,'MB','Laminated Door','Pine','31','NEW PINE FRAME','Wood Pine','W/o Face','MUF','2.5 ','15','35 MM BWP PINE LAMINATED DOOR','35 MM BWP PINE LAMINATED','1','35 MM BWP PINE LAMINATED DOOR','not_applicable','NEW PINE FRAME','2.5 ',NULL,1,1,'Aica','Aica',1,1,'Wood Pine','31','not_applicable','not_applicable','','',16,60,1,1,'SANJAY PATEL',10,-1,1,1,2,2,'2024-02-29 12:52:45','2024-02-29 12:54:13',NULL,2),(266,63,1,2148,842,NULL,NULL,1,0,NULL,NULL,2,19,'1',200,NULL,3,2,2,NULL,NULL,1,NULL,NULL,NULL,1,NULL,NULL,NULL,NULL,NULL,NULL,NULL,NULL,NULL,NULL,0,NULL,NULL,NULL,NULL,'MB','Laminated Door','Pine','31','NEW PINE FRAME','Wood Pine','W/o Face','MUF','2.5 ','15','35 MM BWP PINE LAMINATED DOOR','35 MM BWP PINE LAMINATED','1','35 MM BWP PINE LAMINATED DOOR','not_applicable','NEW PINE FRAME','2.5 ',NULL,1,1,'Aica','Aica',1,1,'Wood Pine','31','not_applicable','not_applicable','','',16,60,1,1,'SANJAY PATEL',10,-1,1,1,2,2,'2024-02-29 12:52:45','2024-02-29 12:54:13',NULL,2),(267,63,1,2123,843,NULL,NULL,1,0,NULL,NULL,2,19,'1',200,NULL,3,2,2,NULL,NULL,1,NULL,NULL,NULL,1,NULL,NULL,NULL,NULL,NULL,NULL,NULL,NULL,NULL,NULL,0,NULL,NULL,NULL,NULL,'MB','Laminated Door','Pine','31','NEW PINE FRAME','Wood Pine','W/o Face','MUF','2.5 ','15','35 MM BWP PINE LAMINATED DOOR','35 MM BWP PINE LAMINATED','1','35 MM BWP PINE LAMINATED DOOR','not_applicable','NEW PINE FRAME','2.5 ',NULL,1,1,'Aica','Aica',1,1,'Wood Pine','31','not_applicable','not_applicable','','',16,60,1,1,'SANJAY PATEL',10,-1,1,1,2,2,'2024-02-29 12:52:45','2024-02-29 12:54:13',NULL,2),(268,63,1,2140,845,NULL,NULL,1,0,NULL,NULL,2,19,'1',200,NULL,3,2,2,NULL,NULL,1,NULL,NULL,NULL,1,NULL,NULL,NULL,NULL,NULL,NULL,NULL,NULL,NULL,NULL,0,NULL,NULL,NULL,NULL,'MB','Laminated Door','Pine','31','NEW PINE FRAME','Wood Pine','W/o Face','MUF','2.5 ','15','35 MM BWP PINE LAMINATED DOOR','35 MM BWP PINE LAMINATED','1','35 MM BWP PINE LAMINATED DOOR','not_applicable','NEW PINE FRAME','2.5 ',NULL,1,1,'Aica','Aica',1,1,'Wood Pine','31','not_applicable','not_applicable','','',16,60,1,1,'SANJAY PATEL',10,-1,1,1,2,2,'2024-02-29 12:52:45','2024-02-29 12:54:13',NULL,2),(269,63,1,2130,838,NULL,NULL,1,0,NULL,NULL,2,19,'1',200,NULL,3,2,2,NULL,NULL,1,NULL,NULL,NULL,1,NULL,NULL,NULL,NULL,NULL,NULL,NULL,NULL,NULL,NULL,0,NULL,NULL,NULL,NULL,'MB','Laminated Door','Pine','31','NEW PINE FRAME','Wood Pine','W/o Face','MUF','2.5 ','15','35 MM BWP PINE LAMINATED DOOR','35 MM BWP PINE LAMINATED','1','35 MM BWP PINE LAMINATED DOOR','not_applicable','NEW PINE FRAME','2.5 ',NULL,1,1,'Aica','Aica',1,1,'Wood Pine','31','not_applicable','not_applicable','','',16,60,1,1,'SANJAY PATEL',10,-1,1,1,2,2,'2024-02-29 12:52:45','2024-02-29 12:54:13',NULL,2),(270,63,1,2145,844,NULL,NULL,2,0,NULL,NULL,2,19,'1',200,NULL,3,2,2,NULL,NULL,1,NULL,NULL,NULL,1,NULL,NULL,NULL,NULL,NULL,NULL,NULL,NULL,NULL,NULL,0,NULL,NULL,NULL,NULL,'MB','Laminated Door','Pine','31','NEW PINE FRAME','Wood Pine','W/o Face','MUF','2.5 ','15','35 MM BWP PINE LAMINATED DOOR','35 MM BWP PINE LAMINATED','1','35 MM BWP PINE LAMINATED DOOR','not_applicable','NEW PINE FRAME','2.5 ',NULL,1,1,'Aica','Aica',1,1,'Wood Pine','31','not_applicable','not_applicable','','',16,60,1,1,'SANJAY PATEL',10,-1,2,1,2,2,'2024-02-29 12:52:45','2024-02-29 12:54:13',NULL,2),(271,63,1,2127,842,NULL,NULL,1,0,NULL,NULL,2,19,'1',200,NULL,3,2,2,NULL,NULL,1,NULL,NULL,NULL,1,NULL,NULL,NULL,NULL,NULL,NULL,NULL,NULL,NULL,NULL,0,NULL,NULL,NULL,NULL,'MB','Laminated Door','Pine','31','NEW PINE FRAME','Wood Pine','W/o Face','MUF','2.5 ','15','35 MM BWP PINE LAMINATED DOOR','35 MM BWP PINE LAMINATED','1','35 MM BWP PINE LAMINATED DOOR','not_applicable','NEW PINE FRAME','2.5 ',NULL,1,1,'Aica','Aica',1,1,'Wood Pine','31','not_applicable','not_applicable','','',16,60,1,1,'SANJAY PATEL',10,-1,1,1,2,2,'2024-02-29 12:52:45','2024-02-29 12:54:13',NULL,2),(272,63,1,2138,842,NULL,NULL,1,0,NULL,NULL,2,19,'1',200,NULL,3,2,2,NULL,NULL,1,NULL,NULL,NULL,1,NULL,NULL,NULL,NULL,NULL,NULL,NULL,NULL,NULL,NULL,0,NULL,NULL,NULL,NULL,'MB','Laminated Door','Pine','31','NEW PINE FRAME','Wood Pine','W/o Face','MUF','2.5 ','15','35 MM BWP PINE LAMINATED DOOR','35 MM BWP PINE LAMINATED','1','35 MM BWP PINE LAMINATED DOOR','not_applicable','NEW PINE FRAME','2.5 ',NULL,1,1,'Aica','Aica',1,1,'Wood Pine','31','not_applicable','not_applicable','','',16,60,1,1,'SANJAY PATEL',10,-1,1,1,2,2,'2024-02-29 12:52:45','2024-02-29 12:54:13',NULL,2),(273,63,1,2158,842,NULL,NULL,1,0,NULL,NULL,2,19,'1',200,NULL,3,2,2,NULL,NULL,1,NULL,NULL,NULL,1,NULL,NULL,NULL,NULL,NULL,NULL,NULL,NULL,NULL,NULL,0,NULL,NULL,NULL,NULL,'MB','Laminated Door','Pine','31','NEW PINE FRAME','Wood Pine','W/o Face','MUF','2.5 ','15','35 MM BWP PINE LAMINATED DOOR','35 MM BWP PINE LAMINATED','1','35 MM BWP PINE LAMINATED DOOR','not_applicable','NEW PINE FRAME','2.5 ',NULL,1,1,'Aica','Aica',1,1,'Wood Pine','31','not_applicable','not_applicable','','',16,60,1,1,'SANJAY PATEL',10,-1,1,1,2,2,'2024-02-29 12:52:45','2024-02-29 12:54:13',NULL,2),(274,63,1,2145,840,NULL,NULL,2,0,NULL,NULL,2,19,'1',200,NULL,3,2,2,NULL,NULL,1,NULL,NULL,NULL,1,NULL,NULL,NULL,NULL,NULL,NULL,NULL,NULL,NULL,NULL,0,NULL,NULL,NULL,NULL,'MB','Laminated Door','Pine','31','NEW PINE FRAME','Wood Pine','W/o Face','MUF','2.5 ','15','35 MM BWP PINE LAMINATED DOOR','35 MM BWP PINE LAMINATED','1','35 MM BWP PINE LAMINATED DOOR','not_applicable','NEW PINE FRAME','2.5 ',NULL,1,1,'Aica','Aica',1,1,'Wood Pine','31','not_applicable','not_applicable','','',16,60,1,1,'SANJAY PATEL',10,-1,2,1,2,2,'2024-02-29 12:52:45','2024-02-29 12:54:13',NULL,2),(275,63,1,2148,840,NULL,NULL,1,0,NULL,NULL,2,19,'1',200,NULL,3,2,2,NULL,NULL,1,NULL,NULL,NULL,1,NULL,NULL,NULL,NULL,NULL,NULL,NULL,NULL,NULL,NULL,0,NULL,NULL,NULL,NULL,'MB','Laminated Door','Pine','31','NEW PINE FRAME','Wood Pine','W/o Face','MUF','2.5 ','15','35 MM BWP PINE LAMINATED DOOR','35 MM BWP PINE LAMINATED','1','35 MM BWP PINE LAMINATED DOOR','not_applicable','NEW PINE FRAME','2.5 ',NULL,1,1,'Aica','Aica',1,1,'Wood Pine','31','not_applicable','not_applicable','','',16,60,1,1,'SANJAY PATEL',10,-1,1,1,2,2,'2024-02-29 12:52:45','2024-02-29 12:54:13',NULL,2),(276,63,1,2142,842,NULL,NULL,1,0,NULL,NULL,2,19,'1',200,NULL,3,2,2,NULL,NULL,1,NULL,NULL,NULL,1,NULL,NULL,NULL,NULL,NULL,NULL,NULL,NULL,NULL,NULL,0,NULL,NULL,NULL,NULL,'MB','Laminated Door','Pine','31','NEW PINE FRAME','Wood Pine','W/o Face','MUF','2.5 ','15','35 MM BWP PINE LAMINATED DOOR','35 MM BWP PINE LAMINATED','1','35 MM BWP PINE LAMINATED DOOR','not_applicable','NEW PINE FRAME','2.5 ',NULL,1,1,'Aica','Aica',1,1,'Wood Pine','31','not_applicable','not_applicable','','',16,60,1,1,'SANJAY PATEL',10,-1,1,1,2,2,'2024-02-29 12:52:45','2024-02-29 12:54:13',NULL,2),(277,63,1,2135,842,NULL,NULL,1,0,NULL,NULL,2,19,'1',200,NULL,3,2,2,NULL,NULL,1,NULL,NULL,NULL,1,NULL,NULL,NULL,NULL,NULL,NULL,NULL,NULL,NULL,NULL,0,NULL,NULL,NULL,NULL,'MB','Laminated Door','Pine','31','NEW PINE FRAME','Wood Pine','W/o Face','MUF','2.5 ','15','35 MM BWP PINE LAMINATED DOOR','35 MM BWP PINE LAMINATED','1','35 MM BWP PINE LAMINATED DOOR','not_applicable','NEW PINE FRAME','2.5 ',NULL,1,1,'Aica','Aica',1,1,'Wood Pine','31','not_applicable','not_applicable','','',16,60,1,1,'SANJAY PATEL',10,-1,1,1,2,2,'2024-02-29 12:52:45','2024-02-29 12:54:13',NULL,2),(278,63,1,2155,840,NULL,NULL,1,0,NULL,NULL,2,19,'1',200,NULL,3,2,2,NULL,NULL,1,NULL,NULL,NULL,1,NULL,NULL,NULL,NULL,NULL,NULL,NULL,NULL,NULL,NULL,0,NULL,NULL,NULL,NULL,'MB','Laminated Door','Pine','31','NEW PINE FRAME','Wood Pine','W/o Face','MUF','2.5 ','15','35 MM BWP PINE LAMINATED DOOR','35 MM BWP PINE LAMINATED','1','35 MM BWP PINE LAMINATED DOOR','not_applicable','NEW PINE FRAME','2.5 ',NULL,1,1,'Aica','Aica',1,1,'Wood Pine','31','not_applicable','not_applicable','','',16,60,1,1,'SANJAY PATEL',10,-1,1,1,2,2,'2024-02-29 12:52:45','2024-02-29 12:54:13',NULL,2),(279,63,1,2155,845,NULL,NULL,1,0,NULL,NULL,2,19,'1',200,NULL,3,2,2,NULL,NULL,1,NULL,NULL,NULL,1,NULL,NULL,NULL,NULL,NULL,NULL,NULL,NULL,NULL,NULL,0,NULL,NULL,NULL,NULL,'MB','Laminated Door','Pine','31','NEW PINE FRAME','Wood Pine','W/o Face','MUF','2.5 ','15','35 MM BWP PINE LAMINATED DOOR','35 MM BWP PINE LAMINATED','1','35 MM BWP PINE LAMINATED DOOR','not_applicable','NEW PINE FRAME','2.5 ',NULL,1,1,'Aica','Aica',1,1,'Wood Pine','31','not_applicable','not_applicable','','',16,60,1,1,'SANJAY PATEL',10,-1,1,1,2,2,'2024-02-29 12:52:45','2024-02-29 12:54:13',NULL,2),(280,63,1,2145,842,NULL,NULL,1,0,NULL,NULL,2,19,'1',200,NULL,3,2,2,NULL,NULL,1,NULL,NULL,NULL,1,NULL,NULL,NULL,NULL,NULL,NULL,NULL,NULL,NULL,NULL,0,NULL,NULL,NULL,NULL,'MB','Laminated Door','Pine','31','NEW PINE FRAME','Wood Pine','W/o Face','MUF','2.5 ','15','35 MM BWP PINE LAMINATED DOOR','35 MM BWP PINE LAMINATED','1','35 MM BWP PINE LAMINATED DOOR','not_applicable','NEW PINE FRAME','2.5 ',NULL,1,1,'Aica','Aica',1,1,'Wood Pine','31','not_applicable','not_applicable','','',16,60,1,1,'SANJAY PATEL',10,-1,1,1,2,2,'2024-02-29 12:52:45','2024-02-29 12:54:13',NULL,2),(281,63,1,2130,844,NULL,NULL,1,0,NULL,NULL,2,19,'1',200,NULL,3,2,2,NULL,NULL,1,NULL,NULL,NULL,1,NULL,NULL,NULL,NULL,NULL,NULL,NULL,NULL,NULL,NULL,0,NULL,NULL,NULL,NULL,'MB','Laminated Door','Pine','31','NEW PINE FRAME','Wood Pine','W/o Face','MUF','2.5 ','15','35 MM BWP PINE LAMINATED DOOR','35 MM BWP PINE LAMINATED','1','35 MM BWP PINE LAMINATED DOOR','not_applicable','NEW PINE FRAME','2.5 ',NULL,1,1,'Aica','Aica',1,1,'Wood Pine','31','not_applicable','not_applicable','','',16,60,1,1,'SANJAY PATEL',10,-1,1,1,2,2,'2024-02-29 12:52:46','2024-02-29 12:54:13',NULL,2),(282,63,1,2118,844,NULL,NULL,1,0,NULL,NULL,2,19,'1',200,NULL,3,2,2,NULL,NULL,1,NULL,NULL,NULL,1,NULL,NULL,NULL,NULL,NULL,NULL,NULL,NULL,NULL,NULL,0,NULL,NULL,NULL,NULL,'MB','Laminated Door','Pine','31','NEW PINE FRAME','Wood Pine','W/o Face','MUF','2.5 ','15','35 MM BWP PINE LAMINATED DOOR','35 MM BWP PINE LAMINATED','1','35 MM BWP PINE LAMINATED DOOR','not_applicable','NEW PINE FRAME','2.5 ',NULL,1,1,'Aica','Aica',1,1,'Wood Pine','31','not_applicable','not_applicable','','',16,60,1,1,'SANJAY PATEL',10,-1,1,1,2,2,'2024-02-29 12:52:46','2024-02-29 12:54:13',NULL,2),(283,63,1,2150,843,NULL,NULL,2,0,NULL,NULL,2,19,'1',200,NULL,3,2,2,NULL,NULL,1,NULL,NULL,NULL,1,NULL,NULL,NULL,NULL,NULL,NULL,NULL,NULL,NULL,NULL,0,NULL,NULL,NULL,NULL,'MB','Laminated Door','Pine','31','NEW PINE FRAME','Wood Pine','W/o Face','MUF','2.5 ','15','35 MM BWP PINE LAMINATED DOOR','35 MM BWP PINE LAMINATED','1','35 MM BWP PINE LAMINATED DOOR','not_applicable','NEW PINE FRAME','2.5 ',NULL,1,1,'Aica','Aica',1,1,'Wood Pine','31','not_applicable','not_applicable','','',16,60,1,1,'SANJAY PATEL',10,-1,2,1,2,2,'2024-02-29 12:52:46','2024-02-29 12:54:13',NULL,2),(284,63,1,2142,844,NULL,NULL,1,0,NULL,NULL,2,19,'1',200,NULL,3,2,2,NULL,NULL,1,NULL,NULL,NULL,1,NULL,NULL,NULL,NULL,NULL,NULL,NULL,NULL,NULL,NULL,0,NULL,NULL,NULL,NULL,'MB','Laminated Door','Pine','31','NEW PINE FRAME','Wood Pine','W/o Face','MUF','2.5 ','15','35 MM BWP PINE LAMINATED DOOR','35 MM BWP PINE LAMINATED','1','35 MM BWP PINE LAMINATED DOOR','not_applicable','NEW PINE FRAME','2.5 ',NULL,1,1,'Aica','Aica',1,1,'Wood Pine','31','not_applicable','not_applicable','','',16,60,1,1,'SANJAY PATEL',10,-1,1,1,2,2,'2024-02-29 12:52:46','2024-02-29 12:54:13',NULL,2),(285,63,1,2138,845,NULL,NULL,1,0,NULL,NULL,2,19,'1',200,NULL,3,2,2,NULL,NULL,1,NULL,NULL,NULL,1,NULL,NULL,NULL,NULL,NULL,NULL,NULL,NULL,NULL,NULL,0,NULL,NULL,NULL,NULL,'MB','Laminated Door','Pine','31','NEW PINE FRAME','Wood Pine','W/o Face','MUF','2.5 ','15','35 MM BWP PINE LAMINATED DOOR','35 MM BWP PINE LAMINATED','1','35 MM BWP PINE LAMINATED DOOR','not_applicable','NEW PINE FRAME','2.5 ',NULL,1,1,'Aica','Aica',1,1,'Wood Pine','31','not_applicable','not_applicable','','',16,60,1,1,'SANJAY PATEL',10,-1,1,1,2,2,'2024-02-29 12:52:46','2024-02-29 12:54:13',NULL,2),(286,63,1,2160,842,NULL,NULL,1,0,NULL,NULL,2,19,'1',200,NULL,3,2,2,NULL,NULL,1,NULL,NULL,NULL,1,NULL,NULL,NULL,NULL,NULL,NULL,NULL,NULL,NULL,NULL,0,NULL,NULL,NULL,NULL,'MB','Laminated Door','Pine','31','NEW PINE FRAME','Wood Pine','W/o Face','MUF','2.5 ','15','35 MM BWP PINE LAMINATED DOOR','35 MM BWP PINE LAMINATED','1','35 MM BWP PINE LAMINATED DOOR','not_applicable','NEW PINE FRAME','2.5 ',NULL,1,1,'Aica','Aica',1,1,'Wood Pine','31','not_applicable','not_applicable','','',16,60,1,1,'SANJAY PATEL',10,-1,1,1,2,2,'2024-02-29 12:52:46','2024-02-29 12:54:13',NULL,2),(287,63,1,2160,844,NULL,NULL,1,0,NULL,NULL,2,19,'1',200,NULL,3,2,2,NULL,NULL,1,NULL,NULL,NULL,1,NULL,NULL,NULL,NULL,NULL,NULL,NULL,NULL,NULL,NULL,0,NULL,NULL,NULL,NULL,'MB','Laminated Door','Pine','31','NEW PINE FRAME','Wood Pine','W/o Face','MUF','2.5 ','15','35 MM BWP PINE LAMINATED DOOR','35 MM BWP PINE LAMINATED','1','35 MM BWP PINE LAMINATED DOOR','not_applicable','NEW PINE FRAME','2.5 ',NULL,1,1,'Aica','Aica',1,1,'Wood Pine','31','not_applicable','not_applicable','','',16,60,1,1,'SANJAY PATEL',10,-1,1,1,2,2,'2024-02-29 12:52:46','2024-02-29 12:54:13',NULL,2),(288,63,1,2138,844,NULL,NULL,2,0,NULL,NULL,2,19,'1',200,NULL,3,2,2,NULL,NULL,1,NULL,NULL,NULL,1,NULL,NULL,NULL,NULL,NULL,NULL,NULL,NULL,NULL,NULL,0,NULL,NULL,NULL,NULL,'MB','Laminated Door','Pine','31','NEW PINE FRAME','Wood Pine','W/o Face','MUF','2.5 ','15','35 MM BWP PINE LAMINATED DOOR','35 MM BWP PINE LAMINATED','1','35 MM BWP PINE LAMINATED DOOR','not_applicable','NEW PINE FRAME','2.5 ',NULL,1,1,'Aica','Aica',1,1,'Wood Pine','31','not_applicable','not_applicable','','',16,60,1,1,'SANJAY PATEL',10,-1,2,1,2,2,'2024-02-29 12:52:46','2024-02-29 12:54:13',NULL,2),(289,63,1,2145,837,NULL,NULL,1,0,NULL,NULL,2,19,'1',200,NULL,3,2,2,NULL,NULL,1,NULL,NULL,NULL,1,NULL,NULL,NULL,NULL,NULL,NULL,NULL,NULL,NULL,NULL,0,NULL,NULL,NULL,NULL,'MB','Laminated Door','Pine','31','NEW PINE FRAME','Wood Pine','W/o Face','MUF','2.5 ','15','35 MM BWP PINE LAMINATED DOOR','35 MM BWP PINE LAMINATED','1','35 MM BWP PINE LAMINATED DOOR','not_applicable','NEW PINE FRAME','2.5 ',NULL,1,1,'Aica','Aica',1,1,'Wood Pine','31','not_applicable','not_applicable','','',16,60,1,1,'SANJAY PATEL',10,-1,1,1,2,2,'2024-02-29 12:52:46','2024-02-29 12:54:13',NULL,2),(290,63,1,2143,844,NULL,NULL,1,0,NULL,NULL,2,19,'1',200,NULL,3,2,2,NULL,NULL,1,NULL,NULL,NULL,1,NULL,NULL,NULL,NULL,NULL,NULL,NULL,NULL,NULL,NULL,0,NULL,NULL,NULL,NULL,'MB','Laminated Door','Pine','31','NEW PINE FRAME','Wood Pine','W/o Face','MUF','2.5 ','15','35 MM BWP PINE LAMINATED DOOR','35 MM BWP PINE LAMINATED','1','35 MM BWP PINE LAMINATED DOOR','not_applicable','NEW PINE FRAME','2.5 ',NULL,1,1,'Aica','Aica',1,1,'Wood Pine','31','not_applicable','not_applicable','','',16,60,1,1,'SANJAY PATEL',10,-1,1,1,2,2,'2024-02-29 12:52:46','2024-02-29 12:54:13',NULL,2),(291,63,5,2158,675,NULL,NULL,1,0,NULL,NULL,2,15,'1',200,NULL,3,2,2,NULL,NULL,1,NULL,NULL,NULL,1,NULL,NULL,NULL,NULL,NULL,NULL,NULL,NULL,NULL,NULL,0,NULL,NULL,NULL,NULL,'CT','Laminated Door','Pine','28','NEW PINE FRAME','Wood Pine','W/o Face','UF','2.5 ','15','32 MM BWR PINE LAMINATED DOOR','32 MM BWR PINE LAMINATED ','1','32 MM BWR PINE LAMINATED DOOR','not_applicable','NEW PINE FRAME','2.5 ',NULL,1,1,'Aica','Aica',1,1,'Wood Pine','28','not_applicable','not_applicable','','',17,65,1,1,'SANJAY PATEL',10,-1,1,1,2,2,'2024-02-29 12:52:46','2024-02-29 12:55:14',NULL,2),(292,63,5,2165,676,NULL,NULL,1,0,NULL,NULL,2,15,'1',200,NULL,3,2,2,NULL,NULL,1,NULL,NULL,NULL,1,NULL,NULL,NULL,NULL,NULL,NULL,NULL,NULL,NULL,NULL,0,NULL,NULL,NULL,NULL,'CT','Laminated Door','Pine','28','NEW PINE FRAME','Wood Pine','W/o Face','UF','2.5 ','15','32 MM BWR PINE LAMINATED DOOR','32 MM BWR PINE LAMINATED ','1','32 MM BWR PINE LAMINATED DOOR','not_applicable','NEW PINE FRAME','2.5 ',NULL,1,1,'Aica','Aica',1,1,'Wood Pine','28','not_applicable','not_applicable','','',17,65,1,1,'SANJAY PATEL',10,-1,1,1,2,2,'2024-02-29 12:52:46','2024-02-29 12:55:14',NULL,2),(293,63,5,2180,680,NULL,NULL,1,0,NULL,NULL,2,15,'1',200,NULL,3,2,2,NULL,NULL,1,NULL,NULL,NULL,1,NULL,NULL,NULL,NULL,NULL,NULL,NULL,NULL,NULL,NULL,0,NULL,NULL,NULL,NULL,'CT','Laminated Door','Pine','28','NEW PINE FRAME','Wood Pine','W/o Face','UF','2.5 ','15','32 MM BWR PINE LAMINATED DOOR','32 MM BWR PINE LAMINATED ','1','32 MM BWR PINE LAMINATED DOOR','not_applicable','NEW PINE FRAME','2.5 ',NULL,1,1,'Aica','Aica',1,1,'Wood Pine','28','not_applicable','not_applicable','','',17,65,1,1,'SANJAY PATEL',10,-1,1,1,2,2,'2024-02-29 12:52:46','2024-02-29 12:55:14',NULL,2),(294,63,5,2118,678,NULL,NULL,1,0,NULL,NULL,2,15,'1',200,NULL,3,2,2,NULL,NULL,1,NULL,NULL,NULL,1,NULL,NULL,NULL,NULL,NULL,NULL,NULL,NULL,NULL,NULL,0,NULL,NULL,NULL,NULL,'CT','Laminated Door','Pine','28','NEW PINE FRAME','Wood Pine','W/o Face','UF','2.5 ','15','32 MM BWR PINE LAMINATED DOOR','32 MM BWR PINE LAMINATED ','1','32 MM BWR PINE LAMINATED DOOR','not_applicable','NEW PINE FRAME','2.5 ',NULL,1,1,'Aica','Aica',1,1,'Wood Pine','28','not_applicable','not_applicable','','',17,65,1,1,'SANJAY PATEL',10,-1,1,1,2,2,'2024-02-29 12:52:46','2024-02-29 12:55:14',NULL,2),(295,63,5,2158,678,NULL,NULL,1,0,NULL,NULL,2,15,'1',200,NULL,3,2,2,NULL,NULL,1,NULL,NULL,NULL,1,NULL,NULL,NULL,NULL,NULL,NULL,NULL,NULL,NULL,NULL,0,NULL,NULL,NULL,NULL,'CT','Laminated Door','Pine','28','NEW PINE FRAME','Wood Pine','W/o Face','UF','2.5 ','15','32 MM BWR PINE LAMINATED DOOR','32 MM BWR PINE LAMINATED ','1','32 MM BWR PINE LAMINATED DOOR','not_applicable','NEW PINE FRAME','2.5 ',NULL,1,1,'Aica','Aica',1,1,'Wood Pine','28','not_applicable','not_applicable','','',17,65,1,1,'SANJAY PATEL',10,-1,1,1,2,2,'2024-02-29 12:52:46','2024-02-29 12:55:14',NULL,2),(296,63,5,2140,677,NULL,NULL,1,0,NULL,NULL,2,15,'1',200,NULL,3,2,2,NULL,NULL,1,NULL,NULL,NULL,1,NULL,NULL,NULL,NULL,NULL,NULL,NULL,NULL,NULL,NULL,0,NULL,NULL,NULL,NULL,'CT','Laminated Door','Pine','28','NEW PINE FRAME','Wood Pine','W/o Face','UF','2.5 ','15','32 MM BWR PINE LAMINATED DOOR','32 MM BWR PINE LAMINATED ','1','32 MM BWR PINE LAMINATED DOOR','not_applicable','NEW PINE FRAME','2.5 ',NULL,1,1,'Aica','Aica',1,1,'Wood Pine','28','not_applicable','not_applicable','','',17,65,1,1,'SANJAY PATEL',10,-1,1,1,2,2,'2024-02-29 12:52:46','2024-02-29 12:55:14',NULL,2),(297,63,5,2142,678,NULL,NULL,1,0,NULL,NULL,2,15,'1',200,NULL,3,2,2,NULL,NULL,1,NULL,NULL,NULL,1,NULL,NULL,NULL,NULL,NULL,NULL,NULL,NULL,NULL,NULL,0,NULL,NULL,NULL,NULL,'CT','Laminated Door','Pine','28','NEW PINE FRAME','Wood Pine','W/o Face','UF','2.5 ','15','32 MM BWR PINE LAMINATED DOOR','32 MM BWR PINE LAMINATED ','1','32 MM BWR PINE LAMINATED DOOR','not_applicable','NEW PINE FRAME','2.5 ',NULL,1,1,'Aica','Aica',1,1,'Wood Pine','28','not_applicable','not_applicable','','',17,65,1,1,'SANJAY PATEL',10,-1,1,1,2,2,'2024-02-29 12:52:47','2024-02-29 12:55:14',NULL,2),(298,63,5,2172,680,NULL,NULL,1,0,NULL,NULL,2,15,'1',200,NULL,3,2,2,NULL,NULL,1,NULL,NULL,NULL,1,NULL,NULL,NULL,NULL,NULL,NULL,NULL,NULL,NULL,NULL,0,NULL,NULL,NULL,NULL,'CT','Laminated Door','Pine','28','NEW PINE FRAME','Wood Pine','W/o Face','UF','2.5 ','15','32 MM BWR PINE LAMINATED DOOR','32 MM BWR PINE LAMINATED ','1','32 MM BWR PINE LAMINATED DOOR','not_applicable','NEW PINE FRAME','2.5 ',NULL,1,1,'Aica','Aica',1,1,'Wood Pine','28','not_applicable','not_applicable','','',17,65,1,1,'SANJAY PATEL',10,-1,1,1,2,2,'2024-02-29 12:52:47','2024-02-29 12:55:14',NULL,2),(299,63,5,2165,675,NULL,NULL,1,0,NULL,NULL,2,15,'1',200,NULL,3,2,2,NULL,NULL,1,NULL,NULL,NULL,1,NULL,NULL,NULL,NULL,NULL,NULL,NULL,NULL,NULL,NULL,0,NULL,NULL,NULL,NULL,'CT','Laminated Door','Pine','28','NEW PINE FRAME','Wood Pine','W/o Face','UF','2.5 ','15','32 MM BWR PINE LAMINATED DOOR','32 MM BWR PINE LAMINATED ','1','32 MM BWR PINE LAMINATED DOOR','not_applicable','NEW PINE FRAME','2.5 ',NULL,1,1,'Aica','Aica',1,1,'Wood Pine','28','not_applicable','not_applicable','','',17,65,1,1,'SANJAY PATEL',10,-1,1,1,2,2,'2024-02-29 12:52:47','2024-02-29 12:55:14',NULL,2),(300,63,5,2170,678,NULL,NULL,1,0,NULL,NULL,2,15,'1',200,NULL,3,2,2,NULL,NULL,1,NULL,NULL,NULL,1,NULL,NULL,NULL,NULL,NULL,NULL,NULL,NULL,NULL,NULL,0,NULL,NULL,NULL,NULL,'CT','Laminated Door','Pine','28','NEW PINE FRAME','Wood Pine','W/o Face','UF','2.5 ','15','32 MM BWR PINE LAMINATED DOOR','32 MM BWR PINE LAMINATED ','1','32 MM BWR PINE LAMINATED DOOR','not_applicable','NEW PINE FRAME','2.5 ',NULL,1,1,'Aica','Aica',1,1,'Wood Pine','28','not_applicable','not_applicable','','',17,65,1,1,'SANJAY PATEL',10,-1,1,1,2,2,'2024-02-29 12:52:47','2024-02-29 12:55:14',NULL,2),(301,63,5,2155,677,NULL,NULL,1,0,NULL,NULL,2,15,'1',200,NULL,3,2,2,NULL,NULL,1,NULL,NULL,NULL,1,NULL,NULL,NULL,NULL,NULL,NULL,NULL,NULL,NULL,NULL,0,NULL,NULL,NULL,NULL,'CT','Laminated Door','Pine','28','NEW PINE FRAME','Wood Pine','W/o Face','UF','2.5 ','15','32 MM BWR PINE LAMINATED DOOR','32 MM BWR PINE LAMINATED ','1','32 MM BWR PINE LAMINATED DOOR','not_applicable','NEW PINE FRAME','2.5 ',NULL,1,1,'Aica','Aica',1,1,'Wood Pine','28','not_applicable','not_applicable','','',17,65,1,1,'SANJAY PATEL',10,-1,1,1,2,2,'2024-02-29 12:52:47','2024-02-29 12:55:14',NULL,2),(302,63,5,2155,675,NULL,NULL,1,0,NULL,NULL,2,15,'1',200,NULL,3,2,2,NULL,NULL,1,NULL,NULL,NULL,1,NULL,NULL,NULL,NULL,NULL,NULL,NULL,NULL,NULL,NULL,0,NULL,NULL,NULL,NULL,'CT','Laminated Door','Pine','28','NEW PINE FRAME','Wood Pine','W/o Face','UF','2.5 ','15','32 MM BWR PINE LAMINATED DOOR','32 MM BWR PINE LAMINATED ','1','32 MM BWR PINE LAMINATED DOOR','not_applicable','NEW PINE FRAME','2.5 ',NULL,1,1,'Aica','Aica',1,1,'Wood Pine','28','not_applicable','not_applicable','','',17,65,1,1,'SANJAY PATEL',10,-1,1,1,2,2,'2024-02-29 12:52:47','2024-02-29 12:55:14',NULL,2),(303,63,5,2140,680,NULL,NULL,2,0,NULL,NULL,2,15,'1',200,NULL,3,2,2,NULL,NULL,1,NULL,NULL,NULL,1,NULL,NULL,NULL,NULL,NULL,NULL,NULL,NULL,NULL,NULL,0,NULL,NULL,NULL,NULL,'CT','Laminated Door','Pine','28','NEW PINE FRAME','Wood Pine','W/o Face','UF','2.5 ','15','32 MM BWR PINE LAMINATED DOOR','32 MM BWR PINE LAMINATED ','1','32 MM BWR PINE LAMINATED DOOR','not_applicable','NEW PINE FRAME','2.5 ',NULL,1,1,'Aica','Aica',1,1,'Wood Pine','28','not_applicable','not_applicable','','',17,65,1,1,'SANJAY PATEL',10,-1,2,1,2,2,'2024-02-29 12:52:47','2024-02-29 12:55:14',NULL,2),(304,63,5,2165,680,NULL,NULL,1,0,NULL,NULL,2,15,'1',200,NULL,3,2,2,NULL,NULL,1,NULL,NULL,NULL,1,NULL,NULL,NULL,NULL,NULL,NULL,NULL,NULL,NULL,NULL,0,NULL,NULL,NULL,NULL,'CT','Laminated Door','Pine','28','NEW PINE FRAME','Wood Pine','W/o Face','UF','2.5 ','15','32 MM BWR PINE LAMINATED DOOR','32 MM BWR PINE LAMINATED ','1','32 MM BWR PINE LAMINATED DOOR','not_applicable','NEW PINE FRAME','2.5 ',NULL,1,1,'Aica','Aica',1,1,'Wood Pine','28','not_applicable','not_applicable','','',17,65,1,1,'SANJAY PATEL',10,-1,1,1,2,2,'2024-02-29 12:52:47','2024-02-29 12:55:14',NULL,2),(305,63,5,2180,678,NULL,NULL,1,0,NULL,NULL,2,15,'1',200,NULL,3,2,2,NULL,NULL,1,NULL,NULL,NULL,1,NULL,NULL,NULL,NULL,NULL,NULL,NULL,NULL,NULL,NULL,0,NULL,NULL,NULL,NULL,'CT','Laminated Door','Pine','28','NEW PINE FRAME','Wood Pine','W/o Face','UF','2.5 ','15','32 MM BWR PINE LAMINATED DOOR','32 MM BWR PINE LAMINATED ','1','32 MM BWR PINE LAMINATED DOOR','not_applicable','NEW PINE FRAME','2.5 ',NULL,1,1,'Aica','Aica',1,1,'Wood Pine','28','not_applicable','not_applicable','','',17,65,1,1,'SANJAY PATEL',10,-1,1,1,2,2,'2024-02-29 12:52:47','2024-02-29 12:55:14',NULL,2),(306,63,5,2155,682,NULL,NULL,1,0,NULL,NULL,2,15,'1',200,NULL,3,2,2,NULL,NULL,1,NULL,NULL,NULL,1,NULL,NULL,NULL,NULL,NULL,NULL,NULL,NULL,NULL,NULL,0,NULL,NULL,NULL,NULL,'CT','Laminated Door','Pine','28','NEW PINE FRAME','Wood Pine','W/o Face','UF','2.5 ','15','32 MM BWR PINE LAMINATED DOOR','32 MM BWR PINE LAMINATED ','1','32 MM BWR PINE LAMINATED DOOR','not_applicable','NEW PINE FRAME','2.5 ',NULL,1,1,'Aica','Aica',1,1,'Wood Pine','28','not_applicable','not_applicable','','',17,65,1,1,'SANJAY PATEL',10,-1,1,1,2,2,'2024-02-29 12:52:47','2024-02-29 12:55:14',NULL,2),(307,63,5,2175,680,NULL,NULL,2,0,NULL,NULL,2,15,'1',200,NULL,3,2,2,NULL,NULL,1,NULL,NULL,NULL,1,NULL,NULL,NULL,NULL,NULL,NULL,NULL,NULL,NULL,NULL,0,NULL,NULL,NULL,NULL,'CT','Laminated Door','Pine','28','NEW PINE FRAME','Wood Pine','W/o Face','UF','2.5 ','15','32 MM BWR PINE LAMINATED DOOR','32 MM BWR PINE LAMINATED ','1','32 MM BWR PINE LAMINATED DOOR','not_applicable','NEW PINE FRAME','2.5 ',NULL,1,1,'Aica','Aica',1,1,'Wood Pine','28','not_applicable','not_applicable','','',17,65,1,1,'SANJAY PATEL',10,-1,2,1,2,2,'2024-02-29 12:52:47','2024-02-29 12:55:14',NULL,2),(308,63,5,2145,678,NULL,NULL,2,0,NULL,NULL,2,15,'1',200,NULL,3,2,2,NULL,NULL,1,NULL,NULL,NULL,1,NULL,NULL,NULL,NULL,NULL,NULL,NULL,NULL,NULL,NULL,0,NULL,NULL,NULL,NULL,'CT','Laminated Door','Pine','28','NEW PINE FRAME','Wood Pine','W/o Face','UF','2.5 ','15','32 MM BWR PINE LAMINATED DOOR','32 MM BWR PINE LAMINATED ','1','32 MM BWR PINE LAMINATED DOOR','not_applicable','NEW PINE FRAME','2.5 ',NULL,1,1,'Aica','Aica',1,1,'Wood Pine','28','not_applicable','not_applicable','','',17,65,1,1,'SANJAY PATEL',10,-1,2,1,2,2,'2024-02-29 12:52:47','2024-02-29 12:55:14',NULL,2),(309,63,5,2135,675,NULL,NULL,1,0,NULL,NULL,2,15,'1',200,NULL,3,2,2,NULL,NULL,1,NULL,NULL,NULL,1,NULL,NULL,NULL,NULL,NULL,NULL,NULL,NULL,NULL,NULL,0,NULL,NULL,NULL,NULL,'CT','Laminated Door','Pine','28','NEW PINE FRAME','Wood Pine','W/o Face','UF','2.5 ','15','32 MM BWR PINE LAMINATED DOOR','32 MM BWR PINE LAMINATED ','1','32 MM BWR PINE LAMINATED DOOR','not_applicable','NEW PINE FRAME','2.5 ',NULL,1,1,'Aica','Aica',1,1,'Wood Pine','28','not_applicable','not_applicable','','',17,65,1,1,'SANJAY PATEL',10,-1,1,1,2,2,'2024-02-29 12:52:47','2024-02-29 12:55:14',NULL,2),(310,63,5,2195,680,NULL,NULL,1,0,NULL,NULL,2,15,'1',200,NULL,3,2,2,NULL,NULL,1,NULL,NULL,NULL,1,NULL,NULL,NULL,NULL,NULL,NULL,NULL,NULL,NULL,NULL,0,NULL,NULL,NULL,NULL,'CT','Laminated Door','Pine','28','NEW PINE FRAME','Wood Pine','W/o Face','UF','2.5 ','15','32 MM BWR PINE LAMINATED DOOR','32 MM BWR PINE LAMINATED ','1','32 MM BWR PINE LAMINATED DOOR','not_applicable','NEW PINE FRAME','2.5 ',NULL,1,1,'Aica','Aica',1,1,'Wood Pine','28','not_applicable','not_applicable','','',17,65,1,1,'SANJAY PATEL',10,-1,1,1,2,2,'2024-02-29 12:52:47','2024-02-29 12:55:14',NULL,2),(311,63,5,2140,675,NULL,NULL,2,0,NULL,NULL,2,15,'1',200,NULL,3,2,2,NULL,NULL,1,NULL,NULL,NULL,1,NULL,NULL,NULL,NULL,NULL,NULL,NULL,NULL,NULL,NULL,0,NULL,NULL,NULL,NULL,'CT','Laminated Door','Pine','28','NEW PINE FRAME','Wood Pine','W/o Face','UF','2.5 ','15','32 MM BWR PINE LAMINATED DOOR','32 MM BWR PINE LAMINATED ','1','32 MM BWR PINE LAMINATED DOOR','not_applicable','NEW PINE FRAME','2.5 ',NULL,1,1,'Aica','Aica',1,1,'Wood Pine','28','not_applicable','not_applicable','','',17,65,1,1,'SANJAY PATEL',10,-1,2,1,2,2,'2024-02-29 12:52:47','2024-02-29 12:55:14',NULL,2),(312,63,5,2140,678,NULL,NULL,2,0,NULL,NULL,2,15,'1',200,NULL,3,2,2,NULL,NULL,1,NULL,NULL,NULL,1,NULL,NULL,NULL,NULL,NULL,NULL,NULL,NULL,NULL,NULL,0,NULL,NULL,NULL,NULL,'CT','Laminated Door','Pine','28','NEW PINE FRAME','Wood Pine','W/o Face','UF','2.5 ','15','32 MM BWR PINE LAMINATED DOOR','32 MM BWR PINE LAMINATED ','1','32 MM BWR PINE LAMINATED DOOR','not_applicable','NEW PINE FRAME','2.5 ',NULL,1,1,'Aica','Aica',1,1,'Wood Pine','28','not_applicable','not_applicable','','',17,65,1,1,'SANJAY PATEL',10,-1,2,1,2,2,'2024-02-29 12:52:47','2024-02-29 12:55:14',NULL,2),(313,63,5,2143,677,NULL,NULL,1,0,NULL,NULL,2,15,'1',200,NULL,3,2,2,NULL,NULL,1,NULL,NULL,NULL,1,NULL,NULL,NULL,NULL,NULL,NULL,NULL,NULL,NULL,NULL,0,NULL,NULL,NULL,NULL,'CT','Laminated Door','Pine','28','NEW PINE FRAME','Wood Pine','W/o Face','UF','2.5 ','15','32 MM BWR PINE LAMINATED DOOR','32 MM BWR PINE LAMINATED ','1','32 MM BWR PINE LAMINATED DOOR','not_applicable','NEW PINE FRAME','2.5 ',NULL,1,1,'Aica','Aica',1,1,'Wood Pine','28','not_applicable','not_applicable','','',17,65,1,1,'SANJAY PATEL',10,-1,1,1,2,2,'2024-02-29 12:52:47','2024-02-29 12:55:14',NULL,2),(314,63,6,2180,678,NULL,NULL,1,0,NULL,NULL,2,15,'1',200,NULL,3,2,2,NULL,NULL,1,NULL,NULL,NULL,1,NULL,NULL,NULL,NULL,NULL,NULL,NULL,NULL,NULL,NULL,0,NULL,NULL,NULL,NULL,'MT','Laminated Door','Pine','28','NEW PINE FRAME','Wood Pine','W/o Face','UF','2.5 ','15','32 MM BWR PINE LAMINATED DOOR','32 MM BWR PINE LAMINATED ','1','32 MM BWR PINE LAMINATED DOOR','not_applicable','NEW PINE FRAME','2.5 ',NULL,1,1,'Aica','Aica',1,1,'Wood Pine','28','not_applicable','not_applicable','','',17,65,1,1,'SANJAY PATEL',10,-1,1,1,2,2,'2024-02-29 12:52:48','2024-02-29 12:55:14',NULL,2),(315,63,6,2158,680,NULL,NULL,1,0,NULL,NULL,2,15,'1',200,NULL,3,2,2,NULL,NULL,1,NULL,NULL,NULL,1,NULL,NULL,NULL,NULL,NULL,NULL,NULL,NULL,NULL,NULL,0,NULL,NULL,NULL,NULL,'MT','Laminated Door','Pine','28','NEW PINE FRAME','Wood Pine','W/o Face','UF','2.5 ','15','32 MM BWR PINE LAMINATED DOOR','32 MM BWR PINE LAMINATED ','1','32 MM BWR PINE LAMINATED DOOR','not_applicable','NEW PINE FRAME','2.5 ',NULL,1,1,'Aica','Aica',1,1,'Wood Pine','28','not_applicable','not_applicable','','',17,65,1,1,'SANJAY PATEL',10,-1,1,1,2,2,'2024-02-29 12:52:48','2024-02-29 12:55:14',NULL,2),(316,63,6,2152,677,NULL,NULL,1,0,NULL,NULL,2,15,'1',200,NULL,3,2,2,NULL,NULL,1,NULL,NULL,NULL,1,NULL,NULL,NULL,NULL,NULL,NULL,NULL,NULL,NULL,NULL,0,NULL,NULL,NULL,NULL,'MT','Laminated Door','Pine','28','NEW PINE FRAME','Wood Pine','W/o Face','UF','2.5 ','15','32 MM BWR PINE LAMINATED DOOR','32 MM BWR PINE LAMINATED ','1','32 MM BWR PINE LAMINATED DOOR','not_applicable','NEW PINE FRAME','2.5 ',NULL,1,1,'Aica','Aica',1,1,'Wood Pine','28','not_applicable','not_applicable','','',17,65,1,1,'SANJAY PATEL',10,-1,1,1,2,2,'2024-02-29 12:52:48','2024-02-29 12:55:14',NULL,2),(317,63,6,2175,677,NULL,NULL,2,0,NULL,NULL,2,15,'1',200,NULL,3,2,2,NULL,NULL,1,NULL,NULL,NULL,1,NULL,NULL,NULL,NULL,NULL,NULL,NULL,NULL,NULL,NULL,0,NULL,NULL,NULL,NULL,'MT','Laminated Door','Pine','28','NEW PINE FRAME','Wood Pine','W/o Face','UF','2.5 ','15','32 MM BWR PINE LAMINATED DOOR','32 MM BWR PINE LAMINATED ','1','32 MM BWR PINE LAMINATED DOOR','not_applicable','NEW PINE FRAME','2.5 ',NULL,1,1,'Aica','Aica',1,1,'Wood Pine','28','not_applicable','not_applicable','','',17,65,1,1,'SANJAY PATEL',10,-1,2,1,2,2,'2024-02-29 12:52:48','2024-02-29 12:55:14',NULL,2),(318,63,6,2110,673,NULL,NULL,1,0,NULL,NULL,2,15,'1',200,NULL,3,2,2,NULL,NULL,1,NULL,NULL,NULL,1,NULL,NULL,NULL,NULL,NULL,NULL,NULL,NULL,NULL,NULL,0,NULL,NULL,NULL,NULL,'MT','Laminated Door','Pine','28','NEW PINE FRAME','Wood Pine','W/o Face','UF','2.5 ','15','32 MM BWR PINE LAMINATED DOOR','32 MM BWR PINE LAMINATED ','1','32 MM BWR PINE LAMINATED DOOR','not_applicable','NEW PINE FRAME','2.5 ',NULL,1,1,'Aica','Aica',1,1,'Wood Pine','28','not_applicable','not_applicable','','',17,65,1,1,'SANJAY PATEL',10,-1,1,1,2,2,'2024-02-29 12:52:48','2024-02-29 12:55:14',NULL,2),(319,63,6,2162,682,NULL,NULL,1,0,NULL,NULL,2,15,'1',200,NULL,3,2,2,NULL,NULL,1,NULL,NULL,NULL,1,NULL,NULL,NULL,NULL,NULL,NULL,NULL,NULL,NULL,NULL,0,NULL,NULL,NULL,NULL,'MT','Laminated Door','Pine','28','NEW PINE FRAME','Wood Pine','W/o Face','UF','2.5 ','15','32 MM BWR PINE LAMINATED DOOR','32 MM BWR PINE LAMINATED ','1','32 MM BWR PINE LAMINATED DOOR','not_applicable','NEW PINE FRAME','2.5 ',NULL,1,1,'Aica','Aica',1,1,'Wood Pine','28','not_applicable','not_applicable','','',17,65,1,1,'SANJAY PATEL',10,-1,1,1,2,2,'2024-02-29 12:52:48','2024-02-29 12:55:14',NULL,2),(320,63,6,2125,676,NULL,NULL,1,0,NULL,NULL,2,15,'1',200,NULL,3,2,2,NULL,NULL,1,NULL,NULL,NULL,1,NULL,NULL,NULL,NULL,NULL,NULL,NULL,NULL,NULL,NULL,0,NULL,NULL,NULL,NULL,'MT','Laminated Door','Pine','28','NEW PINE FRAME','Wood Pine','W/o Face','UF','2.5 ','15','32 MM BWR PINE LAMINATED DOOR','32 MM BWR PINE LAMINATED ','1','32 MM BWR PINE LAMINATED DOOR','not_applicable','NEW PINE FRAME','2.5 ',NULL,1,1,'Aica','Aica',1,1,'Wood Pine','28','not_applicable','not_applicable','','',17,65,1,1,'SANJAY PATEL',10,-1,1,1,2,2,'2024-02-29 12:52:48','2024-02-29 12:55:14',NULL,2),(321,63,6,2160,677,NULL,NULL,1,0,NULL,NULL,2,15,'1',200,NULL,3,2,2,NULL,NULL,1,NULL,NULL,NULL,1,NULL,NULL,NULL,NULL,NULL,NULL,NULL,NULL,NULL,NULL,0,NULL,NULL,NULL,NULL,'MT','Laminated Door','Pine','28','NEW PINE FRAME','Wood Pine','W/o Face','UF','2.5 ','15','32 MM BWR PINE LAMINATED DOOR','32 MM BWR PINE LAMINATED ','1','32 MM BWR PINE LAMINATED DOOR','not_applicable','NEW PINE FRAME','2.5 ',NULL,1,1,'Aica','Aica',1,1,'Wood Pine','28','not_applicable','not_applicable','','',17,65,1,1,'SANJAY PATEL',10,-1,1,1,2,2,'2024-02-29 12:52:48','2024-02-29 12:55:14',NULL,2),(322,63,6,2190,680,NULL,NULL,1,0,NULL,NULL,2,15,'1',200,NULL,3,2,2,NULL,NULL,1,NULL,NULL,NULL,1,NULL,NULL,NULL,NULL,NULL,NULL,NULL,NULL,NULL,NULL,0,NULL,NULL,NULL,NULL,'MT','Laminated Door','Pine','28','NEW PINE FRAME','Wood Pine','W/o Face','UF','2.5 ','15','32 MM BWR PINE LAMINATED DOOR','32 MM BWR PINE LAMINATED ','1','32 MM BWR PINE LAMINATED DOOR','not_applicable','NEW PINE FRAME','2.5 ',NULL,1,1,'Aica','Aica',1,1,'Wood Pine','28','not_applicable','not_applicable','','',17,65,1,1,'SANJAY PATEL',10,-1,1,1,2,2,'2024-02-29 12:52:48','2024-02-29 12:55:14',NULL,2),(323,63,6,2173,680,NULL,NULL,1,0,NULL,NULL,2,15,'1',200,NULL,3,2,2,NULL,NULL,1,NULL,NULL,NULL,1,NULL,NULL,NULL,NULL,NULL,NULL,NULL,NULL,NULL,NULL,0,NULL,NULL,NULL,NULL,'MT','Laminated Door','Pine','28','NEW PINE FRAME','Wood Pine','W/o Face','UF','2.5 ','15','32 MM BWR PINE LAMINATED DOOR','32 MM BWR PINE LAMINATED ','1','32 MM BWR PINE LAMINATED DOOR','not_applicable','NEW PINE FRAME','2.5 ',NULL,1,1,'Aica','Aica',1,1,'Wood Pine','28','not_applicable','not_applicable','','',17,65,1,1,'SANJAY PATEL',10,-1,1,1,2,2,'2024-02-29 12:52:48','2024-02-29 12:55:14',NULL,2),(324,63,6,2160,680,NULL,NULL,1,0,NULL,NULL,2,15,'1',200,NULL,3,2,2,NULL,NULL,1,NULL,NULL,NULL,1,NULL,NULL,NULL,NULL,NULL,NULL,NULL,NULL,NULL,NULL,0,NULL,NULL,NULL,NULL,'MT','Laminated Door','Pine','28','NEW PINE FRAME','Wood Pine','W/o Face','UF','2.5 ','15','32 MM BWR PINE LAMINATED DOOR','32 MM BWR PINE LAMINATED ','1','32 MM BWR PINE LAMINATED DOOR','not_applicable','NEW PINE FRAME','2.5 ',NULL,1,1,'Aica','Aica',1,1,'Wood Pine','28','not_applicable','not_applicable','','',17,65,1,1,'SANJAY PATEL',10,-1,1,1,2,2,'2024-02-29 12:52:48','2024-02-29 12:55:14',NULL,2),(325,63,6,2165,678,NULL,NULL,1,0,NULL,NULL,2,15,'1',200,NULL,3,2,2,NULL,NULL,1,NULL,NULL,NULL,1,NULL,NULL,NULL,NULL,NULL,NULL,NULL,NULL,NULL,NULL,0,NULL,NULL,NULL,NULL,'MT','Laminated Door','Pine','28','NEW PINE FRAME','Wood Pine','W/o Face','UF','2.5 ','15','32 MM BWR PINE LAMINATED DOOR','32 MM BWR PINE LAMINATED ','1','32 MM BWR PINE LAMINATED DOOR','not_applicable','NEW PINE FRAME','2.5 ',NULL,1,1,'Aica','Aica',1,1,'Wood Pine','28','not_applicable','not_applicable','','',17,65,1,1,'SANJAY PATEL',10,-1,1,1,2,2,'2024-02-29 12:52:48','2024-02-29 12:55:14',NULL,2),(326,63,6,2170,680,NULL,NULL,2,0,NULL,NULL,2,15,'1',200,NULL,3,2,2,NULL,NULL,1,NULL,NULL,NULL,1,NULL,NULL,NULL,NULL,NULL,NULL,NULL,NULL,NULL,NULL,0,NULL,NULL,NULL,NULL,'MT','Laminated Door','Pine','28','NEW PINE FRAME','Wood Pine','W/o Face','UF','2.5 ','15','32 MM BWR PINE LAMINATED DOOR','32 MM BWR PINE LAMINATED ','1','32 MM BWR PINE LAMINATED DOOR','not_applicable','NEW PINE FRAME','2.5 ',NULL,1,1,'Aica','Aica',1,1,'Wood Pine','28','not_applicable','not_applicable','','',17,65,1,1,'SANJAY PATEL',10,-1,2,1,2,2,'2024-02-29 12:52:48','2024-02-29 12:55:14',NULL,2),(327,63,6,2170,677,NULL,NULL,1,0,NULL,NULL,2,15,'1',200,NULL,3,2,2,NULL,NULL,1,NULL,NULL,NULL,1,NULL,NULL,NULL,NULL,NULL,NULL,NULL,NULL,NULL,NULL,0,NULL,NULL,NULL,NULL,'MT','Laminated Door','Pine','28','NEW PINE FRAME','Wood Pine','W/o Face','UF','2.5 ','15','32 MM BWR PINE LAMINATED DOOR','32 MM BWR PINE LAMINATED ','1','32 MM BWR PINE LAMINATED DOOR','not_applicable','NEW PINE FRAME','2.5 ',NULL,1,1,'Aica','Aica',1,1,'Wood Pine','28','not_applicable','not_applicable','','',17,65,1,1,'SANJAY PATEL',10,-1,1,1,2,2,'2024-02-29 12:52:48','2024-02-29 12:55:14',NULL,2),(328,63,6,2142,675,NULL,NULL,1,0,NULL,NULL,2,15,'1',200,NULL,3,2,2,NULL,NULL,1,NULL,NULL,NULL,1,NULL,NULL,NULL,NULL,NULL,NULL,NULL,NULL,NULL,NULL,0,NULL,NULL,NULL,NULL,'MT','Laminated Door','Pine','28','NEW PINE FRAME','Wood Pine','W/o Face','UF','2.5 ','15','32 MM BWR PINE LAMINATED DOOR','32 MM BWR PINE LAMINATED ','1','32 MM BWR PINE LAMINATED DOOR','not_applicable','NEW PINE FRAME','2.5 ',NULL,1,1,'Aica','Aica',1,1,'Wood Pine','28','not_applicable','not_applicable','','',17,65,1,1,'SANJAY PATEL',10,-1,1,1,2,2,'2024-02-29 12:52:48','2024-02-29 12:55:14',NULL,2),(329,63,6,2145,675,NULL,NULL,1,0,NULL,NULL,2,15,'1',200,NULL,3,2,2,NULL,NULL,1,NULL,NULL,NULL,1,NULL,NULL,NULL,NULL,NULL,NULL,NULL,NULL,NULL,NULL,0,NULL,NULL,NULL,NULL,'MT','Laminated Door','Pine','28','NEW PINE FRAME','Wood Pine','W/o Face','UF','2.5 ','15','32 MM BWR PINE LAMINATED DOOR','32 MM BWR PINE LAMINATED ','1','32 MM BWR PINE LAMINATED DOOR','not_applicable','NEW PINE FRAME','2.5 ',NULL,1,1,'Aica','Aica',1,1,'Wood Pine','28','not_applicable','not_applicable','','',17,65,1,1,'SANJAY PATEL',10,-1,1,1,2,2,'2024-02-29 12:52:48','2024-02-29 12:55:14',NULL,2),(330,63,6,2168,678,NULL,NULL,1,0,NULL,NULL,2,15,'1',200,NULL,3,2,2,NULL,NULL,1,NULL,NULL,NULL,1,NULL,NULL,NULL,NULL,NULL,NULL,NULL,NULL,NULL,NULL,0,NULL,NULL,NULL,NULL,'MT','Laminated Door','Pine','28','NEW PINE FRAME','Wood Pine','W/o Face','UF','2.5 ','15','32 MM BWR PINE LAMINATED DOOR','32 MM BWR PINE LAMINATED ','1','32 MM BWR PINE LAMINATED DOOR','not_applicable','NEW PINE FRAME','2.5 ',NULL,1,1,'Aica','Aica',1,1,'Wood Pine','28','not_applicable','not_applicable','','',17,65,1,1,'SANJAY PATEL',10,-1,1,1,2,2,'2024-02-29 12:52:48','2024-02-29 12:55:14',NULL,2),(331,63,6,2145,678,NULL,NULL,1,0,NULL,NULL,2,15,'1',200,NULL,3,2,2,NULL,NULL,1,NULL,NULL,NULL,1,NULL,NULL,NULL,NULL,NULL,NULL,NULL,NULL,NULL,NULL,0,NULL,NULL,NULL,NULL,'MT','Laminated Door','Pine','28','NEW PINE FRAME','Wood Pine','W/o Face','UF','2.5 ','15','32 MM BWR PINE LAMINATED DOOR','32 MM BWR PINE LAMINATED ','1','32 MM BWR PINE LAMINATED DOOR','not_applicable','NEW PINE FRAME','2.5 ',NULL,1,1,'Aica','Aica',1,1,'Wood Pine','28','not_applicable','not_applicable','','',17,65,1,1,'SANJAY PATEL',10,-1,1,1,2,2,'2024-02-29 12:52:49','2024-02-29 12:55:14',NULL,2),(332,63,6,2138,678,NULL,NULL,1,0,NULL,NULL,2,15,'1',200,NULL,3,2,2,NULL,NULL,1,NULL,NULL,NULL,1,NULL,NULL,NULL,NULL,NULL,NULL,NULL,NULL,NULL,NULL,0,NULL,NULL,NULL,NULL,'MT','Laminated Door','Pine','28','NEW PINE FRAME','Wood Pine','W/o Face','UF','2.5 ','15','32 MM BWR PINE LAMINATED DOOR','32 MM BWR PINE LAMINATED ','1','32 MM BWR PINE LAMINATED DOOR','not_applicable','NEW PINE FRAME','2.5 ',NULL,1,1,'Aica','Aica',1,1,'Wood Pine','28','not_applicable','not_applicable','','',17,65,1,1,'SANJAY PATEL',10,-1,1,1,2,2,'2024-02-29 12:52:49','2024-02-29 12:55:14',NULL,2),(333,63,6,2180,680,NULL,NULL,2,0,NULL,NULL,2,15,'1',200,NULL,3,2,2,NULL,NULL,1,NULL,NULL,NULL,1,NULL,NULL,NULL,NULL,NULL,NULL,NULL,NULL,NULL,NULL,0,NULL,NULL,NULL,NULL,'MT','Laminated Door','Pine','28','NEW PINE FRAME','Wood Pine','W/o Face','UF','2.5 ','15','32 MM BWR PINE LAMINATED DOOR','32 MM BWR PINE LAMINATED ','1','32 MM BWR PINE LAMINATED DOOR','not_applicable','NEW PINE FRAME','2.5 ',NULL,1,1,'Aica','Aica',1,1,'Wood Pine','28','not_applicable','not_applicable','','',17,65,1,1,'SANJAY PATEL',10,-1,2,1,2,2,'2024-02-29 12:52:49','2024-02-29 12:55:14',NULL,2),(334,63,6,2165,675,NULL,NULL,1,0,NULL,NULL,2,15,'1',200,NULL,3,2,2,NULL,NULL,1,NULL,NULL,NULL,1,NULL,NULL,NULL,NULL,NULL,NULL,NULL,NULL,NULL,NULL,0,NULL,NULL,NULL,NULL,'MT','Laminated Door','Pine','28','NEW PINE FRAME','Wood Pine','W/o Face','UF','2.5 ','15','32 MM BWR PINE LAMINATED DOOR','32 MM BWR PINE LAMINATED ','1','32 MM BWR PINE LAMINATED DOOR','not_applicable','NEW PINE FRAME','2.5 ',NULL,1,1,'Aica','Aica',1,1,'Wood Pine','28','not_applicable','not_applicable','','',17,65,1,1,'SANJAY PATEL',10,-1,1,1,2,2,'2024-02-29 12:52:49','2024-02-29 12:55:14',NULL,2),(335,63,6,2175,678,NULL,NULL,1,0,NULL,NULL,2,15,'1',200,NULL,3,2,2,NULL,NULL,1,NULL,NULL,NULL,1,NULL,NULL,NULL,NULL,NULL,NULL,NULL,NULL,NULL,NULL,0,NULL,NULL,NULL,NULL,'MT','Laminated Door','Pine','28','NEW PINE FRAME','Wood Pine','W/o Face','UF','2.5 ','15','32 MM BWR PINE LAMINATED DOOR','32 MM BWR PINE LAMINATED ','1','32 MM BWR PINE LAMINATED DOOR','not_applicable','NEW PINE FRAME','2.5 ',NULL,1,1,'Aica','Aica',1,1,'Wood Pine','28','not_applicable','not_applicable','','',17,65,1,1,'SANJAY PATEL',10,-1,1,1,2,2,'2024-02-29 12:52:49','2024-02-29 12:55:14',NULL,2),(336,63,6,2160,678,NULL,NULL,1,0,NULL,NULL,2,15,'1',200,NULL,3,2,2,NULL,NULL,1,NULL,NULL,NULL,1,NULL,NULL,NULL,NULL,NULL,NULL,NULL,NULL,NULL,NULL,0,NULL,NULL,NULL,NULL,'MT','Laminated Door','Pine','28','NEW PINE FRAME','Wood Pine','W/o Face','UF','2.5 ','15','32 MM BWR PINE LAMINATED DOOR','32 MM BWR PINE LAMINATED ','1','32 MM BWR PINE LAMINATED DOOR','not_applicable','NEW PINE FRAME','2.5 ',NULL,1,1,'Aica','Aica',1,1,'Wood Pine','28','not_applicable','not_applicable','','',17,65,1,1,'SANJAY PATEL',10,-1,1,1,2,2,'2024-02-29 12:52:49','2024-02-29 12:55:14',NULL,2),(337,63,6,2122,678,NULL,NULL,1,0,NULL,NULL,2,15,'1',200,NULL,3,2,2,NULL,NULL,1,NULL,NULL,NULL,1,NULL,NULL,NULL,NULL,NULL,NULL,NULL,NULL,NULL,NULL,0,NULL,NULL,NULL,NULL,'MT','Laminated Door','Pine','28','NEW PINE FRAME','Wood Pine','W/o Face','UF','2.5 ','15','32 MM BWR PINE LAMINATED DOOR','32 MM BWR PINE LAMINATED ','1','32 MM BWR PINE LAMINATED DOOR','not_applicable','NEW PINE FRAME','2.5 ',NULL,1,1,'Aica','Aica',1,1,'Wood Pine','28','not_applicable','not_applicable','','',17,65,1,1,'SANJAY PATEL',10,-1,1,1,2,2,'2024-02-29 12:52:49','2024-02-29 12:55:14',NULL,2),(338,63,6,2142,680,NULL,NULL,1,0,NULL,NULL,2,15,'1',200,NULL,3,2,2,NULL,NULL,1,NULL,NULL,NULL,1,NULL,NULL,NULL,NULL,NULL,NULL,NULL,NULL,NULL,NULL,0,NULL,NULL,NULL,NULL,'MT','Laminated Door','Pine','28','NEW PINE FRAME','Wood Pine','W/o Face','UF','2.5 ','15','32 MM BWR PINE LAMINATED DOOR','32 MM BWR PINE LAMINATED ','1','32 MM BWR PINE LAMINATED DOOR','not_applicable','NEW PINE FRAME','2.5 ',NULL,1,1,'Aica','Aica',1,1,'Wood Pine','28','not_applicable','not_applicable','','',17,65,1,1,'SANJAY PATEL',10,-1,1,1,2,2,'2024-02-29 12:52:49','2024-02-29 12:55:14',NULL,2),(339,63,6,2155,677,NULL,NULL,1,0,NULL,NULL,2,15,'1',200,NULL,3,2,2,NULL,NULL,1,NULL,NULL,NULL,1,NULL,NULL,NULL,NULL,NULL,NULL,NULL,NULL,NULL,NULL,0,NULL,NULL,NULL,NULL,'MT','Laminated Door','Pine','28','NEW PINE FRAME','Wood Pine','W/o Face','UF','2.5 ','15','32 MM BWR PINE LAMINATED DOOR','32 MM BWR PINE LAMINATED ','1','32 MM BWR PINE LAMINATED DOOR','not_applicable','NEW PINE FRAME','2.5 ',NULL,1,1,'Aica','Aica',1,1,'Wood Pine','28','not_applicable','not_applicable','','',17,65,1,1,'SANJAY PATEL',10,-1,1,1,2,2,'2024-02-29 12:52:49','2024-02-29 12:55:14',NULL,2),(340,63,3,2108,970,NULL,NULL,1,0,NULL,NULL,2,18,'1',200,NULL,3,2,2,NULL,NULL,1,NULL,NULL,NULL,1,NULL,NULL,NULL,NULL,NULL,NULL,NULL,NULL,NULL,NULL,0,NULL,NULL,NULL,NULL,'MD','Laminated Door','Pine','31','NEW PINE FRAME','Wood Pine','W/o Face','UF','2.5 ','15','35 MM BWR PINE LAMINATED DOOR','35 MM BWR PINE LAMINATED','1','35 MM BWR PINE LAMINATED DOOR','not_applicable','NEW PINE FRAME','2.5 ',NULL,1,1,'Aica','Aica',1,1,'Wood Pine','31','not_applicable','not_applicable','','',18,70,1,1,'SANJAY PATEL',10,-1,1,1,2,2,'2024-02-29 12:52:49','2024-02-29 12:56:22',NULL,2),(341,63,3,2118,972,NULL,NULL,1,0,NULL,NULL,2,18,'1',200,NULL,3,2,2,NULL,NULL,1,NULL,NULL,NULL,1,NULL,NULL,NULL,NULL,NULL,NULL,NULL,NULL,NULL,NULL,0,NULL,NULL,NULL,NULL,'MD','Laminated Door','Pine','31','NEW PINE FRAME','Wood Pine','W/o Face','UF','2.5 ','15','35 MM BWR PINE LAMINATED DOOR','35 MM BWR PINE LAMINATED','1','35 MM BWR PINE LAMINATED DOOR','not_applicable','NEW PINE FRAME','2.5 ',NULL,1,1,'Aica','Aica',1,1,'Wood Pine','31','not_applicable','not_applicable','','',18,70,1,1,'SANJAY PATEL',10,-1,1,1,2,2,'2024-02-29 12:52:49','2024-02-29 12:56:22',NULL,2),(342,63,3,2130,950,NULL,NULL,1,0,NULL,NULL,2,18,'1',200,NULL,3,2,2,NULL,NULL,1,NULL,NULL,NULL,1,NULL,NULL,NULL,NULL,NULL,NULL,NULL,NULL,NULL,NULL,0,NULL,NULL,NULL,NULL,'MD','Laminated Door','Pine','31','NEW PINE FRAME','Wood Pine','W/o Face','UF','2.5 ','15','35 MM BWR PINE LAMINATED DOOR','35 MM BWR PINE LAMINATED','1','35 MM BWR PINE LAMINATED DOOR','not_applicable','NEW PINE FRAME','2.5 ',NULL,1,1,'Aica','Aica',1,1,'Wood Pine','31','not_applicable','not_applicable','','',18,70,1,1,'SANJAY PATEL',10,-1,1,1,2,2,'2024-02-29 12:52:49','2024-02-29 12:56:22',NULL,2),(343,63,3,2133,960,NULL,NULL,1,0,NULL,NULL,2,18,'1',200,NULL,3,2,2,NULL,NULL,1,NULL,NULL,NULL,1,NULL,NULL,NULL,NULL,NULL,NULL,NULL,NULL,NULL,NULL,0,NULL,NULL,NULL,NULL,'MD','Laminated Door','Pine','31','NEW PINE FRAME','Wood Pine','W/o Face','UF','2.5 ','15','35 MM BWR PINE LAMINATED DOOR','35 MM BWR PINE LAMINATED','1','35 MM BWR PINE LAMINATED DOOR','not_applicable','NEW PINE FRAME','2.5 ',NULL,1,1,'Aica','Aica',1,1,'Wood Pine','31','not_applicable','not_applicable','','',18,70,1,1,'SANJAY PATEL',10,-1,1,1,2,2,'2024-02-29 12:52:49','2024-02-29 12:56:22',NULL,2),(344,63,3,2118,974,NULL,NULL,1,0,NULL,NULL,2,18,'1',200,NULL,3,2,2,NULL,NULL,1,NULL,NULL,NULL,1,NULL,NULL,NULL,NULL,NULL,NULL,NULL,NULL,NULL,NULL,0,NULL,NULL,NULL,NULL,'MD','Laminated Door','Pine','31','NEW PINE FRAME','Wood Pine','W/o Face','UF','2.5 ','15','35 MM BWR PINE LAMINATED DOOR','35 MM BWR PINE LAMINATED','1','35 MM BWR PINE LAMINATED DOOR','not_applicable','NEW PINE FRAME','2.5 ',NULL,1,1,'Aica','Aica',1,1,'Wood Pine','31','not_applicable','not_applicable','','',18,70,1,1,'SANJAY PATEL',10,-1,1,1,2,2,'2024-02-29 12:52:49','2024-02-29 12:56:22',NULL,2),(345,63,3,2135,975,NULL,NULL,1,0,NULL,NULL,2,18,'1',200,NULL,3,2,2,NULL,NULL,1,NULL,NULL,NULL,1,NULL,NULL,NULL,NULL,NULL,NULL,NULL,NULL,NULL,NULL,0,NULL,NULL,NULL,NULL,'MD','Laminated Door','Pine','31','NEW PINE FRAME','Wood Pine','W/o Face','UF','2.5 ','15','35 MM BWR PINE LAMINATED DOOR','35 MM BWR PINE LAMINATED','1','35 MM BWR PINE LAMINATED DOOR','not_applicable','NEW PINE FRAME','2.5 ',NULL,1,1,'Aica','Aica',1,1,'Wood Pine','31','not_applicable','not_applicable','','',18,70,1,1,'SANJAY PATEL',10,-1,1,1,2,2,'2024-02-29 12:52:49','2024-02-29 12:56:22',NULL,2),(346,63,3,2118,975,NULL,NULL,1,0,NULL,NULL,2,18,'1',200,NULL,3,2,2,NULL,NULL,1,NULL,NULL,NULL,1,NULL,NULL,NULL,NULL,NULL,NULL,NULL,NULL,NULL,NULL,0,NULL,NULL,NULL,NULL,'MD','Laminated Door','Pine','31','NEW PINE FRAME','Wood Pine','W/o Face','UF','2.5 ','15','35 MM BWR PINE LAMINATED DOOR','35 MM BWR PINE LAMINATED','1','35 MM BWR PINE LAMINATED DOOR','not_applicable','NEW PINE FRAME','2.5 ',NULL,1,1,'Aica','Aica',1,1,'Wood Pine','31','not_applicable','not_applicable','','',18,70,1,1,'SANJAY PATEL',10,-1,1,1,2,2,'2024-02-29 12:52:49','2024-02-29 12:56:22',NULL,2),(347,63,3,2128,975,NULL,NULL,1,0,NULL,NULL,2,18,'1',200,NULL,3,2,2,NULL,NULL,1,NULL,NULL,NULL,1,NULL,NULL,NULL,NULL,NULL,NULL,NULL,NULL,NULL,NULL,0,NULL,NULL,NULL,NULL,'MD','Laminated Door','Pine','31','NEW PINE FRAME','Wood Pine','W/o Face','UF','2.5 ','15','35 MM BWR PINE LAMINATED DOOR','35 MM BWR PINE LAMINATED','1','35 MM BWR PINE LAMINATED DOOR','not_applicable','NEW PINE FRAME','2.5 ',NULL,1,1,'Aica','Aica',1,1,'Wood Pine','31','not_applicable','not_applicable','','',18,70,1,1,'SANJAY PATEL',10,-1,1,1,2,2,'2024-02-29 12:52:50','2024-02-29 12:56:22',NULL,2),(348,63,3,2150,974,NULL,NULL,1,0,NULL,NULL,2,18,'1',200,NULL,3,2,2,NULL,NULL,1,NULL,NULL,NULL,1,NULL,NULL,NULL,NULL,NULL,NULL,NULL,NULL,NULL,NULL,0,NULL,NULL,NULL,NULL,'MD','Laminated Door','Pine','31','NEW PINE FRAME','Wood Pine','W/o Face','UF','2.5 ','15','35 MM BWR PINE LAMINATED DOOR','35 MM BWR PINE LAMINATED','1','35 MM BWR PINE LAMINATED DOOR','not_applicable','NEW PINE FRAME','2.5 ',NULL,1,1,'Aica','Aica',1,1,'Wood Pine','31','not_applicable','not_applicable','','',18,70,1,1,'SANJAY PATEL',10,-1,1,1,2,2,'2024-02-29 12:52:50','2024-02-29 12:56:22',NULL,2),(349,63,3,2105,977,NULL,NULL,1,0,NULL,NULL,2,18,'1',200,NULL,3,2,2,NULL,NULL,1,NULL,NULL,NULL,1,NULL,NULL,NULL,NULL,NULL,NULL,NULL,NULL,NULL,NULL,0,NULL,NULL,NULL,NULL,'MD','Laminated Door','Pine','31','NEW PINE FRAME','Wood Pine','W/o Face','UF','2.5 ','15','35 MM BWR PINE LAMINATED DOOR','35 MM BWR PINE LAMINATED','1','35 MM BWR PINE LAMINATED DOOR','not_applicable','NEW PINE FRAME','2.5 ',NULL,1,1,'Aica','Aica',1,1,'Wood Pine','31','not_applicable','not_applicable','','',18,70,1,1,'SANJAY PATEL',10,-1,1,1,2,2,'2024-02-29 12:52:50','2024-02-29 12:56:22',NULL,2),(350,64,2,5,5,NULL,NULL,5,0,NULL,NULL,2,11,'23',12,1,1,2,1,NULL,2,0,NULL,NULL,NULL,1,NULL,NULL,NULL,NULL,NULL,NULL,NULL,NULL,NULL,NULL,0,NULL,NULL,NULL,NULL,'CB','Laminated Door','Hw','1','HW FRAME','Wood Hw ','W/o Face','UF','2.5 ','18','30 MM BWR HW LAMINATED','30 MM BWR HW LAMINATED','1','30 MM BWR HW LAMINATED','Bwp Patti','HW FRAME','2.5 ',NULL,1,1,'Aica','Aica',1,1,'Wood Hw ','26','not_applicable','not_applicable','','',19,NULL,NULL,NULL,NULL,NULL,-1,5,1,2,NULL,'2024-03-06 13:09:26','2024-03-06 13:09:26',123,2),(351,64,4,5,5,NULL,NULL,5,0,NULL,NULL,2,11,'23',12,1,1,2,1,NULL,2,0,NULL,NULL,NULL,1,NULL,NULL,NULL,NULL,NULL,NULL,NULL,NULL,NULL,NULL,0,NULL,NULL,NULL,NULL,'GB','Laminated Door','Hw','1','HW FRAME','Wood Hw ','W/o Face','UF','2.5 ','18','30 MM BWR HW LAMINATED','30 MM BWR HW LAMINATED','1','30 MM BWR HW LAMINATED','Bwp Patti','HW FRAME','2.5 ',NULL,1,1,'Aica','Aica',1,1,'Wood Hw ','26','not_applicable','not_applicable','','',19,NULL,NULL,NULL,NULL,NULL,-1,5,1,2,NULL,'2024-03-06 13:09:26','2024-03-06 13:09:26',123,2),(352,64,1,5,5,NULL,NULL,5,0,NULL,NULL,2,11,'23',12,1,1,2,1,NULL,2,0,NULL,NULL,NULL,1,NULL,NULL,NULL,NULL,NULL,NULL,NULL,NULL,NULL,NULL,0,NULL,NULL,NULL,NULL,'MB','Laminated Door','Hw','1','HW FRAME','Wood Hw ','W/o Face','UF','2.5 ','18','30 MM BWR HW LAMINATED','30 MM BWR HW LAMINATED','1','30 MM BWR HW LAMINATED','Bwp Patti','HW FRAME','2.5 ',NULL,1,1,'Aica','Aica',1,1,'Wood Hw ','26','not_applicable','not_applicable','','',19,NULL,NULL,NULL,NULL,NULL,-1,5,1,2,NULL,'2024-03-06 13:09:26','2024-03-06 13:09:26',123,2),(353,64,3,5,5,NULL,NULL,5,0,NULL,NULL,2,11,'23',12,1,1,2,1,NULL,2,0,NULL,NULL,NULL,1,NULL,NULL,NULL,NULL,NULL,NULL,NULL,NULL,NULL,NULL,0,NULL,NULL,NULL,NULL,'MD','Laminated Door','Hw','1','HW FRAME','Wood Hw ','W/o Face','UF','2.5 ','18','30 MM BWR HW LAMINATED','30 MM BWR HW LAMINATED','1','30 MM BWR HW LAMINATED','Bwp Patti','HW FRAME','2.5 ',NULL,1,1,'Aica','Aica',1,1,'Wood Hw ','26','not_applicable','not_applicable','','',19,NULL,NULL,NULL,NULL,NULL,-1,5,1,2,NULL,'2024-03-06 13:09:26','2024-03-06 13:09:26',123,2);

--
-- Table structure for table `process_type_costs`
--

CREATE TABLE `process_type_costs` (
  `id` int NOT NULL AUTO_INCREMENT,
  `process_type_id` int NOT NULL,
  `contractor_id` int NOT NULL,
  `cost` int NOT NULL,
  PRIMARY KEY (`id`)
) ENGINE=InnoDB DEFAULT CHARSET=utf8mb4 COLLATE=utf8mb4_0900_ai_ci;

--
-- Dumping data for table `process_type_costs`
--


--
-- Table structure for table `process_types`
--

CREATE TABLE `process_types` (
  `id` int NOT NULL AUTO_INCREMENT,
  `process_name` varchar(255) COLLATE utf8mb4_general_ci NOT NULL,
  `contractor_id` int DEFAULT NULL,
  `expense_category_id` int NOT NULL,
  `unit` varchar(255) COLLATE utf8mb4_general_ci DEFAULT NULL,
  `cost` int DEFAULT NULL,
  `status` int NOT NULL,
  `created_by` int NOT NULL,
  `modified_by` int NOT NULL,
  `created` datetime NOT NULL,
  `modified` datetime NOT NULL,
  PRIMARY KEY (`id`)
) ENGINE=InnoDB AUTO_INCREMENT=12 DEFAULT CHARSET=utf8mb4 COLLATE=utf8mb4_general_ci;

--
-- Dumping data for table `process_types`
--

INSERT INTO `process_types` VALUES (1,'Frame Formation',NULL,0,NULL,NULL,1,2,0,'2024-02-27 16:04:31','2024-03-06 13:08:36'),(2,'Battan Cutting & Filling',NULL,0,NULL,NULL,1,2,0,'2024-02-27 16:06:23','2024-03-06 13:08:36'),(3,'Pressing Door',NULL,0,NULL,NULL,1,2,0,'2024-02-27 16:06:50','2024-03-06 13:08:36'),(4,'Door Cutting',NULL,0,NULL,NULL,1,2,0,'2024-02-27 16:07:45','2024-03-06 13:08:36'),(5,'Laminate Design',NULL,0,NULL,NULL,1,2,0,'2024-02-27 16:08:16','2024-03-06 13:08:36'),(6,'Lipping Patti',NULL,0,NULL,NULL,1,2,0,'2024-02-27 16:08:56','2024-03-06 13:08:36'),(7,'Calibration',NULL,0,NULL,NULL,1,2,0,'2024-02-27 16:09:18','2024-03-06 13:08:36'),(8,'Laminate Pressing',NULL,0,NULL,NULL,1,2,0,'2024-02-27 16:09:43','2024-03-06 13:08:36'),(9,'Postforming',NULL,0,NULL,NULL,1,2,0,'2024-02-27 16:10:01','2024-02-27 16:10:01'),(10,'Grooving',NULL,0,NULL,NULL,1,2,0,'2024-02-27 16:10:36','2024-03-06 13:08:36'),(11,'Cutting & Finishing',NULL,0,NULL,NULL,1,2,0,'2024-02-27 16:10:56','2024-03-06 13:08:36');

--
-- Table structure for table `process_types_sub_prosesses`
--

CREATE TABLE `process_types_sub_prosesses` (
  `id` int NOT NULL AUTO_INCREMENT,
  `process_type_id` int NOT NULL,
  `sub_process_id` int NOT NULL,
  `sequence` int NOT NULL,
  PRIMARY KEY (`id`)
) ENGINE=InnoDB AUTO_INCREMENT=11 DEFAULT CHARSET=utf8mb4 COLLATE=utf8mb4_0900_ai_ci;

--
-- Dumping data for table `process_types_sub_prosesses`
--

INSERT INTO `process_types_sub_prosesses` VALUES (1,2,1,1),(2,2,2,2),(3,2,3,3),(4,3,10,1),(5,3,9,2),(6,4,7,1),(7,4,6,2),(8,6,4,1),(9,6,8,2),(10,6,5,3);

--
-- Table structure for table `product_masters`
--

CREATE TABLE `product_masters` (
  `id` int NOT NULL AUTO_INCREMENT,
  `product_code` varchar(255) COLLATE utf8mb4_general_ci NOT NULL,
  `product_type` int NOT NULL,
  `material_id` int NOT NULL,
  `thickness` int NOT NULL,
  `frame_id` int NOT NULL,
  `filler_id` int NOT NULL,
  `face_id` int NOT NULL,
  `resin_id` int NOT NULL,
  `core` varchar(255) COLLATE utf8mb4_general_ci NOT NULL,
  `margin` double NOT NULL,
  `product_name` varchar(255) COLLATE utf8mb4_general_ci NOT NULL,
  `print_name` varchar(255) COLLATE utf8mb4_general_ci NOT NULL,
  `billing_unit` double NOT NULL,
  `status` int NOT NULL,
  `created_by` int NOT NULL,
  `modified_by` int NOT NULL,
  `created` datetime NOT NULL,
  `modified` datetime NOT NULL,
  PRIMARY KEY (`id`)
) ENGINE=InnoDB AUTO_INCREMENT=20 DEFAULT CHARSET=utf8mb4 COLLATE=utf8mb4_general_ci;

--
-- Dumping data for table `product_masters`
--

INSERT INTO `product_masters` VALUES (1,'1',1,1,26,1,1,1,1,'1',18,'30 MM BWR HW DOOR','30 mm bwr hw',1,1,2,0,'2024-02-28 10:36:40','2024-02-28 10:36:40'),(2,'1',1,2,26,2,2,1,1,'1',15,'30 MM BWR PINE DOOR','30 MM BWR PINE',1,1,2,0,'2024-02-28 10:37:59','2024-02-28 10:37:59'),(3,'1',1,2,26,3,2,1,2,'2',15,'30 MM BWP PINE DOOR','30 MM BWP PINE',1,1,2,0,'2024-02-28 10:39:08','2024-02-28 10:39:08'),(4,'1',1,1,26,1,1,1,2,'2',18,'30 MM BWP HW DOOR','30 MM BWP HW',1,1,2,0,'2024-02-28 10:40:44','2024-02-28 10:40:44'),(5,'1',1,1,28,1,1,1,1,'1',18,'32 MM BWR HW DOOR','32 MM BWR HW',1,1,2,0,'2024-02-28 10:42:22','2024-02-28 10:42:22'),(6,'1',1,2,28,2,2,1,1,'1',15,'32 MM BWR PINE DOOR','32 MM BWR PINE',1,1,2,0,'2024-02-28 10:44:02','2024-02-28 10:44:02'),(7,'1',1,1,31,1,1,1,1,'1',18,'35 MM BWR HW DOOR','35 MM BWR HW ',1,1,2,0,'2024-02-28 10:45:02','2024-02-28 10:45:02'),(8,'1',1,2,31,2,2,1,1,'1',15,'35 MM BWR PINE DOOR','35 MM BWR PINE DOOR',1,1,2,0,'2024-02-28 10:45:50','2024-02-28 10:45:50'),(9,'1',1,2,28,3,2,1,2,'2',15,'32 MM BWP PINE DOOR','32 MM BWP PINE DOOR',1,1,2,0,'2024-02-28 10:47:19','2024-02-28 10:47:19'),(10,'1',1,2,31,3,2,1,2,'2',15,'35 MM BWP PINE DOOR','35 MM BWP PINE DOOR',1,1,2,0,'2024-02-28 10:48:20','2024-02-28 10:48:20'),(11,'1',2,1,1,1,1,2,1,'2',18,'30 MM BWR HW LAMINATED','30 MM BWR HW LAMINATED',1,1,2,2,'2024-02-28 10:50:11','2024-03-06 13:08:36'),(12,'1',2,2,26,3,2,2,1,'2',15,'30 MM BWR PINE LAMINATED DOOR','30 MM BWR PINE LAMINATED',1,1,2,0,'2024-02-28 10:53:44','2024-02-28 10:53:44'),(13,'1',2,2,26,3,2,2,2,'2',15,'30 MM BWP PINE LAMINATED DOOR','30 MM BWP PINE LAMINATED',1,1,2,0,'2024-02-28 10:54:54','2024-02-28 10:54:54'),(14,'1',2,1,28,1,1,2,1,'2',15,'32 MM BWR HW LAMINATED DOOR','32 MM BWR HW LAMINATED',1,1,2,0,'2024-02-28 10:56:26','2024-02-28 10:56:26'),(15,'1',2,2,28,3,2,2,1,'2',15,'32 MM BWR PINE LAMINATED DOOR','32 MM BWR PINE LAMINATED ',1,1,2,0,'2024-02-28 10:57:36','2024-02-28 10:57:36'),(16,'1',2,2,28,3,2,2,2,'2',15,'32 MM BWP PINE LAMINATED DOOR','32 MM BWP PINE LAMINATED',1,1,2,0,'2024-02-28 10:58:43','2024-02-28 10:58:43'),(17,'1',2,1,31,1,2,2,1,'2',18,'35 MM BWR HW LAMINATED DOOR','35 MM BWR HW LAMINATED',1,1,2,0,'2024-02-28 10:59:40','2024-02-28 10:59:40'),(18,'1',2,2,31,3,2,2,1,'2',15,'35 MM BWR PINE LAMINATED DOOR','35 MM BWR PINE LAMINATED',1,1,2,0,'2024-02-28 11:19:28','2024-02-28 11:19:28'),(19,'1',2,2,31,3,2,2,2,'2',15,'35 MM BWP PINE LAMINATED DOOR','35 MM BWP PINE LAMINATED',1,1,2,0,'2024-02-28 11:20:25','2024-02-28 11:20:25');

--
-- Table structure for table `product_masters_process_types`
--

CREATE TABLE `product_masters_process_types` (
  `id` int NOT NULL AUTO_INCREMENT,
  `product_id` int NOT NULL,
  `process_type_id` int NOT NULL,
  `sequence` int NOT NULL,
  PRIMARY KEY (`id`)
) ENGINE=InnoDB AUTO_INCREMENT=131 DEFAULT CHARSET=utf8mb4 COLLATE=utf8mb4_general_ci;

--
-- Dumping data for table `product_masters_process_types`
--

INSERT INTO `product_masters_process_types` VALUES (1,1,1,1),(2,1,2,2),(3,1,3,3),(4,1,4,4),(5,2,1,1),(6,2,2,2),(7,2,3,3),(8,2,4,4),(9,3,1,1),(10,3,2,2),(11,3,3,3),(12,3,4,4),(13,4,1,1),(14,4,2,2),(15,4,3,3),(16,4,4,4),(17,5,1,1),(18,5,2,2),(19,5,3,3),(20,5,4,4),(21,6,1,1),(22,6,2,2),(23,6,3,3),(24,6,4,4),(25,7,1,1),(26,7,2,2),(27,7,3,3),(28,7,4,4),(29,8,1,1),(30,8,2,2),(31,8,3,3),(32,8,4,4),(33,9,1,1),(34,9,2,2),(35,9,3,3),(36,9,4,4),(37,10,1,1),(38,10,2,2),(39,10,3,3),(40,10,4,4),(41,11,1,1),(42,11,2,2),(43,11,3,3),(44,11,4,4),(45,11,5,5),(46,11,6,6),(47,11,7,7),(48,11,8,8),(49,11,10,9),(50,11,11,10),(51,12,1,1),(52,12,2,2),(53,12,3,3),(54,12,4,4),(55,12,5,5),(56,12,6,6),(57,12,7,7),(58,12,8,8),(59,12,10,9),(60,12,11,10),(61,13,1,1),(62,13,2,2),(63,13,3,3),(64,13,4,4),(65,13,5,5),(66,13,6,6),(67,13,7,7),(68,13,8,8),(69,13,10,9),(70,13,11,10),(71,14,1,1),(72,14,2,2),(73,14,3,3),(74,14,4,4),(75,14,5,5),(76,14,6,6),(77,14,7,7),(78,14,8,8),(79,14,10,9),(80,14,11,10),(81,15,1,1),(82,15,2,2),(83,15,3,3),(84,15,4,4),(85,15,5,5),(86,15,6,6),(87,15,7,7),(88,15,8,8),(89,15,10,9),(90,15,11,10),(91,16,1,1),(92,16,2,2),(93,16,3,3),(94,16,4,4),(95,16,5,5),(96,16,6,6),(97,16,7,7),(98,16,8,8),(99,16,10,9),(100,16,11,10),(101,17,1,1),(102,17,2,2),(103,17,3,3),(104,17,4,4),(105,17,5,5),(106,17,6,6),(107,17,7,7),(108,17,8,8),(109,17,10,9),(110,17,11,10),(111,18,1,1),(112,18,2,2),(113,18,3,3),(114,18,4,4),(115,18,5,5),(116,18,6,6),(117,18,7,7),(118,18,8,8),(119,18,10,9),(120,18,11,10),(121,19,1,1),(122,19,2,2),(123,19,3,3),(124,19,4,4),(125,19,5,5),(126,19,6,6),(127,19,7,7),(128,19,8,8),(129,19,10,9),(130,19,11,10);

--
-- Table structure for table `product_types`
--

CREATE TABLE `product_types` (
  `id` int NOT NULL AUTO_INCREMENT,
  `product_type_name` varchar(255) COLLATE utf8mb4_general_ci NOT NULL,
  `status` int NOT NULL,
  `created_by` int NOT NULL,
  `modified_by` int NOT NULL,
  `created` datetime NOT NULL,
  `modified` datetime NOT NULL,
  PRIMARY KEY (`id`)
) ENGINE=InnoDB AUTO_INCREMENT=4 DEFAULT CHARSET=utf8mb4 COLLATE=utf8mb4_general_ci;

--
-- Dumping data for table `product_types`
--

INSERT INTO `product_types` VALUES (1,'Flush Door',1,2,0,'2024-02-27 15:48:49','2024-02-27 15:48:49'),(2,'Laminated Door',1,2,0,'2024-02-27 15:49:01','2024-02-27 15:49:01'),(3,'Laminated Door Postforming',1,2,0,'2024-02-27 15:49:12','2024-02-27 15:49:12');

--
-- Table structure for table `purchase_order_items`
--

CREATE TABLE `purchase_order_items` (
  `id` int NOT NULL AUTO_INCREMENT,
  `purchase_id` int NOT NULL,
  `item_id` int NOT NULL,
  PRIMARY KEY (`id`)
) ENGINE=InnoDB DEFAULT CHARSET=utf8mb4 COLLATE=utf8mb4_0900_ai_ci;

--
-- Dumping data for table `purchase_order_items`
--


--
-- Table structure for table `purchase_orders`
--

CREATE TABLE `purchase_orders` (
  `id` int NOT NULL AUTO_INCREMENT,
  `po_no` varchar(255) COLLATE utf8mb4_general_ci NOT NULL,
  `vendor_id` int NOT NULL,
  `payment_account` varchar(255) COLLATE utf8mb4_general_ci NOT NULL,
  `date` date NOT NULL,
  `item_id` int NOT NULL,
  `unit` double NOT NULL,
  `quantity` int NOT NULL,
  `gst` varchar(255) COLLATE utf8mb4_general_ci NOT NULL,
  `price_per_unit` double NOT NULL,
  `total_price` int NOT NULL,
  `taxes` double NOT NULL,
  `status` int NOT NULL,
  `payment_status` int NOT NULL,
  `is_active` int NOT NULL,
  `created_by` int NOT NULL,
  `modified_by` int NOT NULL,
  `created` datetime NOT NULL,
  `modified` datetime NOT NULL,
  PRIMARY KEY (`id`)
) ENGINE=InnoDB DEFAULT CHARSET=utf8mb4 COLLATE=utf8mb4_general_ci;

--
-- Dumping data for table `purchase_orders`
--


--
-- Table structure for table `resins`
--

CREATE TABLE `resins` (
  `id` int NOT NULL AUTO_INCREMENT,
  `resin_name` varchar(255) COLLATE utf8mb4_general_ci NOT NULL,
  `status` int NOT NULL,
  `created_by` int NOT NULL,
  `modified_by` int NOT NULL,
  `created` datetime NOT NULL,
  `modified` datetime NOT NULL,
  PRIMARY KEY (`id`)
) ENGINE=InnoDB AUTO_INCREMENT=4 DEFAULT CHARSET=utf8mb4 COLLATE=utf8mb4_general_ci;

--
-- Dumping data for table `resins`
--

INSERT INTO `resins` VALUES (1,'UF',1,2,0,'2023-12-10 12:05:50','2023-12-10 12:05:50'),(2,'MUF',1,2,0,'2023-12-10 12:05:57','2023-12-10 12:05:57'),(3,'PF',1,2,0,'2023-12-10 12:06:04','2023-12-10 12:06:04');

--
-- Table structure for table `sales_order_details`
--

CREATE TABLE `sales_order_details` (
  `id` int NOT NULL AUTO_INCREMENT,
  `sales_order_number` int NOT NULL,
  `client` varchar(255) COLLATE utf8mb4_general_ci NOT NULL,
  `marketing_staff` varchar(255) COLLATE utf8mb4_general_ci NOT NULL,
  `product_id` int NOT NULL,
  `vendor_id` int NOT NULL,
  `priority` int NOT NULL,
  `double_door` varchar(255) COLLATE utf8mb4_general_ci NOT NULL,
  `stock_order` int NOT NULL,
  `framing_note` varchar(255) COLLATE utf8mb4_general_ci NOT NULL,
  `pressing_note` varchar(255) COLLATE utf8mb4_general_ci NOT NULL,
  `finishing_note` varchar(255) COLLATE utf8mb4_general_ci NOT NULL,
  `front_laminate` varchar(255) COLLATE utf8mb4_general_ci NOT NULL,
  `back_laminate` varchar(255) COLLATE utf8mb4_general_ci NOT NULL,
  `height` int NOT NULL,
  `width` int NOT NULL,
  `qty` int NOT NULL,
  `unit` varchar(255) COLLATE utf8mb4_general_ci NOT NULL,
  `flat_no` varchar(255) COLLATE utf8mb4_general_ci NOT NULL,
  `wall_size` varchar(255) COLLATE utf8mb4_general_ci NOT NULL,
  `WO_height` double NOT NULL,
  `WO_width` double NOT NULL,
  `area_sq_ft` double NOT NULL,
  `total_quantity` double NOT NULL,
  `total_area` double NOT NULL,
  `total_laminate_required` double NOT NULL,
  `rate` double NOT NULL,
  `rate_unit` varchar(255) COLLATE utf8mb4_general_ci NOT NULL,
  `approved_by` int NOT NULL,
  `approved_date` date NOT NULL,
  `status` int NOT NULL,
  `is_active` int NOT NULL,
  `created_by` int NOT NULL,
  `modified_by` int NOT NULL,
  `created` datetime NOT NULL,
  `modified` datetime NOT NULL,
  PRIMARY KEY (`id`)
) ENGINE=InnoDB DEFAULT CHARSET=utf8mb4 COLLATE=utf8mb4_general_ci;

--
-- Dumping data for table `sales_order_details`
--


--
-- Table structure for table `sales_order_lists`
--

CREATE TABLE `sales_order_lists` (
  `id` int NOT NULL AUTO_INCREMENT,
  `sales_order_number` int NOT NULL,
  `total_qty` int NOT NULL,
  `completed_qty` int NOT NULL,
  `finished_qty` int NOT NULL,
  `order_date` date NOT NULL,
  `status` int NOT NULL,
  `created_by` int NOT NULL,
  `modified_by` int NOT NULL,
  `created` datetime NOT NULL,
  `modified` datetime NOT NULL,
  PRIMARY KEY (`id`)
) ENGINE=InnoDB DEFAULT CHARSET=utf8mb4 COLLATE=utf8mb4_general_ci;

--
-- Dumping data for table `sales_order_lists`
--


--
-- Table structure for table `sales_orders`
--

CREATE TABLE `sales_orders` (
  `id` int NOT NULL AUTO_INCREMENT,
  `customer_po` varchar(255) DEFAULT NULL,
  `customer_name` int NOT NULL,
  `sales_person` varchar(255) CHARACTER SET utf8mb4 COLLATE utf8mb4_general_ci DEFAULT NULL,
  `payment_details` int NOT NULL,
  `instruction` text,
  `entry_type` int DEFAULT NULL COMMENT '1=Planning,2=Direct',
  `product_type_id` int DEFAULT NULL,
  `product_type_name` varchar(255) DEFAULT NULL,
  `inspection_charges` int DEFAULT NULL,
  `transportation` int NOT NULL,
  `transportation_charges` int DEFAULT NULL,
  `door_installation_charges` int DEFAULT NULL,
  `carpenter_name` varchar(255) DEFAULT NULL,
  `carpenter_charges` int DEFAULT NULL,
  `party_door_installation_charges` int DEFAULT NULL,
  `laminate_waste` int DEFAULT NULL,
  `rest_payment` int DEFAULT NULL,
  `site_building_name` varchar(255) NOT NULL,
  `customerName` varchar(255) CHARACTER SET utf8mb4 COLLATE utf8mb4_general_ci DEFAULT NULL,
  `created_by` varchar(255) NOT NULL,
  `modified_by` varchar(255) DEFAULT NULL,
  `created` datetime NOT NULL,
  `modified` datetime NOT NULL,
  `excel_id` varchar(255) DEFAULT NULL,
  `unit` int DEFAULT NULL,
  `priority` int NOT NULL DEFAULT '1',
  `delete_status` int DEFAULT NULL,
  `customer_po_no` int NOT NULL,
  PRIMARY KEY (`id`)
) ENGINE=InnoDB AUTO_INCREMENT=65 DEFAULT CHARSET=utf8mb4 COLLATE=utf8mb4_0900_ai_ci;

--
-- Dumping data for table `sales_orders`
--

INSERT INTO `sales_orders` VALUES (1,NULL,1,'',1,NULL,NULL,NULL,NULL,NULL,1,NULL,1,'',NULL,NULL,1,2,'park avenue','Life Seasons Development LLP','2','0','2024-01-08 11:01:37','2024-01-08 13:02:06','dfac3dcf-5067-4a6a-bc28-f9717a664e9b',NULL,1,NULL,0),(2,NULL,0,'',0,NULL,NULL,NULL,NULL,NULL,0,NULL,0,'',NULL,NULL,0,0,'','','2','0','2024-01-08 12:35:52','2024-01-08 12:35:52','5c7423e1-b643-4fbe-b9e3-8c6cdf1c5c84',NULL,1,NULL,0),(3,NULL,0,'',0,NULL,NULL,NULL,NULL,NULL,0,NULL,0,'',NULL,NULL,0,0,'','','2','0','2024-01-08 14:38:29','2024-01-08 14:38:29','192a5764-ceba-4316-a5e9-c07a2a27daf0',NULL,1,NULL,0),(4,NULL,0,'',0,NULL,NULL,NULL,NULL,NULL,0,NULL,0,'',NULL,NULL,0,0,'','','2','0','2024-01-08 14:38:31','2024-01-08 14:38:31','7c6cc8d7-6648-4aca-ac01-f46e11026950',NULL,1,NULL,0),(5,NULL,0,'',0,NULL,NULL,NULL,NULL,NULL,0,NULL,0,'',NULL,NULL,0,0,'','','2','0','2024-01-08 14:39:05','2024-01-08 14:39:05','2752f3e8-8078-4037-9b67-ac7e508e256c',NULL,1,NULL,0),(6,NULL,2,'',1,NULL,NULL,NULL,NULL,NULL,0,50,0,'GHANSHYAM',200,30,0,2,'PUNE','Shivsagar Promoters & Developers','2','0','2024-01-08 15:00:50','2024-01-10 13:51:20','717a687e-7a41-4e01-9853-4455075b26b4',NULL,1,NULL,0),(7,NULL,0,'',0,NULL,NULL,NULL,NULL,NULL,0,NULL,0,'',NULL,NULL,0,0,'','','2','0','2024-01-08 15:05:11','2024-01-08 15:05:11','88811ecc-1193-4ae1-83bd-b10a12a35835',NULL,1,NULL,0),(8,NULL,0,'',0,NULL,NULL,NULL,NULL,NULL,0,NULL,0,'',NULL,NULL,0,0,'','','2','0','2024-01-08 15:16:10','2024-01-08 15:16:10','e33c3b2d-7f8d-4a37-876c-31678b489cdb',NULL,1,NULL,0),(9,NULL,0,'',0,NULL,NULL,NULL,NULL,NULL,0,NULL,0,'',NULL,NULL,0,0,'','','2','0','2024-01-08 15:17:45','2024-01-08 15:17:45','29ac6944-1c81-4c52-8f9a-98d6ffb7fad2',NULL,1,NULL,0),(10,NULL,0,'',0,NULL,NULL,NULL,NULL,NULL,0,NULL,0,'',NULL,NULL,0,0,'','','2','0','2024-01-08 15:18:56','2024-01-08 15:18:56','14aaa064-9389-42ef-9d2f-5fdd9b66daef',NULL,1,NULL,0),(11,NULL,0,'',0,NULL,NULL,NULL,NULL,NULL,0,NULL,0,'',NULL,NULL,0,0,'','','2','0','2024-01-08 15:26:31','2024-01-08 15:26:31','95b6d6b8-45ef-4dfb-80c8-f5a412a374b8',NULL,1,NULL,0),(12,NULL,0,'',0,NULL,NULL,NULL,NULL,NULL,0,NULL,0,'',NULL,NULL,0,0,'','','2','0','2024-01-08 16:13:30','2024-01-08 16:13:30','831f7f80-943e-4e68-9c51-0733c939c1ce',NULL,1,NULL,0),(13,NULL,0,'',0,NULL,NULL,NULL,NULL,NULL,0,NULL,0,'',NULL,NULL,0,0,'','','2','0','2024-01-09 14:48:26','2024-01-09 14:48:26','54996045-bb77-4253-b89d-71788a7b8f52',NULL,1,NULL,0),(14,NULL,0,'',0,NULL,NULL,NULL,NULL,NULL,0,NULL,0,'',NULL,NULL,0,0,'','','2','0','2024-01-09 15:22:03','2024-01-09 15:22:03','997b4036-e854-414d-8d2d-63800dd60756',NULL,1,NULL,0),(15,NULL,5,'',0,NULL,NULL,NULL,NULL,NULL,0,1,1,'',NULL,NULL,0,2,'Nashik','Godavari Projects','2','0','2024-01-09 15:26:22','2024-01-10 13:51:04','b6ba8a65-a670-4958-83a9-d37012de2b38',NULL,1,NULL,0),(16,NULL,0,'',0,NULL,NULL,NULL,NULL,NULL,0,NULL,0,'',NULL,NULL,0,0,'','','2','0','2024-01-12 12:34:52','2024-01-12 12:34:52','da94d792-8921-41c0-aba2-5f3912378f7f',NULL,1,NULL,0),(17,NULL,2,'',2,NULL,NULL,NULL,NULL,NULL,1,NULL,1,'',NULL,NULL,0,2,'PUNE','Shivsagar Promoters & Developers','2','0','2024-01-12 12:38:24','2024-01-12 12:42:29',NULL,NULL,1,NULL,0),(18,NULL,6,'',0,NULL,NULL,NULL,NULL,NULL,0,1,1,'',NULL,NULL,0,2,'Nashik','Hem Society','2','0','2024-01-16 11:59:11','2024-01-16 12:17:32',NULL,NULL,1,NULL,0),(19,NULL,0,'',0,NULL,NULL,NULL,NULL,NULL,0,NULL,0,'',NULL,NULL,0,0,'','','2','0','2024-01-25 14:44:42','2024-01-25 14:44:42','c3e2a306-f2d8-43e4-b5b9-091f74b22a4b',NULL,1,NULL,0),(20,NULL,0,'',0,NULL,NULL,NULL,NULL,NULL,0,NULL,0,'',NULL,NULL,0,0,'','','2','0','2024-01-25 14:45:42','2024-01-25 14:45:42','5aae01b2-6ae8-43d1-a569-e393e5a844b9',NULL,1,NULL,0),(21,NULL,0,'',0,NULL,NULL,NULL,NULL,NULL,0,NULL,0,'',NULL,NULL,0,0,'','','2','0','2024-01-25 16:46:34','2024-01-25 16:46:34','389c8a03-5743-4396-8740-892e3ce26327',NULL,1,NULL,0),(22,NULL,0,'',0,NULL,NULL,NULL,NULL,NULL,0,NULL,0,'',NULL,NULL,0,0,'','','2','0','2024-01-25 16:52:07','2024-01-25 16:52:07','47e5fc7b-aebd-4e73-a714-54d0b92f757b',NULL,1,NULL,0),(23,NULL,0,'',0,NULL,NULL,NULL,NULL,NULL,0,NULL,0,'',NULL,NULL,0,0,'','','2','0','2024-01-25 16:59:47','2024-01-25 16:59:47','50f256d4-319b-4d90-bb45-f4eefae91bb7',NULL,1,NULL,0),(24,NULL,0,'',0,NULL,NULL,NULL,NULL,NULL,0,NULL,0,'',NULL,NULL,0,0,'','','2','0','2024-01-25 17:09:41','2024-01-25 17:09:41','e24d31a1-5d1a-47e3-b737-51d53c4159ca',NULL,1,NULL,0),(25,NULL,0,'',0,NULL,NULL,NULL,NULL,NULL,0,NULL,0,'',NULL,NULL,0,0,'','','2','0','2024-01-25 17:30:57','2024-01-25 17:30:57','82034f37-d0b0-498b-b848-9b6e88b0c9c0',NULL,1,NULL,0),(26,NULL,0,'',0,NULL,NULL,NULL,NULL,NULL,0,NULL,0,'',NULL,NULL,0,0,'','','2','0','2024-01-25 17:32:27','2024-01-25 17:32:27','4119ecd0-6dd8-4d57-b8b2-994efbc67142',NULL,1,NULL,0),(27,NULL,0,'',0,NULL,NULL,NULL,NULL,NULL,0,NULL,0,'',NULL,NULL,0,0,'','','2','0','2024-01-25 19:24:19','2024-01-25 19:24:19','278dc80f-f503-4dd0-bc6f-180b043bdb10',NULL,1,NULL,0),(28,NULL,0,'',0,NULL,NULL,NULL,NULL,NULL,0,NULL,0,'',NULL,NULL,0,0,'','','2','0','2024-01-25 19:25:47','2024-01-25 19:25:47','bcc604d1-a9d4-4cd8-b597-4d04ed556ee3',NULL,1,NULL,0),(29,NULL,0,'',0,NULL,NULL,NULL,NULL,NULL,0,NULL,0,'',NULL,NULL,0,0,'','','2','0','2024-01-25 19:26:47','2024-01-25 19:26:47','b4cf6cc7-421e-44cb-abec-2022c061a13e',NULL,1,NULL,0),(30,NULL,0,'',0,NULL,NULL,NULL,NULL,NULL,0,NULL,0,'',NULL,NULL,0,0,'','','2','0','2024-01-25 19:28:08','2024-01-25 19:28:08','149f6be8-3e62-4cec-a350-b92870b18a37',NULL,1,NULL,0),(31,NULL,0,'',0,NULL,NULL,NULL,NULL,NULL,0,NULL,0,'',NULL,NULL,0,0,'','','2','0','2024-01-25 19:30:05','2024-01-25 19:30:05','3d4501c4-e5a9-41ca-acb9-b70aeb790b21',NULL,1,NULL,0),(32,NULL,0,'',0,NULL,NULL,NULL,NULL,NULL,0,NULL,0,'',NULL,NULL,0,0,'','','2','0','2024-01-25 19:30:39','2024-01-25 19:30:39','fa4f983b-cc09-4061-b29f-83394188f4c5',NULL,1,NULL,0),(33,NULL,0,'',0,NULL,NULL,NULL,NULL,NULL,0,NULL,0,'',NULL,NULL,0,0,'','','2','0','2024-02-04 12:56:32','2024-02-04 12:56:32','4836ae1f-c3ad-4e6c-8572-e31482b39dcc',NULL,1,NULL,0),(34,NULL,0,'',0,NULL,NULL,NULL,NULL,NULL,0,NULL,0,'',NULL,NULL,0,0,'','','2','0','2024-02-04 12:56:35','2024-02-04 12:56:35','cbf857da-34b0-4b23-9693-25b2ad0184ab',NULL,1,NULL,0),(35,NULL,0,'',0,NULL,NULL,NULL,NULL,NULL,0,NULL,0,'',NULL,NULL,0,0,'','','2','0','2024-02-04 12:57:26','2024-02-04 12:57:26','1bf11d23-d3ca-485d-89f2-66541700755a',NULL,1,NULL,0),(36,NULL,15,'',2,NULL,2,NULL,NULL,NULL,0,1,1,NULL,NULL,NULL,0,10,'Sangamner','Sai Darshan Door','2',NULL,'2024-02-07 17:09:28','2024-02-07 17:17:43','edf61535-3a1f-410d-a65b-dc97690654b8',NULL,1,NULL,0),(37,NULL,15,'',0,NULL,2,NULL,NULL,NULL,0,1,1,NULL,NULL,NULL,1,NULL,'Sangamner','Sai Darshan Door','2',NULL,'2024-02-07 17:11:51','2024-02-07 17:12:23','a599aaef-7bce-4757-8bfe-ee99bc31e8e0',NULL,1,NULL,0),(38,NULL,15,'',2,NULL,2,NULL,NULL,NULL,0,1,1,NULL,NULL,NULL,1,10,'Sangamner','Sai Darshan Door','2',NULL,'2024-02-07 17:19:04','2024-02-07 17:30:22','f8ff1404-13de-4f46-8b7e-10f75b894863',NULL,1,NULL,0),(39,NULL,15,'',1,NULL,2,NULL,NULL,NULL,0,1,1,NULL,NULL,NULL,0,1,'Sangamner','Sai Darshan Door','2','1','2024-02-07 17:31:59','2024-02-07 17:33:39',NULL,NULL,1,NULL,0),(40,NULL,15,'',0,NULL,2,NULL,NULL,NULL,0,1,1,NULL,NULL,NULL,1,NULL,'h','Sai Darshan Door','2','1','2024-02-08 11:04:27','2024-02-08 11:11:00',NULL,NULL,1,NULL,0),(41,NULL,1,'',2,NULL,1,NULL,NULL,NULL,0,1,1,NULL,NULL,NULL,1,1,'PUNE','Life Seasons Development LLP','2',NULL,'2024-02-09 12:33:05','2024-02-09 12:53:47','82a4f06c-0060-4781-8e51-6b9fbd58bb5d',NULL,1,NULL,0),(42,NULL,1,'',3,NULL,1,NULL,NULL,NULL,1,NULL,1,NULL,NULL,NULL,0,NULL,'PUNE','Life Seasons Development LLP','2','1','2024-02-09 14:28:03','2024-02-09 14:47:19',NULL,NULL,1,NULL,0),(43,NULL,16,'',3,NULL,2,NULL,NULL,NULL,0,1,1,NULL,NULL,NULL,1,NULL,'beed','Mauli Door Beed','2',NULL,'2024-02-12 11:32:09','2024-02-12 11:32:09',NULL,NULL,1,NULL,0),(44,NULL,16,'',2,NULL,1,NULL,NULL,NULL,0,1,1,NULL,NULL,NULL,1,1,'beed','Mauli Door Beed','2',NULL,'2024-02-12 12:14:11','2024-02-13 11:25:40','6ff76d00-af0a-4610-83d1-b4d4700c3289',NULL,1,NULL,0),(45,NULL,16,'',2,NULL,2,NULL,NULL,NULL,0,NULL,1,NULL,NULL,NULL,1,NULL,'beed','Mauli Door Beed','2',NULL,'2024-02-12 12:14:23','2024-02-12 12:15:50','b182daf9-bc98-412b-8f65-98cfa946a9fb',NULL,1,NULL,0),(46,NULL,16,'',2,NULL,2,NULL,NULL,NULL,0,1,1,NULL,NULL,NULL,0,1,'1','Mauli Door Beed','2',NULL,'2024-02-12 12:19:47','2024-02-12 12:19:47',NULL,NULL,1,NULL,0),(47,NULL,16,'',2,NULL,2,NULL,NULL,NULL,0,1,1,NULL,NULL,NULL,0,1,'beed','Mauli Door Beed','2',NULL,'2024-02-12 12:23:57','2024-02-12 12:25:11','82b822c6-afe8-4951-8e9c-bbbca54969cd',NULL,1,NULL,0),(48,NULL,4,'',3,NULL,1,NULL,NULL,NULL,0,10,1,NULL,NULL,NULL,0,NULL,'Nashik','Bhandari Brothers','2',NULL,'2024-02-12 12:37:41','2024-02-13 11:24:41','7f47bca6-6158-4ca4-889f-cf5137d4b48f',NULL,1,NULL,0),(49,NULL,16,'',0,NULL,2,NULL,NULL,NULL,0,1,1,NULL,NULL,NULL,1,NULL,'beed','Mauli Door Beed','2',NULL,'2024-02-13 11:28:56','2024-02-13 11:29:04','bb495c8b-9e1c-4b6a-8c9e-9bb1d21631bf',0,1,NULL,0),(50,NULL,16,'',3,NULL,2,NULL,NULL,NULL,0,11,1,NULL,NULL,NULL,1,NULL,'beed','Mauli Door Beed','2',NULL,'2024-02-13 11:31:02','2024-02-13 11:31:11','b8dca099-e27e-44fa-8bd0-b40510d5355e',0,1,NULL,0),(51,NULL,16,'',0,NULL,1,NULL,NULL,NULL,0,11,1,NULL,NULL,NULL,0,NULL,'beed','Mauli Door Beed','2',NULL,'2024-02-13 11:32:49','2024-02-13 11:32:49',NULL,NULL,1,NULL,0),(52,NULL,17,'',0,NULL,2,NULL,NULL,NULL,0,10,1,NULL,NULL,NULL,0,NULL,'-','Padwal Door','2','1','2024-02-13 14:09:52','2024-02-27 15:57:19',NULL,0,1,NULL,0),(53,NULL,17,'',0,NULL,2,NULL,NULL,NULL,0,11,1,NULL,NULL,NULL,0,NULL,'Sinner','Padwal Door','2',NULL,'2024-02-13 15:00:09','2024-02-13 15:00:13','05a28d8d-6352-4f59-acb8-17d5a3a60a7b',1,1,NULL,0),(54,NULL,15,'',3,NULL,2,NULL,NULL,NULL,1,NULL,1,NULL,NULL,NULL,1,NULL,'test','Sai Darshan Door','2','1','2024-02-13 15:17:13','2024-02-13 15:29:38',NULL,0,1,NULL,0),(55,NULL,18,'',0,NULL,2,NULL,NULL,NULL,0,NULL,1,NULL,NULL,NULL,0,NULL,'Nashik','S B Traders','2',NULL,'2024-02-27 14:45:40','2024-02-27 14:45:46','7b0ba6b7-d88a-4f1c-8b77-633e07cc44b7',0,1,NULL,0),(56,NULL,18,'',3,NULL,2,NULL,NULL,NULL,0,NULL,1,NULL,NULL,NULL,0,NULL,'Nashik','S B Traders','2',NULL,'2024-02-27 14:49:10','2024-02-27 14:49:14','4f8514ed-3619-4de1-8085-06b91c59dbd2',0,1,NULL,0),(57,NULL,19,'',1,NULL,1,2,'Laminated Door',NULL,0,NULL,1,NULL,NULL,NULL,1,1,'Beed','Lahoti Beed','2',NULL,'2024-02-28 11:25:41','2024-02-28 11:26:19',NULL,NULL,1,NULL,0),(58,NULL,19,'',1,NULL,2,2,'Laminated Door',NULL,0,NULL,1,NULL,NULL,NULL,1,1,'Beed','Lahoti Beed','2','1','2024-02-28 11:27:03','2024-02-28 11:29:12',NULL,0,1,NULL,12),(59,NULL,20,'',2,NULL,1,2,'Laminated Door',NULL,0,NULL,1,NULL,NULL,NULL,1,1,'Nashik','Charul Project','2',NULL,'2024-02-28 12:28:59','2024-02-28 12:34:48','15a91ebe-2738-4156-a510-a5509bf44c4f',0,1,NULL,38),(60,NULL,20,'',2,NULL,1,2,'Laminated Door',NULL,0,NULL,1,NULL,NULL,NULL,1,1,'Nashik','Charul Project','2','1','2024-02-28 12:35:21','2024-02-28 12:45:50',NULL,0,1,NULL,0),(61,NULL,8,'',1,NULL,2,1,'Flush Door',NULL,0,NULL,1,NULL,NULL,NULL,1,1,'Pune','Marval Enterprises','2','1','2024-02-29 11:24:10','2024-02-29 11:28:21',NULL,0,1,NULL,38),(62,NULL,1,'',1,NULL,1,2,'Laminated Door',NULL,0,NULL,0,'Akshay Shine',50,20,1,1,'Pune','Life Seasons Development LLP','2',NULL,'2024-02-29 12:03:34','2024-02-29 12:19:04','082ca15a-0206-49cb-a443-c2434af90460',0,1,NULL,22),(63,NULL,1,'',2,NULL,1,2,'Laminated Door',NULL,0,NULL,0,'Akshay Shinde',1,1,1,1,'Pune','Life Seasons Development LLP','2','1','2024-02-29 12:19:45','2024-02-29 12:52:40',NULL,0,1,NULL,38),(64,NULL,20,NULL,3,NULL,2,2,'Laminated Door',NULL,1,NULL,1,NULL,NULL,NULL,1,NULL,'1341','Charul Project','2','1','2024-03-06 13:03:31','2024-03-06 13:09:26',NULL,0,1,NULL,0);

--
-- Table structure for table `staff_salaries`
--

CREATE TABLE `staff_salaries` (
  `id` int NOT NULL AUTO_INCREMENT,
  `monthly_salary` int NOT NULL,
  `edits_staff_salary` int NOT NULL,
  `add_leaves` int NOT NULL,
  `bonus` double NOT NULL,
  `deduction` double NOT NULL,
  `remark` varchar(255) COLLATE utf8mb4_general_ci NOT NULL,
  `status` int NOT NULL,
  `payment_account` int NOT NULL,
  `date` date NOT NULL,
  `is_active` int NOT NULL,
  `created_by` int NOT NULL,
  `modified_by` int NOT NULL,
  `created` datetime NOT NULL,
  `modified` datetime NOT NULL,
  PRIMARY KEY (`id`)
) ENGINE=InnoDB DEFAULT CHARSET=utf8mb4 COLLATE=utf8mb4_general_ci;

--
-- Dumping data for table `staff_salaries`
--


--
-- Table structure for table `stock_checks`
--

CREATE TABLE `stock_checks` (
  `id` int NOT NULL AUTO_INCREMENT,
  `item_name` varchar(255) COLLATE utf8mb4_general_ci NOT NULL,
  `quantity_in_hand` int NOT NULL,
  `actual_quantity` int NOT NULL,
  `difference` double NOT NULL,
  `created_by` int NOT NULL,
  `modified_by` int NOT NULL,
  `created` datetime NOT NULL,
  `modified` datetime NOT NULL,
  PRIMARY KEY (`id`)
) ENGINE=InnoDB DEFAULT CHARSET=utf8mb4 COLLATE=utf8mb4_general_ci;

--
-- Dumping data for table `stock_checks`
--


--
-- Table structure for table `stocks`
--

CREATE TABLE `stocks` (
  `id` int NOT NULL AUTO_INCREMENT,
  `item_id` int NOT NULL,
  `type` int NOT NULL COMMENT '0=deduct,1=add',
  `order_id` varchar(255) COLLATE utf8mb4_general_ci DEFAULT NULL,
  `quantity_ordered` int NOT NULL,
  `quantity_received` int DEFAULT NULL,
  `order_size` int DEFAULT NULL,
  `pending` int NOT NULL,
  `created_by` int NOT NULL,
  `modified_by` int NOT NULL,
  `created` datetime NOT NULL,
  `modified` datetime NOT NULL,
  PRIMARY KEY (`id`)
) ENGINE=InnoDB AUTO_INCREMENT=63 DEFAULT CHARSET=utf8mb4 COLLATE=utf8mb4_general_ci;

--
-- Dumping data for table `stocks`
--

INSERT INTO `stocks` VALUES (1,1,2,NULL,0,50,0,0,2,0,'2024-01-22 12:10:50','2024-01-22 12:10:50'),(2,2,2,NULL,0,120,0,0,2,0,'2024-02-18 14:58:23','2024-02-18 14:58:23'),(3,3,2,NULL,0,120,0,0,2,0,'2024-02-18 15:01:53','2024-02-18 15:01:53'),(4,4,2,NULL,0,120,0,0,2,0,'2024-02-18 15:05:53','2024-02-18 15:05:53'),(5,5,2,NULL,0,120,0,0,2,0,'2024-02-18 15:10:30','2024-02-18 15:10:30'),(6,6,2,NULL,0,120,0,0,2,0,'2024-02-18 15:13:03','2024-02-18 15:13:03'),(7,7,2,NULL,0,120,0,0,2,0,'2024-02-18 15:28:31','2024-02-18 15:28:31'),(8,8,2,NULL,0,120,0,0,2,0,'2024-02-18 15:38:58','2024-02-18 15:38:58'),(9,9,2,NULL,0,120,0,0,2,0,'2024-02-18 15:40:42','2024-02-18 15:40:42'),(10,10,2,NULL,0,100,0,0,2,0,'2024-02-18 15:42:20','2024-02-18 15:42:20'),(11,11,2,NULL,0,100,0,0,2,0,'2024-02-18 15:43:34','2024-02-18 15:43:34'),(12,12,2,NULL,0,100,0,0,2,0,'2024-02-18 15:44:33','2024-02-18 15:44:33'),(13,13,2,NULL,0,100,0,0,2,0,'2024-02-18 15:46:13','2024-02-18 15:46:13'),(14,14,2,NULL,0,100,0,0,2,0,'2024-02-18 15:48:26','2024-02-18 15:48:26'),(15,15,2,NULL,0,100,0,0,2,0,'2024-02-18 15:50:07','2024-02-18 15:50:07'),(16,16,2,NULL,0,100,0,0,2,0,'2024-02-18 15:52:21','2024-02-18 15:52:21'),(17,17,2,NULL,0,100,0,0,2,0,'2024-02-18 15:53:53','2024-02-18 15:53:53'),(18,18,2,NULL,0,100,0,0,2,0,'2024-02-18 16:07:50','2024-02-18 16:07:50'),(19,19,2,NULL,0,100,0,0,2,0,'2024-02-18 16:09:21','2024-02-18 16:09:21'),(20,20,2,NULL,0,100,0,0,2,0,'2024-02-18 16:10:12','2024-02-18 16:10:12'),(21,21,2,NULL,0,100,0,0,2,0,'2024-02-18 16:17:35','2024-02-18 16:17:35'),(22,22,2,NULL,0,100,0,0,2,0,'2024-02-18 16:21:40','2024-02-18 16:21:40'),(23,23,2,NULL,0,100,0,0,2,0,'2024-02-18 16:22:47','2024-02-18 16:22:47'),(24,24,2,NULL,0,100,0,0,2,0,'2024-02-18 16:23:29','2024-02-18 16:23:29'),(25,25,2,NULL,0,101,0,0,2,0,'2024-02-25 12:22:02','2024-02-25 12:22:02'),(26,26,2,NULL,0,1,0,0,2,0,'2024-02-25 12:24:34','2024-02-25 12:24:34'),(27,27,2,NULL,0,10,0,0,2,0,'2024-02-25 12:26:40','2024-02-25 12:26:40'),(28,28,2,NULL,0,1,0,0,2,0,'2024-02-25 12:28:02','2024-02-25 12:28:02'),(29,29,2,NULL,0,1,0,0,2,0,'2024-02-25 12:29:27','2024-02-25 12:29:27'),(30,30,2,NULL,0,1,0,0,2,0,'2024-02-25 12:30:16','2024-02-25 12:30:16'),(31,31,2,NULL,0,1,0,0,2,0,'2024-02-25 12:32:29','2024-02-25 12:32:29'),(32,32,2,NULL,0,12,0,0,2,0,'2024-02-25 12:34:50','2024-02-25 12:34:50'),(33,33,2,NULL,0,10,0,0,2,0,'2024-02-25 12:36:02','2024-02-25 12:36:02'),(34,34,2,NULL,0,10,0,0,2,0,'2024-02-25 12:37:08','2024-02-25 12:37:08'),(35,35,2,NULL,0,5,0,0,2,0,'2024-02-25 12:45:38','2024-02-25 12:45:38'),(36,36,2,NULL,0,3,0,0,2,0,'2024-02-25 12:46:55','2024-02-25 12:46:55'),(37,37,2,NULL,0,3,0,0,2,0,'2024-02-25 12:48:15','2024-02-25 12:48:15'),(38,38,2,NULL,0,3,0,0,2,0,'2024-02-25 12:49:32','2024-02-25 12:49:32'),(39,39,2,NULL,0,3,0,0,2,0,'2024-02-25 12:57:01','2024-02-25 12:57:01'),(40,40,2,NULL,0,3,0,0,2,0,'2024-02-25 12:58:41','2024-02-25 12:58:41'),(41,41,2,NULL,0,7,0,0,2,0,'2024-02-25 15:43:58','2024-02-25 15:43:58'),(42,42,2,NULL,0,5,0,0,2,0,'2024-02-25 15:45:26','2024-02-25 15:45:26'),(43,43,2,NULL,0,7,0,0,2,0,'2024-02-25 15:46:45','2024-02-25 15:46:45'),(44,44,2,NULL,0,3,0,0,2,0,'2024-02-25 15:54:08','2024-02-25 15:54:08'),(45,45,2,NULL,0,2,0,0,2,0,'2024-02-25 15:55:29','2024-02-25 15:55:29'),(46,46,2,NULL,0,2,0,0,2,0,'2024-02-25 15:56:03','2024-02-25 15:56:03'),(47,47,2,NULL,0,2,0,0,2,0,'2024-02-25 16:03:51','2024-02-25 16:03:51'),(48,48,2,NULL,0,2,0,0,2,0,'2024-02-25 16:04:44','2024-02-25 16:04:44'),(49,49,2,NULL,0,2,0,0,2,0,'2024-02-25 16:06:55','2024-02-25 16:06:55'),(50,50,2,NULL,0,2,0,0,2,0,'2024-02-25 16:07:59','2024-02-25 16:07:59'),(51,51,2,NULL,0,2,0,0,2,0,'2024-02-25 16:10:12','2024-02-25 16:10:12'),(52,52,2,NULL,0,2,0,0,2,0,'2024-02-25 16:10:50','2024-02-25 16:10:50'),(53,53,2,NULL,0,2,0,0,2,0,'2024-02-25 16:12:02','2024-02-25 16:12:02'),(54,54,2,NULL,0,2,0,0,2,0,'2024-02-25 16:15:28','2024-02-25 16:15:28'),(55,55,2,NULL,0,2,0,0,2,0,'2024-02-25 16:17:24','2024-02-25 16:17:24'),(56,56,2,NULL,0,2,0,0,2,0,'2024-02-25 16:18:31','2024-02-25 16:18:31'),(57,57,2,NULL,0,2,0,0,2,0,'2024-02-25 16:19:41','2024-02-25 16:19:41'),(58,58,2,NULL,0,2,0,0,2,0,'2024-02-25 16:20:44','2024-02-25 16:20:44'),(59,59,2,NULL,0,2,0,0,2,0,'2024-02-25 16:23:08','2024-02-25 16:23:08'),(60,60,2,NULL,0,2,0,0,2,0,'2024-02-25 16:24:21','2024-02-25 16:24:21'),(61,61,2,NULL,0,2,0,0,2,0,'2024-02-25 16:25:47','2024-02-25 16:25:47'),(62,62,2,NULL,0,2,0,0,2,0,'2024-02-25 16:28:21','2024-02-25 16:28:21');

--
-- Table structure for table `sub_processes`
--

CREATE TABLE `sub_processes` (
  `id` int NOT NULL AUTO_INCREMENT,
  `sub_process` varchar(255) NOT NULL,
  `status` int NOT NULL,
  `created_by` int NOT NULL,
  `modified_by` int NOT NULL,
  `created` datetime NOT NULL,
  `modified` datetime NOT NULL,
  PRIMARY KEY (`id`)
) ENGINE=InnoDB AUTO_INCREMENT=11 DEFAULT CHARSET=utf8mb4 COLLATE=utf8mb4_0900_ai_ci;

--
-- Dumping data for table `sub_processes`
--

INSERT INTO `sub_processes` VALUES (1,'Battan Cutting & Filling',1,2,0,'2024-02-27 15:59:52','2024-02-27 16:06:23'),(2,'Battan Filling 1.5 Inch',1,2,0,'2024-02-27 16:00:00','2024-02-27 16:06:23'),(3,'Battan O/S Bit',1,2,0,'2024-02-27 16:00:08','2024-02-27 16:06:23'),(4,'Below Patti',1,2,0,'2024-02-27 16:00:17','2024-02-27 16:08:56'),(5,'BWP Patti',1,2,0,'2024-02-27 16:00:25','2024-02-27 16:08:56'),(6,'Flush Door',1,2,0,'2024-02-27 16:00:37','2024-02-27 16:07:45'),(7,'Laminate Door',1,2,0,'2024-02-27 16:00:50','2024-02-27 16:07:45'),(8,'Lipping patti',1,2,0,'2024-02-27 16:01:03','2024-02-27 16:08:56'),(9,'Pressing Double Core',1,2,0,'2024-02-27 16:01:12','2024-02-27 16:06:50'),(10,'Pressing Single Core',1,2,0,'2024-02-27 16:01:19','2024-02-27 16:06:50');

--
-- Table structure for table `taxes`
--

CREATE TABLE `taxes` (
  `id` int NOT NULL AUTO_INCREMENT,
  `tax_name` varchar(255) COLLATE utf8mb4_general_ci NOT NULL,
  `percentage` double NOT NULL,
  `status` int NOT NULL,
  `created_by` int NOT NULL,
  `modified_by` int NOT NULL,
  `created` datetime NOT NULL,
  `modified` datetime NOT NULL,
  PRIMARY KEY (`id`)
) ENGINE=InnoDB AUTO_INCREMENT=4 DEFAULT CHARSET=utf8mb4 COLLATE=utf8mb4_general_ci;

--
-- Dumping data for table `taxes`
--

INSERT INTO `taxes` VALUES (1,'CGST',9,1,2,0,'2023-12-10 12:34:34','2023-12-10 12:34:34'),(2,'SGST',9,1,2,0,'2023-12-10 12:34:55','2023-12-10 12:34:55'),(3,'IGST',18,1,2,0,'2023-12-10 12:35:07','2023-12-10 12:35:07');

--
-- Table structure for table `thicknesses`
--

CREATE TABLE `thicknesses` (
  `id` int NOT NULL AUTO_INCREMENT,
  `thickness` double NOT NULL,
  `status` int NOT NULL,
  `created_by` int NOT NULL,
  `modified_by` int NOT NULL,
  `created` datetime NOT NULL,
  `modified` datetime NOT NULL,
  PRIMARY KEY (`id`)
) ENGINE=InnoDB AUTO_INCREMENT=2 DEFAULT CHARSET=utf8mb4 COLLATE=utf8mb4_0900_ai_ci;

--
-- Dumping data for table `thicknesses`
--

INSERT INTO `thicknesses` VALUES (1,26,1,2,2,'2024-03-06 13:05:45','2024-03-06 13:07:40');

--
-- Table structure for table `unit_masters`
--

CREATE TABLE `unit_masters` (
  `id` int NOT NULL AUTO_INCREMENT,
  `unit_name` varchar(255) COLLATE utf8mb4_general_ci NOT NULL,
  `status` int NOT NULL,
  `created_by` int NOT NULL,
  `modified_by` int NOT NULL,
  `created` datetime NOT NULL,
  `modified` datetime NOT NULL,
  PRIMARY KEY (`id`)
) ENGINE=InnoDB DEFAULT CHARSET=utf8mb4 COLLATE=utf8mb4_general_ci;

--
-- Dumping data for table `unit_masters`
--


--
-- Table structure for table `work_order_details`
--

CREATE TABLE `work_order_details` (
  `id` int NOT NULL AUTO_INCREMENT,
  `sale_order_number` int NOT NULL,
  `work_order_number` int NOT NULL,
  `contractor_name` varchar(255) COLLATE utf8mb4_general_ci NOT NULL,
  `process_name` varchar(255) COLLATE utf8mb4_general_ci NOT NULL,
  `customer_name` varchar(255) COLLATE utf8mb4_general_ci NOT NULL,
  `product_name` varchar(255) COLLATE utf8mb4_general_ci NOT NULL,
  `height` int NOT NULL,
  `width` int NOT NULL,
  `quantity` int NOT NULL,
  `created_by` int NOT NULL,
  `modified_by` int NOT NULL,
  `created` datetime NOT NULL,
  `modified` datetime NOT NULL,
  PRIMARY KEY (`id`)
) ENGINE=InnoDB DEFAULT CHARSET=utf8mb4 COLLATE=utf8mb4_general_ci;

--
-- Dumping data for table `work_order_details`
--


--
-- Table structure for table `work_order_processes`
--

CREATE TABLE `work_order_processes` (
  `id` int NOT NULL AUTO_INCREMENT,
  `process_type_id` int NOT NULL,
  `process_name` varchar(255) DEFAULT NULL,
  `contractor_details_id` int DEFAULT NULL,
  `contractor_name` varchar(255) DEFAULT NULL,
  `order_qty` int DEFAULT NULL,
  `qty_processed` int DEFAULT NULL,
  `sequence` int DEFAULT NULL,
  `work_order_id` int NOT NULL,
  `created` datetime NOT NULL,
  `modified` datetime NOT NULL,
  `created_by` int NOT NULL,
  `modified_by` int DEFAULT NULL,
  `status` int NOT NULL,
  PRIMARY KEY (`id`)
) ENGINE=InnoDB AUTO_INCREMENT=25 DEFAULT CHARSET=utf8mb4 COLLATE=utf8mb4_0900_ai_ci;

--
-- Dumping data for table `work_order_processes`
--

INSERT INTO `work_order_processes` VALUES (1,1,'Frame formation',1,'SANJAY PATEL',4,NULL,NULL,1,'2024-01-09 16:10:19','2024-01-09 16:10:19',2,0,1),(2,2,'battan cutting & filling',2,'ANIL GUPTA',4,NULL,NULL,1,'2024-01-09 16:10:19','2024-01-09 16:10:19',2,0,1),(3,3,'pressing doors',3,'BAPPI ROY',4,NULL,NULL,1,'2024-01-09 16:10:19','2024-01-09 16:10:19',2,0,1),(4,4,'cutting and finishing',2,'ANIL GUPTA',4,NULL,NULL,1,'2024-01-09 16:10:19','2024-01-09 16:10:19',2,0,1),(5,5,'calibration ',1,'SANJAY PATEL',4,NULL,NULL,1,'2024-01-09 16:10:19','2024-01-09 16:10:19',2,0,1),(6,6,'Laminate pressing ',1,'SANJAY PATEL',4,NULL,NULL,1,'2024-01-09 16:10:19','2024-01-09 16:10:19',2,0,1),(7,7,'laminate design',4,'AKLA',4,NULL,NULL,1,'2024-01-09 16:10:19','2024-01-09 16:10:19',2,0,1),(8,10,'Dispatch',1,'SANJAY PATEL',4,NULL,NULL,1,'2024-01-09 16:10:19','2024-01-09 16:10:19',2,0,1),(9,1,'Frame formation',4,'AKLA',13,NULL,NULL,2,'2024-01-12 15:29:50','2024-01-12 15:29:50',2,0,1),(10,2,'battan cutting & filling',2,'ANIL GUPTA',13,NULL,NULL,2,'2024-01-12 15:29:50','2024-01-12 15:29:50',2,0,1),(11,3,'pressing doors',1,'SANJAY PATEL',13,NULL,NULL,2,'2024-01-12 15:29:50','2024-01-12 15:29:50',2,0,1),(12,4,'cutting and finishing',1,'SANJAY PATEL',13,NULL,NULL,2,'2024-01-12 15:29:50','2024-01-12 15:29:50',2,0,1),(13,5,'calibration ',4,'AKLA',13,NULL,NULL,2,'2024-01-12 15:29:50','2024-01-12 15:29:50',2,0,1),(14,6,'Laminate pressing ',4,'AKLA',13,NULL,NULL,2,'2024-01-12 15:29:50','2024-01-12 15:29:50',2,0,1),(15,7,'laminate design',4,'AKLA',13,NULL,NULL,2,'2024-01-12 15:29:50','2024-01-12 15:29:50',2,0,1),(16,10,'Dispatch',1,'SANJAY PATEL',13,NULL,NULL,2,'2024-01-12 15:29:50','2024-01-12 15:29:50',2,0,1),(17,1,'Frame formation',1,'SANJAY PATEL',156,NULL,NULL,3,'2024-01-16 12:19:57','2024-01-16 12:19:57',2,0,1),(18,2,'battan cutting & filling',2,'ANIL GUPTA',156,NULL,NULL,3,'2024-01-16 12:19:57','2024-01-16 12:19:57',2,0,1),(19,3,'pressing doors',1,'SANJAY PATEL',156,NULL,NULL,3,'2024-01-16 12:19:57','2024-01-16 12:19:57',2,0,1),(20,4,'cutting and finishing',1,'SANJAY PATEL',156,NULL,NULL,3,'2024-01-16 12:19:57','2024-01-16 12:19:57',2,0,1),(21,5,'calibration ',4,'AKLA',156,NULL,NULL,3,'2024-01-16 12:19:57','2024-01-16 12:19:57',2,0,1),(22,6,'Laminate pressing ',4,'AKLA',156,NULL,NULL,3,'2024-01-16 12:19:57','2024-01-16 12:19:57',2,0,1),(23,7,'laminate design',4,'AKLA',156,NULL,NULL,3,'2024-01-16 12:19:57','2024-01-16 12:19:57',2,0,1),(24,10,'Dispatch',1,'SANJAY PATEL',156,NULL,NULL,3,'2024-01-16 12:19:57','2024-01-16 12:19:57',2,0,1);

--
-- Table structure for table `work_order_updates`
--

CREATE TABLE `work_order_updates` (
  `id` int NOT NULL AUTO_INCREMENT,
  `sale_order_number` int NOT NULL,
  `work_order_number` int NOT NULL,
  `contractor_name` int NOT NULL,
  `process_name` int NOT NULL,
  `customer_name` int NOT NULL,
  `product_name` int NOT NULL,
  `height` int NOT NULL,
  `width` int NOT NULL,
  `quantity` int NOT NULL,
  `remark` varchar(255) COLLATE utf8mb4_general_ci NOT NULL,
  `created_by` int NOT NULL,
  `modified_by` int NOT NULL,
  `created` datetime NOT NULL,
  `modified` datetime NOT NULL,
  PRIMARY KEY (`id`)
) ENGINE=InnoDB DEFAULT CHARSET=utf8mb4 COLLATE=utf8mb4_general_ci;

--
-- Dumping data for table `work_order_updates`
--


--
-- Table structure for table `work_orders`
--

CREATE TABLE `work_orders` (
  `id` int NOT NULL AUTO_INCREMENT,
  `product_master_id` int NOT NULL,
  `process_type_id` int DEFAULT NULL,
  `door_config_id` int NOT NULL,
  `contractor_details_id` int DEFAULT NULL,
  `wo_height` double DEFAULT NULL,
  `wo_width` double DEFAULT NULL,
  `wo_qty` int NOT NULL,
  `sales_order_id` int NOT NULL,
  `status` int DEFAULT NULL,
  `priority` int NOT NULL DEFAULT '1',
  `processes` longtext,
  `created` datetime NOT NULL,
  `modified` datetime NOT NULL,
  `created_by` int NOT NULL,
  `modified_by` int DEFAULT NULL,
  PRIMARY KEY (`id`)
) ENGINE=InnoDB AUTO_INCREMENT=75 DEFAULT CHARSET=utf8mb4 COLLATE=utf8mb4_0900_ai_ci;

--
-- Dumping data for table `work_orders`
--

INSERT INTO `work_orders` VALUES (1,1,NULL,3,NULL,NULL,NULL,4,15,1,1,NULL,'2024-01-09 16:10:19','2024-01-09 16:10:19',2,0),(2,2,NULL,4,NULL,NULL,NULL,13,17,1,1,NULL,'2024-01-12 15:29:50','2024-01-12 15:29:50',2,0),(3,9,NULL,5,NULL,NULL,NULL,156,18,1,1,NULL,'2024-01-16 12:19:57','2024-01-16 12:19:57',2,0),(4,9,NULL,5,NULL,NULL,NULL,0,18,NULL,1,NULL,'2024-02-07 11:46:12','2024-02-07 11:46:12',2,0),(5,2,NULL,4,NULL,NULL,NULL,0,17,NULL,1,NULL,'2024-02-07 12:35:07','2024-02-07 12:35:07',2,0),(6,10,NULL,6,NULL,NULL,NULL,150,39,NULL,1,NULL,'2024-02-07 17:37:40','2024-02-07 17:37:40',2,0),(7,10,NULL,6,NULL,NULL,NULL,86,39,NULL,1,NULL,'2024-02-07 17:37:40','2024-02-07 17:37:40',2,0),(8,10,NULL,6,NULL,NULL,NULL,64,39,NULL,1,NULL,'2024-02-07 17:37:40','2024-02-07 17:37:41',2,0),(9,10,NULL,6,NULL,NULL,NULL,150,39,NULL,1,NULL,'2024-02-07 17:37:41','2024-02-07 17:37:41',2,0),(10,10,NULL,6,NULL,NULL,NULL,150,39,NULL,1,NULL,'2024-02-07 17:37:41','2024-02-07 17:37:41',2,0),(11,1,NULL,8,NULL,NULL,NULL,88,42,NULL,1,NULL,'2024-02-09 14:51:25','2024-02-09 14:51:26',2,0),(12,1,NULL,8,NULL,NULL,NULL,46,42,NULL,1,NULL,'2024-02-09 14:51:26','2024-02-09 14:51:27',2,0),(13,1,NULL,8,NULL,NULL,NULL,42,42,NULL,1,NULL,'2024-02-09 14:51:27','2024-02-09 14:51:27',2,0),(14,1,NULL,8,NULL,NULL,NULL,88,42,NULL,1,NULL,'2024-02-09 14:51:27','2024-02-09 14:51:28',2,0),(15,1,NULL,8,NULL,NULL,NULL,88,42,NULL,1,NULL,'2024-02-09 14:51:28','2024-02-09 14:51:29',2,0),(16,1,NULL,8,NULL,NULL,NULL,0,42,NULL,1,NULL,'2024-02-09 14:51:29','2024-02-09 14:51:29',2,0),(17,1,NULL,8,NULL,NULL,NULL,88,42,NULL,1,NULL,'2024-02-09 14:51:29','2024-02-09 14:51:31',2,0),(18,1,NULL,8,NULL,NULL,NULL,88,42,NULL,1,NULL,'2024-02-09 14:51:31','2024-02-09 14:51:32',2,0),(19,3,NULL,9,NULL,NULL,NULL,40,42,NULL,1,NULL,'2024-02-09 14:53:42','2024-02-09 14:53:42',2,0),(20,3,NULL,9,NULL,NULL,NULL,16,42,NULL,1,NULL,'2024-02-09 14:53:42','2024-02-09 14:53:42',2,0),(21,3,NULL,9,NULL,NULL,NULL,24,42,NULL,1,NULL,'2024-02-09 14:53:42','2024-02-09 14:53:43',2,0),(22,3,NULL,9,NULL,NULL,NULL,40,42,NULL,1,NULL,'2024-02-09 14:53:43','2024-02-09 14:53:43',2,0),(23,3,NULL,9,NULL,NULL,NULL,40,42,NULL,1,NULL,'2024-02-09 14:53:43','2024-02-09 14:53:44',2,0),(24,3,NULL,9,NULL,NULL,NULL,0,42,NULL,1,NULL,'2024-02-09 14:53:44','2024-02-09 14:53:44',2,0),(25,3,NULL,9,NULL,NULL,NULL,40,42,NULL,1,NULL,'2024-02-09 14:53:44','2024-02-09 14:53:44',2,0),(26,3,NULL,9,NULL,NULL,NULL,40,42,NULL,1,NULL,'2024-02-09 14:53:44','2024-02-09 14:53:45',2,0),(27,1,NULL,8,NULL,NULL,NULL,0,42,NULL,1,NULL,'2024-02-09 15:22:25','2024-02-09 15:22:25',2,0),(28,11,NULL,7,NULL,NULL,NULL,105,40,NULL,1,NULL,'2024-02-09 15:26:54','2024-02-09 15:26:55',2,0),(29,11,NULL,7,NULL,NULL,NULL,55,40,NULL,1,NULL,'2024-02-09 15:26:55','2024-02-09 15:26:55',2,0),(30,11,NULL,7,NULL,NULL,NULL,50,40,NULL,1,NULL,'2024-02-09 15:26:55','2024-02-09 15:26:55',2,0),(31,11,NULL,7,NULL,NULL,NULL,105,40,NULL,1,NULL,'2024-02-09 15:26:55','2024-02-09 15:26:55',2,0),(32,11,NULL,7,NULL,NULL,NULL,105,40,NULL,1,NULL,'2024-02-09 15:26:55','2024-02-09 15:26:55',2,0),(33,1,NULL,8,NULL,NULL,NULL,0,42,NULL,1,NULL,'2024-02-12 12:35:43','2024-02-12 12:35:43',2,0),(34,1,NULL,8,NULL,NULL,NULL,0,42,NULL,1,NULL,'2024-02-12 12:36:05','2024-02-12 12:36:05',2,0),(35,3,NULL,9,NULL,NULL,NULL,0,42,NULL,1,NULL,'2024-02-12 12:36:15','2024-02-12 12:36:15',2,0),(36,10,NULL,10,1,NULL,NULL,50,52,1,1,'[{\"process_name\":\"Frame Formation\",\"sequence\":1},{\"process_name\":\"Battan Cutting & Filling\",\"sequence\":2},{\"process_name\":\"Pressing Door\",\"sequence\":3},{\"process_name\":\"Cutting & Finishing\",\"sequence\":4},{\"process_name\":\"Dispatch\",\"sequence\":5}]','2024-02-13 14:47:17','2024-02-13 14:47:17',2,0),(37,10,NULL,10,1,NULL,NULL,50,52,1,1,'[{\"process_name\":\"Frame Formation\",\"sequence\":1},{\"process_name\":\"Battan Cutting & Filling\",\"sequence\":2},{\"process_name\":\"Pressing Door\",\"sequence\":3},{\"process_name\":\"Cutting & Finishing\",\"sequence\":4},{\"process_name\":\"Dispatch\",\"sequence\":5}]','2024-02-13 14:49:41','2024-02-13 14:49:41',2,0),(38,10,NULL,10,2,NULL,NULL,40,52,1,1,'[{\"process_name\":\"Frame Formation\",\"sequence\":1},{\"process_name\":\"Battan Cutting & Filling\",\"sequence\":2},{\"process_name\":\"Pressing Door\",\"sequence\":3},{\"process_name\":\"Cutting & Finishing\",\"sequence\":4},{\"process_name\":\"Dispatch\",\"sequence\":5}]','2024-02-13 14:49:41','2024-02-13 14:49:41',2,0),(39,10,NULL,10,3,NULL,NULL,10,52,1,1,'[{\"process_name\":\"Frame Formation\",\"sequence\":1},{\"process_name\":\"Battan Cutting & Filling\",\"sequence\":2},{\"process_name\":\"Pressing Door\",\"sequence\":3},{\"process_name\":\"Cutting & Finishing\",\"sequence\":4},{\"process_name\":\"Dispatch\",\"sequence\":5}]','2024-02-13 14:49:41','2024-02-27 15:57:19',2,2),(40,10,NULL,10,5,NULL,NULL,50,52,1,1,'[{\"process_name\":\"Frame Formation\",\"sequence\":1},{\"process_name\":\"Battan Cutting & Filling\",\"sequence\":2},{\"process_name\":\"Pressing Door\",\"sequence\":3},{\"process_name\":\"Cutting & Finishing\",\"sequence\":4},{\"process_name\":\"Dispatch\",\"sequence\":5}]','2024-02-13 14:49:41','2024-02-13 14:49:41',2,0),(41,11,NULL,11,1,NULL,NULL,53,54,1,1,'[{\"process_name\":\"Frame Formation\",\"sequence\":1},{\"process_name\":\"Battan Cutting & Filling\",\"sequence\":2},{\"process_name\":\"Pressing Door\",\"sequence\":3},{\"process_name\":\"Cutting & Finishing\",\"sequence\":4},{\"process_name\":\"Dispatch\",\"sequence\":5}]','2024-02-16 17:11:55','2024-02-16 17:11:56',2,0),(42,11,NULL,11,1,NULL,NULL,53,54,1,1,'[{\"process_name\":\"Frame Formation\",\"sequence\":1},{\"process_name\":\"Battan Cutting & Filling\",\"sequence\":2},{\"process_name\":\"Pressing Door\",\"sequence\":3},{\"process_name\":\"Cutting & Finishing\",\"sequence\":4},{\"process_name\":\"Dispatch\",\"sequence\":5}]','2024-02-18 14:31:44','2024-02-18 14:31:44',2,0),(43,11,NULL,11,2,NULL,NULL,33,54,1,1,'[{\"process_name\":\"Frame Formation\",\"sequence\":1},{\"process_name\":\"Battan Cutting & Filling\",\"sequence\":2},{\"process_name\":\"Pressing Door\",\"sequence\":3},{\"process_name\":\"Cutting & Finishing\",\"sequence\":4},{\"process_name\":\"Dispatch\",\"sequence\":5}]','2024-02-18 14:31:44','2024-02-18 14:31:44',2,0),(44,11,NULL,11,3,NULL,NULL,20,54,1,1,'[{\"process_name\":\"Frame Formation\",\"sequence\":1},{\"process_name\":\"Battan Cutting & Filling\",\"sequence\":2},{\"process_name\":\"Pressing Door\",\"sequence\":3},{\"process_name\":\"Cutting & Finishing\",\"sequence\":4},{\"process_name\":\"Dispatch\",\"sequence\":5}]','2024-02-18 14:31:44','2024-02-18 14:31:44',2,0),(45,11,NULL,11,5,NULL,NULL,53,54,1,1,'[{\"process_name\":\"Frame Formation\",\"sequence\":1},{\"process_name\":\"Battan Cutting & Filling\",\"sequence\":2},{\"process_name\":\"Pressing Door\",\"sequence\":3},{\"process_name\":\"Cutting & Finishing\",\"sequence\":4},{\"process_name\":\"Dispatch\",\"sequence\":5}]','2024-02-18 14:31:44','2024-02-18 14:31:44',2,0),(46,15,NULL,12,1,NULL,NULL,10,54,1,1,'[{\"process_name\":\"Frame Formation\",\"sequence\":1},{\"process_name\":\"Battan Cutting & Filling\",\"sequence\":2},{\"process_name\":\"Pressing Door\",\"sequence\":3},{\"process_name\":\"Cutting & Finishing\",\"sequence\":4},{\"process_name\":\"Dispatch\",\"sequence\":5}]','2024-02-18 14:33:09','2024-02-18 14:33:09',2,0),(47,15,NULL,12,1,NULL,NULL,10,54,1,1,'[{\"process_name\":\"Frame Formation\",\"sequence\":1},{\"process_name\":\"Battan Cutting & Filling\",\"sequence\":2},{\"process_name\":\"Pressing Door\",\"sequence\":3},{\"process_name\":\"Cutting & Finishing\",\"sequence\":4},{\"process_name\":\"Dispatch\",\"sequence\":5}]','2024-02-18 14:34:11','2024-02-18 14:34:11',2,0),(48,15,NULL,12,2,NULL,NULL,5,54,1,1,'[{\"process_name\":\"Frame Formation\",\"sequence\":1},{\"process_name\":\"Battan Cutting & Filling\",\"sequence\":2},{\"process_name\":\"Pressing Door\",\"sequence\":3},{\"process_name\":\"Cutting & Finishing\",\"sequence\":4},{\"process_name\":\"Dispatch\",\"sequence\":5}]','2024-02-18 14:34:11','2024-02-18 14:34:11',2,0),(49,15,NULL,12,4,NULL,NULL,5,54,1,1,'[{\"process_name\":\"Frame Formation\",\"sequence\":1},{\"process_name\":\"Battan Cutting & Filling\",\"sequence\":2},{\"process_name\":\"Pressing Door\",\"sequence\":3},{\"process_name\":\"Cutting & Finishing\",\"sequence\":4},{\"process_name\":\"Dispatch\",\"sequence\":5}]','2024-02-18 14:34:11','2024-02-18 14:34:11',2,0),(50,15,NULL,12,5,NULL,NULL,10,54,1,1,'[{\"process_name\":\"Frame Formation\",\"sequence\":1},{\"process_name\":\"Battan Cutting & Filling\",\"sequence\":2},{\"process_name\":\"Pressing Door\",\"sequence\":3},{\"process_name\":\"Cutting & Finishing\",\"sequence\":4},{\"process_name\":\"Dispatch\",\"sequence\":5}]','2024-02-18 14:34:11','2024-02-18 14:34:11',2,0),(51,13,NULL,14,1,NULL,NULL,72,60,1,1,'[{\"process_name\":\"Frame Formation\",\"sequence\":1},{\"process_name\":\"Battan Cutting & Filling\",\"sequence\":2},{\"process_name\":\"Pressing Door\",\"sequence\":3},{\"process_name\":\"Door Cutting\",\"sequence\":4},{\"process_name\":\"Laminate Design\",\"sequence\":5},{\"process_name\":\"Lipping Patti\",\"sequence\":6},{\"process_name\":\"Calibration\",\"sequence\":7},{\"process_name\":\"Laminate Pressing\",\"sequence\":8},{\"process_name\":\"Grooving\",\"sequence\":9},{\"process_name\":\"Cutting & Finishing\",\"sequence\":10}]','2024-02-29 11:14:50','2024-02-29 11:14:51',2,0),(52,13,NULL,14,2,NULL,NULL,20,60,1,1,'[{\"process_name\":\"Frame Formation\",\"sequence\":1},{\"process_name\":\"Battan Cutting & Filling\",\"sequence\":2},{\"process_name\":\"Pressing Door\",\"sequence\":3},{\"process_name\":\"Door Cutting\",\"sequence\":4},{\"process_name\":\"Laminate Design\",\"sequence\":5},{\"process_name\":\"Lipping Patti\",\"sequence\":6},{\"process_name\":\"Calibration\",\"sequence\":7},{\"process_name\":\"Laminate Pressing\",\"sequence\":8},{\"process_name\":\"Grooving\",\"sequence\":9},{\"process_name\":\"Cutting & Finishing\",\"sequence\":10}]','2024-02-29 11:14:51','2024-02-29 11:14:52',2,0),(53,13,NULL,14,6,NULL,NULL,72,60,1,1,'[{\"process_name\":\"Frame Formation\",\"sequence\":1},{\"process_name\":\"Battan Cutting & Filling\",\"sequence\":2},{\"process_name\":\"Pressing Door\",\"sequence\":3},{\"process_name\":\"Door Cutting\",\"sequence\":4},{\"process_name\":\"Laminate Design\",\"sequence\":5},{\"process_name\":\"Lipping Patti\",\"sequence\":6},{\"process_name\":\"Calibration\",\"sequence\":7},{\"process_name\":\"Laminate Pressing\",\"sequence\":8},{\"process_name\":\"Grooving\",\"sequence\":9},{\"process_name\":\"Cutting & Finishing\",\"sequence\":10}]','2024-02-29 11:14:52','2024-02-29 11:14:53',2,0),(54,13,NULL,14,7,NULL,NULL,28,60,1,1,'[{\"process_name\":\"Frame Formation\",\"sequence\":1},{\"process_name\":\"Battan Cutting & Filling\",\"sequence\":2},{\"process_name\":\"Pressing Door\",\"sequence\":3},{\"process_name\":\"Door Cutting\",\"sequence\":4},{\"process_name\":\"Laminate Design\",\"sequence\":5},{\"process_name\":\"Lipping Patti\",\"sequence\":6},{\"process_name\":\"Calibration\",\"sequence\":7},{\"process_name\":\"Laminate Pressing\",\"sequence\":8},{\"process_name\":\"Grooving\",\"sequence\":9},{\"process_name\":\"Cutting & Finishing\",\"sequence\":10}]','2024-02-29 11:14:53','2024-02-29 11:14:53',2,0),(55,13,NULL,14,10,NULL,NULL,24,60,1,1,'[{\"process_name\":\"Frame Formation\",\"sequence\":1},{\"process_name\":\"Battan Cutting & Filling\",\"sequence\":2},{\"process_name\":\"Pressing Door\",\"sequence\":3},{\"process_name\":\"Door Cutting\",\"sequence\":4},{\"process_name\":\"Laminate Design\",\"sequence\":5},{\"process_name\":\"Lipping Patti\",\"sequence\":6},{\"process_name\":\"Calibration\",\"sequence\":7},{\"process_name\":\"Laminate Pressing\",\"sequence\":8},{\"process_name\":\"Grooving\",\"sequence\":9},{\"process_name\":\"Cutting & Finishing\",\"sequence\":10}]','2024-02-29 11:14:53','2024-02-29 11:14:53',2,0),(56,5,NULL,15,1,NULL,NULL,232,61,1,1,'[{\"process_name\":\"Frame Formation\",\"sequence\":1},{\"process_name\":\"Battan Cutting & Filling\",\"sequence\":2},{\"process_name\":\"Pressing Door\",\"sequence\":3},{\"process_name\":\"Door Cutting\",\"sequence\":4}]','2024-02-29 11:29:17','2024-02-29 11:29:17',2,0),(57,5,NULL,15,2,NULL,NULL,80,61,1,1,'[{\"process_name\":\"Frame Formation\",\"sequence\":1},{\"process_name\":\"Battan Cutting & Filling\",\"sequence\":2},{\"process_name\":\"Pressing Door\",\"sequence\":3},{\"process_name\":\"Door Cutting\",\"sequence\":4}]','2024-02-29 11:29:17','2024-02-29 11:29:17',2,0),(58,5,NULL,15,4,NULL,NULL,116,61,1,1,'[{\"process_name\":\"Frame Formation\",\"sequence\":1},{\"process_name\":\"Battan Cutting & Filling\",\"sequence\":2},{\"process_name\":\"Pressing Door\",\"sequence\":3},{\"process_name\":\"Door Cutting\",\"sequence\":4}]','2024-02-29 11:29:17','2024-02-29 11:29:18',2,0),(59,5,NULL,15,7,NULL,NULL,36,61,1,1,'[{\"process_name\":\"Frame Formation\",\"sequence\":1},{\"process_name\":\"Battan Cutting & Filling\",\"sequence\":2},{\"process_name\":\"Pressing Door\",\"sequence\":3},{\"process_name\":\"Door Cutting\",\"sequence\":4}]','2024-02-29 11:29:18','2024-02-29 11:29:18',2,0),(60,19,NULL,16,1,NULL,NULL,357,63,1,1,'[{\"process_name\":\"Frame Formation\",\"sequence\":1},{\"process_name\":\"Battan Cutting & Filling\",\"sequence\":2},{\"process_name\":\"Pressing Door\",\"sequence\":3},{\"process_name\":\"Door Cutting\",\"sequence\":4},{\"process_name\":\"Laminate Design\",\"sequence\":5},{\"process_name\":\"Lipping Patti\",\"sequence\":6},{\"process_name\":\"Calibration\",\"sequence\":7},{\"process_name\":\"Laminate Pressing\",\"sequence\":8},{\"process_name\":\"Grooving\",\"sequence\":9},{\"process_name\":\"Cutting & Finishing\",\"sequence\":10}]','2024-02-29 12:54:11','2024-02-29 12:54:16',2,0),(61,19,NULL,16,2,NULL,NULL,119,63,1,1,'[{\"process_name\":\"Frame Formation\",\"sequence\":1},{\"process_name\":\"Battan Cutting & Filling\",\"sequence\":2},{\"process_name\":\"Pressing Door\",\"sequence\":3},{\"process_name\":\"Door Cutting\",\"sequence\":4},{\"process_name\":\"Laminate Design\",\"sequence\":5},{\"process_name\":\"Lipping Patti\",\"sequence\":6},{\"process_name\":\"Calibration\",\"sequence\":7},{\"process_name\":\"Laminate Pressing\",\"sequence\":8},{\"process_name\":\"Grooving\",\"sequence\":9},{\"process_name\":\"Cutting & Finishing\",\"sequence\":10}]','2024-02-29 12:54:16','2024-02-29 12:54:18',2,0),(62,19,NULL,16,4,NULL,NULL,119,63,1,1,'[{\"process_name\":\"Frame Formation\",\"sequence\":1},{\"process_name\":\"Battan Cutting & Filling\",\"sequence\":2},{\"process_name\":\"Pressing Door\",\"sequence\":3},{\"process_name\":\"Door Cutting\",\"sequence\":4},{\"process_name\":\"Laminate Design\",\"sequence\":5},{\"process_name\":\"Lipping Patti\",\"sequence\":6},{\"process_name\":\"Calibration\",\"sequence\":7},{\"process_name\":\"Laminate Pressing\",\"sequence\":8},{\"process_name\":\"Grooving\",\"sequence\":9},{\"process_name\":\"Cutting & Finishing\",\"sequence\":10}]','2024-02-29 12:54:18','2024-02-29 12:54:20',2,0),(63,19,NULL,16,6,NULL,NULL,238,63,1,1,'[{\"process_name\":\"Frame Formation\",\"sequence\":1},{\"process_name\":\"Battan Cutting & Filling\",\"sequence\":2},{\"process_name\":\"Pressing Door\",\"sequence\":3},{\"process_name\":\"Door Cutting\",\"sequence\":4},{\"process_name\":\"Laminate Design\",\"sequence\":5},{\"process_name\":\"Lipping Patti\",\"sequence\":6},{\"process_name\":\"Calibration\",\"sequence\":7},{\"process_name\":\"Laminate Pressing\",\"sequence\":8},{\"process_name\":\"Grooving\",\"sequence\":9},{\"process_name\":\"Cutting & Finishing\",\"sequence\":10}]','2024-02-29 12:54:20','2024-02-29 12:54:23',2,0),(64,19,NULL,16,10,NULL,NULL,119,63,1,1,'[{\"process_name\":\"Frame Formation\",\"sequence\":1},{\"process_name\":\"Battan Cutting & Filling\",\"sequence\":2},{\"process_name\":\"Pressing Door\",\"sequence\":3},{\"process_name\":\"Door Cutting\",\"sequence\":4},{\"process_name\":\"Laminate Design\",\"sequence\":5},{\"process_name\":\"Lipping Patti\",\"sequence\":6},{\"process_name\":\"Calibration\",\"sequence\":7},{\"process_name\":\"Laminate Pressing\",\"sequence\":8},{\"process_name\":\"Grooving\",\"sequence\":9},{\"process_name\":\"Cutting & Finishing\",\"sequence\":10}]','2024-02-29 12:54:23','2024-02-29 12:54:24',2,0),(65,15,NULL,17,1,NULL,NULL,171,63,1,1,'[{\"process_name\":\"Frame Formation\",\"sequence\":1},{\"process_name\":\"Battan Cutting & Filling\",\"sequence\":2},{\"process_name\":\"Pressing Door\",\"sequence\":3},{\"process_name\":\"Door Cutting\",\"sequence\":4},{\"process_name\":\"Laminate Design\",\"sequence\":5},{\"process_name\":\"Lipping Patti\",\"sequence\":6},{\"process_name\":\"Calibration\",\"sequence\":7},{\"process_name\":\"Laminate Pressing\",\"sequence\":8},{\"process_name\":\"Grooving\",\"sequence\":9},{\"process_name\":\"Cutting & Finishing\",\"sequence\":10}]','2024-02-29 12:55:14','2024-02-29 12:55:16',2,0),(66,15,NULL,17,4,NULL,NULL,57,63,1,1,'[{\"process_name\":\"Frame Formation\",\"sequence\":1},{\"process_name\":\"Battan Cutting & Filling\",\"sequence\":2},{\"process_name\":\"Pressing Door\",\"sequence\":3},{\"process_name\":\"Door Cutting\",\"sequence\":4},{\"process_name\":\"Laminate Design\",\"sequence\":5},{\"process_name\":\"Lipping Patti\",\"sequence\":6},{\"process_name\":\"Calibration\",\"sequence\":7},{\"process_name\":\"Laminate Pressing\",\"sequence\":8},{\"process_name\":\"Grooving\",\"sequence\":9},{\"process_name\":\"Cutting & Finishing\",\"sequence\":10}]','2024-02-29 12:55:16','2024-02-29 12:55:17',2,0),(67,15,NULL,17,6,NULL,NULL,114,63,1,1,'[{\"process_name\":\"Frame Formation\",\"sequence\":1},{\"process_name\":\"Battan Cutting & Filling\",\"sequence\":2},{\"process_name\":\"Pressing Door\",\"sequence\":3},{\"process_name\":\"Door Cutting\",\"sequence\":4},{\"process_name\":\"Laminate Design\",\"sequence\":5},{\"process_name\":\"Lipping Patti\",\"sequence\":6},{\"process_name\":\"Calibration\",\"sequence\":7},{\"process_name\":\"Laminate Pressing\",\"sequence\":8},{\"process_name\":\"Grooving\",\"sequence\":9},{\"process_name\":\"Cutting & Finishing\",\"sequence\":10}]','2024-02-29 12:55:17','2024-02-29 12:55:19',2,0),(68,15,NULL,17,7,NULL,NULL,57,63,1,1,'[{\"process_name\":\"Frame Formation\",\"sequence\":1},{\"process_name\":\"Battan Cutting & Filling\",\"sequence\":2},{\"process_name\":\"Pressing Door\",\"sequence\":3},{\"process_name\":\"Door Cutting\",\"sequence\":4},{\"process_name\":\"Laminate Design\",\"sequence\":5},{\"process_name\":\"Lipping Patti\",\"sequence\":6},{\"process_name\":\"Calibration\",\"sequence\":7},{\"process_name\":\"Laminate Pressing\",\"sequence\":8},{\"process_name\":\"Grooving\",\"sequence\":9},{\"process_name\":\"Cutting & Finishing\",\"sequence\":10}]','2024-02-29 12:55:19','2024-02-29 12:55:20',2,0),(69,15,NULL,17,10,NULL,NULL,57,63,1,1,'[{\"process_name\":\"Frame Formation\",\"sequence\":1},{\"process_name\":\"Battan Cutting & Filling\",\"sequence\":2},{\"process_name\":\"Pressing Door\",\"sequence\":3},{\"process_name\":\"Door Cutting\",\"sequence\":4},{\"process_name\":\"Laminate Design\",\"sequence\":5},{\"process_name\":\"Lipping Patti\",\"sequence\":6},{\"process_name\":\"Calibration\",\"sequence\":7},{\"process_name\":\"Laminate Pressing\",\"sequence\":8},{\"process_name\":\"Grooving\",\"sequence\":9},{\"process_name\":\"Cutting & Finishing\",\"sequence\":10}]','2024-02-29 12:55:20','2024-02-29 12:55:21',2,0),(70,18,NULL,18,1,NULL,NULL,30,63,1,1,'[{\"process_name\":\"Frame Formation\",\"sequence\":1},{\"process_name\":\"Battan Cutting & Filling\",\"sequence\":2},{\"process_name\":\"Pressing Door\",\"sequence\":3},{\"process_name\":\"Door Cutting\",\"sequence\":4},{\"process_name\":\"Laminate Design\",\"sequence\":5},{\"process_name\":\"Lipping Patti\",\"sequence\":6},{\"process_name\":\"Calibration\",\"sequence\":7},{\"process_name\":\"Laminate Pressing\",\"sequence\":8},{\"process_name\":\"Grooving\",\"sequence\":9},{\"process_name\":\"Cutting & Finishing\",\"sequence\":10}]','2024-02-29 12:56:22','2024-02-29 12:56:22',2,0),(71,18,NULL,18,2,NULL,NULL,10,63,1,1,'[{\"process_name\":\"Frame Formation\",\"sequence\":1},{\"process_name\":\"Battan Cutting & Filling\",\"sequence\":2},{\"process_name\":\"Pressing Door\",\"sequence\":3},{\"process_name\":\"Door Cutting\",\"sequence\":4},{\"process_name\":\"Laminate Design\",\"sequence\":5},{\"process_name\":\"Lipping Patti\",\"sequence\":6},{\"process_name\":\"Calibration\",\"sequence\":7},{\"process_name\":\"Laminate Pressing\",\"sequence\":8},{\"process_name\":\"Grooving\",\"sequence\":9},{\"process_name\":\"Cutting & Finishing\",\"sequence\":10}]','2024-02-29 12:56:22','2024-02-29 12:56:22',2,0),(72,18,NULL,18,4,NULL,NULL,10,63,1,1,'[{\"process_name\":\"Frame Formation\",\"sequence\":1},{\"process_name\":\"Battan Cutting & Filling\",\"sequence\":2},{\"process_name\":\"Pressing Door\",\"sequence\":3},{\"process_name\":\"Door Cutting\",\"sequence\":4},{\"process_name\":\"Laminate Design\",\"sequence\":5},{\"process_name\":\"Lipping Patti\",\"sequence\":6},{\"process_name\":\"Calibration\",\"sequence\":7},{\"process_name\":\"Laminate Pressing\",\"sequence\":8},{\"process_name\":\"Grooving\",\"sequence\":9},{\"process_name\":\"Cutting & Finishing\",\"sequence\":10}]','2024-02-29 12:56:22','2024-02-29 12:56:23',2,0),(73,18,NULL,18,6,NULL,NULL,20,63,1,1,'[{\"process_name\":\"Frame Formation\",\"sequence\":1},{\"process_name\":\"Battan Cutting & Filling\",\"sequence\":2},{\"process_name\":\"Pressing Door\",\"sequence\":3},{\"process_name\":\"Door Cutting\",\"sequence\":4},{\"process_name\":\"Laminate Design\",\"sequence\":5},{\"process_name\":\"Lipping Patti\",\"sequence\":6},{\"process_name\":\"Calibration\",\"sequence\":7},{\"process_name\":\"Laminate Pressing\",\"sequence\":8},{\"process_name\":\"Grooving\",\"sequence\":9},{\"process_name\":\"Cutting & Finishing\",\"sequence\":10}]','2024-02-29 12:56:23','2024-02-29 12:56:23',2,0),(74,18,NULL,18,10,NULL,NULL,10,63,1,1,'[{\"process_name\":\"Frame Formation\",\"sequence\":1},{\"process_name\":\"Battan Cutting & Filling\",\"sequence\":2},{\"process_name\":\"Pressing Door\",\"sequence\":3},{\"process_name\":\"Door Cutting\",\"sequence\":4},{\"process_name\":\"Laminate Design\",\"sequence\":5},{\"process_name\":\"Lipping Patti\",\"sequence\":6},{\"process_name\":\"Calibration\",\"sequence\":7},{\"process_name\":\"Laminate Pressing\",\"sequence\":8},{\"process_name\":\"Grooving\",\"sequence\":9},{\"process_name\":\"Cutting & Finishing\",\"sequence\":10}]','2024-02-29 12:56:23','2024-02-29 12:56:23',2,0);

--
-- Table structure for table `work_orders_histories`
--

CREATE TABLE `work_orders_histories` (
  `id` int NOT NULL AUTO_INCREMENT,
  `sales_order_id` int NOT NULL,
  `work_order_id` int DEFAULT NULL,
  `contractor_id` int NOT NULL,
  `door_config_id` int NOT NULL,
  `contractor_details_id` int DEFAULT NULL,
  `wo_height` double DEFAULT NULL,
  `wo_width` double DEFAULT NULL,
  `wo_width_left` double DEFAULT NULL,
  `wo_width_right` double DEFAULT NULL,
  `order_qty` int NOT NULL,
  `qty_processed` int DEFAULT NULL,
  `qty_sent` int DEFAULT NULL,
  `date` date DEFAULT NULL,
  `status` int DEFAULT NULL,
  `qty_pending` int DEFAULT NULL,
  `patti_consumption` double DEFAULT NULL,
  `batten_consumption` double DEFAULT NULL,
  `resin_consumption` double DEFAULT NULL,
  `face_consumption` double DEFAULT NULL,
  `core_consumption` double DEFAULT NULL,
  `bidding_patti_consumption` double DEFAULT NULL,
  `fevicol_consumption` double DEFAULT NULL,
  `created_by` int NOT NULL,
  `modified_by` int NOT NULL,
  `created` datetime NOT NULL,
  `modified` datetime DEFAULT NULL,
  `process_name` varchar(255) NOT NULL,
  PRIMARY KEY (`id`)
) ENGINE=InnoDB DEFAULT CHARSET=utf8mb4 COLLATE=utf8mb4_0900_ai_ci;

--
-- Dumping data for table `work_orders_histories`
--



